34.19.51.104 - - [24/Nov/2024:16:07:55 -0300] "HEAD /bc HTTP/1.1" 302 - "-" "Mozilla/5.0 (Windows NT 10.0; Win64; x64) AppleWebKit/537.36 (KHTML, like Gecko) Chrome/74.0.3729.169 Safari/537.36"
34.19.51.104 - - [24/Nov/2024:16:07:55 -0300] "HEAD /bk HTTP/1.1" 302 - "-" "Mozilla/5.0 (Windows NT 10.0; Win64; x64) AppleWebKit/537.36 (KHTML, like Gecko) Chrome/74.0.3729.169 Safari/537.36"
34.19.51.104 - - [24/Nov/2024:16:07:56 -0300] "HEAD /backup HTTP/1.1" 302 - "-" "Mozilla/5.0 (Windows NT 10.0; Win64; x64) AppleWebKit/537.36 (KHTML, like Gecko) Chrome/74.0.3729.169 Safari/537.36"
34.19.51.104 - - [24/Nov/2024:16:07:56 -0300] "HEAD /old HTTP/1.1" 302 - "-" "Mozilla/5.0 (Windows NT 10.0; Win64; x64) AppleWebKit/537.36 (KHTML, like Gecko) Chrome/74.0.3729.169 Safari/537.36"
34.19.51.104 - - [24/Nov/2024:16:07:56 -0300] "HEAD /new HTTP/1.1" 302 - "-" "Mozilla/5.0 (Windows NT 10.0; Win64; x64) AppleWebKit/537.36 (KHTML, like Gecko) Chrome/74.0.3729.169 Safari/537.36"
34.19.51.104 - - [24/Nov/2024:16:07:56 -0300] "HEAD /main HTTP/1.1" 302 - "-" "Mozilla/5.0 (Windows NT 10.0; Win64; x64) AppleWebKit/537.36 (KHTML, like Gecko) Chrome/74.0.3729.169 Safari/537.36"
34.19.51.104 - - [24/Nov/2024:16:07:56 -0300] "HEAD /home HTTP/1.1" 302 - "-" "Mozilla/5.0 (Windows NT 10.0; Win64; x64) AppleWebKit/537.36 (KHTML, like Gecko) Chrome/74.0.3729.169 Safari/537.36"
114.119.140.166 - - [24/Nov/2024:16:09:11 -0300] "GET /espanol/encuesta/graphs/sourcecode/line/?C=M%3BO%3DA HTTP/1.1" 302 265 "http://www.caballoscriollos.com/espanol/encuesta/graphs/sourcecode/line/?C=D%3BO%3DA" "Mozilla/5.0 (Linux; Android 7.0;) AppleWebKit/537.36 (KHTML, like Gecko) Mobile Safari/537.36 (compatible; PetalBot;+https://webmaster.petalsearch.com/site/petalbot)"
104.28.59.11 - - [24/Nov/2024:16:09:57 -0300] "GET / HTTP/1.1" 302 213 "-" "Mozilla/5.0 (iPhone; CPU iPhone OS 17_6_1 like Mac OS X) AppleWebKit/605.1.15 (KHTML, like Gecko) Version/17.6 Mobile/15E148 Safari/604.1"
51.222.253.19 - - [24/Nov/2024:16:10:36 -0300] "GET /espanol/noticias_detalle.php?noticiasID=1482 HTTP/1.1" 302 257 "-" "Mozilla/5.0 (compatible; AhrefsBot/7.0; +http://ahrefs.com/robot/)"
69.162.124.231 - - [24/Nov/2024:16:11:48 -0300] "HEAD / HTTP/1.1" 302 - "http://caballoscriollos.com/" "Mozilla/5.0+(compatible; UptimeRobot/2.0; http://www.uptimerobot.com/)"
66.249.79.224 - - [24/Nov/2024:16:13:48 -0300] "GET /espanol/noticias_detalle.php?noticiasID=3158 HTTP/1.1" 302 257 "-" "Mozilla/5.0 (Linux; Android 6.0.1; Nexus 5X Build/MMB29P) AppleWebKit/537.36 (KHTML, like Gecko) Chrome/131.0.6778.69 Mobile Safari/537.36 (compatible; Googlebot/2.1; +http://www.google.com/bot.html)"
69.162.124.231 - - [24/Nov/2024:16:16:48 -0300] "HEAD / HTTP/1.1" 302 - "http://caballoscriollos.com/" "Mozilla/5.0+(compatible; UptimeRobot/2.0; http://www.uptimerobot.com/)"
66.249.79.238 - - [24/Nov/2024:16:16:55 -0300] "GET /_recursos/noticias/archivos/Grandes%20Campeonatos.pdf HTTP/1.1" 302 266 "-" "Mozilla/5.0 (Linux; Android 6.0.1; Nexus 5X Build/MMB29P) AppleWebKit/537.36 (KHTML, like Gecko) Chrome/131.0.6778.69 Mobile Safari/537.36 (compatible; GoogleOther)"
69.162.124.231 - - [24/Nov/2024:16:21:48 -0300] "HEAD / HTTP/1.1" 302 - "http://caballoscriollos.com/" "Mozilla/5.0+(compatible; UptimeRobot/2.0; http://www.uptimerobot.com/)"
43.135.144.126 - - [24/Nov/2024:16:22:34 -0300] "GET / HTTP/1.1" 302 213 "-" "Mozilla/5.0 (iPhone; CPU iPhone OS 13_2_3 like Mac OS X) AppleWebKit/605.1.15 (KHTML, like Gecko) Version/13.0.3 Mobile/15E148 Safari/604.1"
157.245.201.151 - - [24/Nov/2024:16:23:21 -0300] "GET /docs/wp-login.php HTTP/1.1" 302 230 "-" "Mozilla/5.0 (X11; Ubuntu; Linux x86_64; rv:62.0) Gecko/20100101 Firefox/62.0"
69.162.124.231 - - [24/Nov/2024:16:26:48 -0300] "HEAD / HTTP/1.1" 302 - "http://caballoscriollos.com/" "Mozilla/5.0+(compatible; UptimeRobot/2.0; http://www.uptimerobot.com/)"
156.59.198.136 - - [24/Nov/2024:16:27:38 -0300] "GET /_recursos/noticias/thumb/2197_20141202013701.jpg HTTP/1.0" 302 261 "-" "Mozilla/5.0 (Linux; Android 5.0) AppleWebKit/537.36 (KHTML, like Gecko) Mobile Safari/537.36 (compatible; Bytespider; spider-feedback@bytedance.com)"
69.162.124.231 - - [24/Nov/2024:16:31:48 -0300] "HEAD / HTTP/1.1" 302 - "http://caballoscriollos.com/" "Mozilla/5.0+(compatible; UptimeRobot/2.0; http://www.uptimerobot.com/)"
69.162.124.231 - - [24/Nov/2024:16:36:48 -0300] "HEAD / HTTP/1.1" 302 - "http://caballoscriollos.com/" "Mozilla/5.0+(compatible; UptimeRobot/2.0; http://www.uptimerobot.com/)"
69.162.124.231 - - [24/Nov/2024:16:41:48 -0300] "HEAD / HTTP/1.1" 302 - "http://caballoscriollos.com/" "Mozilla/5.0+(compatible; UptimeRobot/2.0; http://www.uptimerobot.com/)"
69.162.124.231 - - [24/Nov/2024:16:46:48 -0300] "HEAD / HTTP/1.1" 302 - "http://caballoscriollos.com/" "Mozilla/5.0+(compatible; UptimeRobot/2.0; http://www.uptimerobot.com/)"
51.222.253.12 - - [24/Nov/2024:16:47:16 -0300] "GET /espanol/noticias_detalle.php?noticiasID=2480 HTTP/1.1" 302 257 "-" "Mozilla/5.0 (compatible; AhrefsBot/7.0; +http://ahrefs.com/robot/)"
69.162.124.231 - - [24/Nov/2024:16:51:48 -0300] "HEAD / HTTP/1.1" 302 - "http://caballoscriollos.com/" "Mozilla/5.0+(compatible; UptimeRobot/2.0; http://www.uptimerobot.com/)"
69.162.124.231 - - [24/Nov/2024:16:56:48 -0300] "HEAD / HTTP/1.1" 302 - "http://caballoscriollos.com/" "Mozilla/5.0+(compatible; UptimeRobot/2.0; http://www.uptimerobot.com/)"
69.162.124.231 - - [24/Nov/2024:17:01:48 -0300] "HEAD / HTTP/1.1" 302 - "http://caballoscriollos.com/" "Mozilla/5.0+(compatible; UptimeRobot/2.0; http://www.uptimerobot.com/)"
190.19.3.231 - - [24/Nov/2024:17:02:42 -0300] "GET /espanol/home.php HTTP/1.1" 302 229 "-" "Mozilla/5.0 (iPhone; CPU iPhone OS 17_7_1 like Mac OS X) AppleWebKit/605.1.15 (KHTML, like Gecko) Version/17.8 Mobile/15E148 Safari/604.1"
69.162.124.231 - - [24/Nov/2024:17:06:48 -0300] "HEAD / HTTP/1.1" 302 - "http://caballoscriollos.com/" "Mozilla/5.0+(compatible; UptimeRobot/2.0; http://www.uptimerobot.com/)"
69.162.124.231 - - [24/Nov/2024:17:11:48 -0300] "HEAD / HTTP/1.1" 302 - "http://caballoscriollos.com/" "Mozilla/5.0+(compatible; UptimeRobot/2.0; http://www.uptimerobot.com/)"
69.162.124.231 - - [24/Nov/2024:17:16:48 -0300] "HEAD / HTTP/1.1" 302 - "http://caballoscriollos.com/" "Mozilla/5.0+(compatible; UptimeRobot/2.0; http://www.uptimerobot.com/)"
66.249.79.224 - - [24/Nov/2024:17:16:55 -0300] "GET /espanol/videos.php HTTP/1.1" 302 231 "-" "Mozilla/5.0 (Linux; Android 6.0.1; Nexus 5X Build/MMB29P) AppleWebKit/537.36 (KHTML, like Gecko) Chrome/131.0.6778.69 Mobile Safari/537.36 (compatible; GoogleOther)"
69.162.124.231 - - [24/Nov/2024:17:21:48 -0300] "HEAD / HTTP/1.1" 302 - "http://caballoscriollos.com/" "Mozilla/5.0+(compatible; UptimeRobot/2.0; http://www.uptimerobot.com/)"
173.252.83.12 - - [24/Nov/2024:17:25:25 -0300] "GET /sitio/noticia.html?n=196 HTTP/1.1" 301 246 "-" "facebookexternalhit/1.1 (+http://www.facebook.com/externalhit_uatext.php)"
173.252.83.7 - - [24/Nov/2024:17:25:26 -0300] "GET /sitio/noticia.html?n=196 HTTP/1.1" 301 246 "-" "facebookexternalhit/1.1 (+http://www.facebook.com/externalhit_uatext.php)"
173.252.83.7 - - [24/Nov/2024:17:25:26 -0300] "GET /web/?n=196 HTTP/1.1" 301 - "-" "facebookexternalhit/1.1 (+http://www.facebook.com/externalhit_uatext.php)"
173.252.83.14 - - [24/Nov/2024:17:25:26 -0300] "GET /web/?n=196 HTTP/1.1" 301 - "-" "facebookexternalhit/1.1 (+http://www.facebook.com/externalhit_uatext.php)"
69.162.124.231 - - [24/Nov/2024:17:26:48 -0300] "HEAD / HTTP/1.1" 302 - "http://caballoscriollos.com/" "Mozilla/5.0+(compatible; UptimeRobot/2.0; http://www.uptimerobot.com/)"
54.36.149.35 - - [24/Nov/2024:17:28:46 -0300] "GET /robots.txt HTTP/1.1" 302 223 "-" "Mozilla/5.0 (compatible; AhrefsBot/7.0; +http://ahrefs.com/robot/)"
66.249.79.238 - - [24/Nov/2024:17:29:39 -0300] "GET /espanol/facebook/noticriollos/noticriollos.php?pageNum_rsNoticias=230&totalRows_rsNoticias=2668 HTTP/1.1" 302 312 "-" "Mozilla/5.0 (Linux; Android 6.0.1; Nexus 5X Build/MMB29P) AppleWebKit/537.36 (KHTML, like Gecko) Chrome/131.0.6778.69 Mobile Safari/537.36 (compatible; Googlebot/2.1; +http://www.google.com/bot.html)"
156.59.198.136 - - [24/Nov/2024:17:31:09 -0300] "GET /_recursos/noticias/thumb/3280_20100412030341.jpg HTTP/1.0" 302 261 "-" "Mozilla/5.0 (Linux; Android 5.0) AppleWebKit/537.36 (KHTML, like Gecko) Mobile Safari/537.36 (compatible; Bytespider; spider-feedback@bytedance.com)"
69.162.124.231 - - [24/Nov/2024:17:31:48 -0300] "HEAD / HTTP/1.1" 302 - "http://caballoscriollos.com/" "Mozilla/5.0+(compatible; UptimeRobot/2.0; http://www.uptimerobot.com/)"
114.119.134.196 - - [24/Nov/2024:17:34:21 -0300] "GET /espanol/encuesta/graphs/sourcecode/bar2d?C=N%3BO%3DD HTTP/1.1" 302 265 "http://www.caballoscriollos.com/espanol/encuesta/graphs/sourcecode/bar2d" "Mozilla/5.0 (Linux; Android 7.0;) AppleWebKit/537.36 (KHTML, like Gecko) Mobile Safari/537.36 (compatible; PetalBot;+https://webmaster.petalsearch.com/site/petalbot)"
69.162.124.231 - - [24/Nov/2024:17:36:48 -0300] "HEAD / HTTP/1.1" 302 - "http://caballoscriollos.com/" "Mozilla/5.0+(compatible; UptimeRobot/2.0; http://www.uptimerobot.com/)"
181.85.115.16 - - [24/Nov/2024:17:37:23 -0300] "GET /espanol/home.php HTTP/1.1" 302 229 "-" "Mozilla/5.0 (Linux; Android 10; K) AppleWebKit/537.36 (KHTML, like Gecko) Chrome/131.0.0.0 Mobile Safari/537.36"
144.76.23.176 - - [24/Nov/2024:17:37:23 -0300] "GET /robots.txt HTTP/1.1" 302 223 "-" "Mozilla/5.0 (Windows NT 10.0; Win64; x64; trendictionbot0.5.0; trendiction search; http://www.trendiction.de/bot; please let us know of any problems; web at trendiction.com) Gecko/20100101 Firefox/125.0"
144.76.23.176 - - [24/Nov/2024:17:37:26 -0300] "GET /web/ HTTP/1.1" 301 - "-" "Mozilla/5.0 (Windows NT 10.0; Win64; x64; trendictionbot0.5.0; trendiction search; http://www.trendiction.de/bot; please let us know of any problems; web at trendiction.com) Gecko/20100101 Firefox/125.0"
47.128.53.179 - - [24/Nov/2024:17:41:23 -0300] "GET /robots.txt HTTP/1.1" 302 223 "-" "Mozilla/5.0 (Linux; Android 5.0) AppleWebKit/537.36 (KHTML, like Gecko) Mobile Safari/537.36 (compatible; Bytespider; spider-feedback@bytedance.com)"
69.162.124.231 - - [24/Nov/2024:17:41:48 -0300] "HEAD / HTTP/1.1" 302 - "http://caballoscriollos.com/" "Mozilla/5.0+(compatible; UptimeRobot/2.0; http://www.uptimerobot.com/)"
47.128.124.228 - - [24/Nov/2024:17:41:51 -0300] "GET /robots.txt HTTP/1.1" 302 223 "-" "Mozilla/5.0 (Linux; Android 5.0) AppleWebKit/537.36 (KHTML, like Gecko) Mobile Safari/537.36 (compatible; Bytespider; spider-feedback@bytedance.com)"
47.128.57.97 - - [24/Nov/2024:17:42:19 -0300] "GET /robots.txt HTTP/1.1" 302 223 "-" "Mozilla/5.0 (Linux; Android 5.0) AppleWebKit/537.36 (KHTML, like Gecko) Mobile Safari/537.36 (compatible; Bytespider; spider-feedback@bytedance.com)"
66.249.79.238 - - [24/Nov/2024:17:42:23 -0300] "GET /espanol/pop_ver_foto.php?img=../_recursos/noticias/big/2802_20091115080530.jpg&epi=Los%20hnos.%20SVB%20en%20pleno%20remate HTTP/1.1" 302 339 "-" "Mozilla/5.0 (Linux; Android 6.0.1; Nexus 5X Build/MMB29P) AppleWebKit/537.36 (KHTML, like Gecko) Chrome/131.0.6778.69 Mobile Safari/537.36 (compatible; Googlebot/2.1; +http://www.google.com/bot.html)"
173.252.79.113 - - [24/Nov/2024:17:42:27 -0300] "GET /_recursos/noticias/big/3323_20150130100152.jpg HTTP/1.1" 302 259 "-" "facebookexternalhit/1.1 (+http://www.facebook.com/externalhit_uatext.php)"
47.128.30.178 - - [24/Nov/2024:17:42:47 -0300] "GET /robots.txt HTTP/1.1" 302 223 "-" "Mozilla/5.0 (Linux; Android 5.0) AppleWebKit/537.36 (KHTML, like Gecko) Mobile Safari/537.36 (compatible; Bytespider; spider-feedback@bytedance.com)"
69.162.124.231 - - [24/Nov/2024:17:46:48 -0300] "HEAD / HTTP/1.1" 302 - "http://caballoscriollos.com/" "Mozilla/5.0+(compatible; UptimeRobot/2.0; http://www.uptimerobot.com/)"
66.249.68.39 - - [24/Nov/2024:17:47:06 -0300] "GET / HTTP/1.1" 302 213 "-" "Mozilla/5.0 (compatible; Googlebot/2.1; +http://www.google.com/bot.html)"
69.162.124.231 - - [24/Nov/2024:17:51:48 -0300] "HEAD / HTTP/1.1" 302 - "http://caballoscriollos.com/" "Mozilla/5.0+(compatible; UptimeRobot/2.0; http://www.uptimerobot.com/)"
54.236.1.11 - - [24/Nov/2024:17:54:28 -0300] "GET /espanol/lote_detalle.php?Page=1&FilterCabania=&FilterPresentacion=&FilterSexo=&FilterPrecioDesde=&FilterPrecioHasta=&IdLote=13 HTTP/1.1" 302 363 "-" "Mozilla/5.0 (compatible; Pinterestbot/1.0; +http://www.pinterest.com/bot.html)"
54.236.1.13 - - [24/Nov/2024:17:54:29 -0300] "GET /_recursos/lotes/big/20101215035413888.jpg HTTP/1.1" 302 254 "-" "Mozilla/5.0 (compatible; Pinterestbot/1.0; +http://www.pinterest.com/bot.html)"
66.249.79.224 - - [24/Nov/2024:17:55:08 -0300] "GET /espanol/pop_ver_foto.php?img=../_recursos/noticias/big/6893_20150506052518.jpg&epi=undefined HTTP/1.1" 302 309 "-" "Mozilla/5.0 (Linux; Android 6.0.1; Nexus 5X Build/MMB29P) AppleWebKit/537.36 (KHTML, like Gecko) Chrome/131.0.6778.69 Mobile Safari/537.36 (compatible; Googlebot/2.1; +http://www.google.com/bot.html)"
69.162.124.231 - - [24/Nov/2024:17:56:48 -0300] "HEAD / HTTP/1.1" 302 - "http://caballoscriollos.com/" "Mozilla/5.0+(compatible; UptimeRobot/2.0; http://www.uptimerobot.com/)"
165.154.213.227 - - [24/Nov/2024:17:57:52 -0300] "GET / HTTP/1.1" 302 213 "-" "Embarcadero URI Client/1.0"
69.162.124.231 - - [24/Nov/2024:18:01:48 -0300] "HEAD / HTTP/1.1" 302 - "http://caballoscriollos.com/" "Mozilla/5.0+(compatible; UptimeRobot/2.0; http://www.uptimerobot.com/)"
69.162.124.231 - - [24/Nov/2024:18:06:48 -0300] "HEAD / HTTP/1.1" 302 - "http://caballoscriollos.com/" "Mozilla/5.0+(compatible; UptimeRobot/2.0; http://www.uptimerobot.com/)"
66.249.79.224 - - [24/Nov/2024:18:07:52 -0300] "GET /espanol/facebook/noticriollos/noticriollos.php?pageNum_rsNoticias=143&totalRows_rsNoticias=2893 HTTP/1.1" 302 312 "-" "Mozilla/5.0 (Linux; Android 6.0.1; Nexus 5X Build/MMB29P) AppleWebKit/537.36 (KHTML, like Gecko) Chrome/131.0.6778.69 Mobile Safari/537.36 (compatible; Googlebot/2.1; +http://www.google.com/bot.html)"
192.210.194.61 - - [24/Nov/2024:18:09:58 -0300] "GET / HTTP/1.1" 302 213 "-" "Mozilla/5.0 (Windows NT 10.0; Win64; x64) AppleWebKit/537.36 (KHTML, like Gecko) Chrome/115.0.0.0 Safari/537.36"
69.162.124.231 - - [24/Nov/2024:18:11:48 -0300] "HEAD / HTTP/1.1" 302 - "http://caballoscriollos.com/" "Mozilla/5.0+(compatible; UptimeRobot/2.0; http://www.uptimerobot.com/)"
121.229.156.15 - - [24/Nov/2024:18:14:39 -0300] "GET / HTTP/1.1" 302 213 "-" "Sogou web spider/4.0(+http://www.sogou.com/docs/help/webmasters.htm#07)"
4.213.92.9 - - [24/Nov/2024:18:15:08 -0300] "GET /wp-admin/css/ HTTP/1.1" 302 226 "binance.com" "Mozilla/5.0 (Windows NT 10.0; Win64; x64) AppleWebKit/537.36 (KHTML, like Gecko) Chrome/90.0.4430.85 Safari/537.36"
4.213.92.9 - - [24/Nov/2024:18:15:21 -0300] "GET /.well-known/ HTTP/1.1" 302 225 "binance.com" "Mozilla/5.0 (Windows NT 10.0; Win64; x64) AppleWebKit/537.36 (KHTML, like Gecko) Chrome/90.0.4430.85 Safari/537.36"
4.213.92.9 - - [24/Nov/2024:18:15:33 -0300] "GET /sites/default/files/ HTTP/1.1" 302 233 "binance.com" "Mozilla/5.0 (Windows NT 10.0; Win64; x64) AppleWebKit/537.36 (KHTML, like Gecko) Chrome/90.0.4430.85 Safari/537.36"
4.213.92.9 - - [24/Nov/2024:18:15:43 -0300] "GET /admin/controller/extension/extension/ HTTP/1.1" 302 250 "binance.com" "Mozilla/5.0 (Windows NT 10.0; Win64; x64) AppleWebKit/537.36 (KHTML, like Gecko) Chrome/90.0.4430.85 Safari/537.36"
4.213.92.9 - - [24/Nov/2024:18:16:04 -0300] "GET /uploads/ HTTP/1.1" 302 221 "binance.com" "Mozilla/5.0 (Windows NT 10.0; Win64; x64) AppleWebKit/537.36 (KHTML, like Gecko) Chrome/90.0.4430.85 Safari/537.36"
4.213.92.9 - - [24/Nov/2024:18:16:18 -0300] "GET /images/ HTTP/1.1" 302 220 "binance.com" "Mozilla/5.0 (Windows NT 10.0; Win64; x64) AppleWebKit/537.36 (KHTML, like Gecko) Chrome/90.0.4430.85 Safari/537.36"
4.213.92.9 - - [24/Nov/2024:18:16:33 -0300] "GET /files/ HTTP/1.1" 302 219 "binance.com" "Mozilla/5.0 (Windows NT 10.0; Win64; x64) AppleWebKit/537.36 (KHTML, like Gecko) Chrome/90.0.4430.85 Safari/537.36"
69.162.124.231 - - [24/Nov/2024:18:16:48 -0300] "HEAD / HTTP/1.1" 302 - "http://caballoscriollos.com/" "Mozilla/5.0+(compatible; UptimeRobot/2.0; http://www.uptimerobot.com/)"
66.249.79.238 - - [24/Nov/2024:18:20:36 -0300] "GET /espanol/noticias_detalle_imprimir.php?noticiasID=3761 HTTP/1.1" 302 266 "-" "Mozilla/5.0 (Linux; Android 6.0.1; Nexus 5X Build/MMB29P) AppleWebKit/537.36 (KHTML, like Gecko) Chrome/131.0.6778.69 Mobile Safari/537.36 (compatible; GoogleOther)"
69.162.124.231 - - [24/Nov/2024:18:21:48 -0300] "HEAD / HTTP/1.1" 302 - "http://caballoscriollos.com/" "Mozilla/5.0+(compatible; UptimeRobot/2.0; http://www.uptimerobot.com/)"
69.162.124.231 - - [24/Nov/2024:18:26:48 -0300] "HEAD / HTTP/1.1" 302 - "http://caballoscriollos.com/" "Mozilla/5.0+(compatible; UptimeRobot/2.0; http://www.uptimerobot.com/)"
66.249.79.224 - - [24/Nov/2024:18:29:42 -0300] "GET /espanol/noticias_detalle_imprimir.php?noticiasID=3761 HTTP/1.1" 302 266 "-" "Mozilla/5.0 (Linux; Android 6.0.1; Nexus 5X Build/MMB29P) AppleWebKit/537.36 (KHTML, like Gecko) Chrome/131.0.6778.69 Mobile Safari/537.36 (compatible; Googlebot/2.1; +http://www.google.com/bot.html)"
69.162.124.231 - - [24/Nov/2024:18:31:48 -0300] "HEAD / HTTP/1.1" 302 - "http://caballoscriollos.com/" "Mozilla/5.0+(compatible; UptimeRobot/2.0; http://www.uptimerobot.com/)"
66.249.68.32 - - [24/Nov/2024:18:36:35 -0300] "GET /espanol/noticias.php?pageNum_rsNoticias=106&totalRows_rsNoticias=2723&rubroID=1 HTTP/1.1" 302 300 "-" "Mozilla/5.0 (Linux; Android 6.0.1; Nexus 5X Build/MMB29P) AppleWebKit/537.36 (KHTML, like Gecko) Chrome/131.0.6778.69 Mobile Safari/537.36 (compatible; Googlebot/2.1; +http://www.google.com/bot.html)"
69.162.124.231 - - [24/Nov/2024:18:36:48 -0300] "HEAD / HTTP/1.1" 302 - "http://caballoscriollos.com/" "Mozilla/5.0+(compatible; UptimeRobot/2.0; http://www.uptimerobot.com/)"
66.249.79.238 - - [24/Nov/2024:18:38:48 -0300] "GET /espanol/noticias.php?pageNum_rsNoticias=189&totalRows_rsNoticias=1970&rubroID=1 HTTP/1.1" 302 300 "-" "Mozilla/5.0 (Linux; Android 6.0.1; Nexus 5X Build/MMB29P) AppleWebKit/537.36 (KHTML, like Gecko) Chrome/131.0.6778.69 Mobile Safari/537.36 (compatible; Googlebot/2.1; +http://www.google.com/bot.html)"
69.162.124.231 - - [24/Nov/2024:18:41:48 -0300] "HEAD / HTTP/1.1" 302 - "http://caballoscriollos.com/" "Mozilla/5.0+(compatible; UptimeRobot/2.0; http://www.uptimerobot.com/)"
69.162.124.231 - - [24/Nov/2024:18:46:48 -0300] "HEAD / HTTP/1.1" 302 - "http://caballoscriollos.com/" "Mozilla/5.0+(compatible; UptimeRobot/2.0; http://www.uptimerobot.com/)"
157.55.39.49 - - [24/Nov/2024:18:47:31 -0300] "GET /espanol/noticias_detalle.php?noticiasID=3014 HTTP/1.1" 302 257 "-" "Mozilla/5.0 AppleWebKit/537.36 (KHTML, like Gecko; compatible; bingbot/2.0; +http://www.bing.com/bingbot.htm) Chrome/116.0.1938.76 Safari/537.36"
66.249.79.224 - - [24/Nov/2024:18:47:53 -0300] "GET /espanol/noticias_detalle_imprimir.php?noticiasID=3483 HTTP/1.1" 302 266 "-" "Mozilla/5.0 (Linux; Android 6.0.1; Nexus 5X Build/MMB29P) AppleWebKit/537.36 (KHTML, like Gecko) Chrome/131.0.6778.69 Mobile Safari/537.36 (compatible; Googlebot/2.1; +http://www.google.com/bot.html)"
69.162.124.231 - - [24/Nov/2024:18:51:48 -0300] "HEAD / HTTP/1.1" 302 - "http://caballoscriollos.com/" "Mozilla/5.0+(compatible; UptimeRobot/2.0; http://www.uptimerobot.com/)"
20.171.207.232 - - [24/Nov/2024:18:52:02 -0300] "GET /robots.txt HTTP/1.1" 302 223 "-" "Mozilla/5.0 AppleWebKit/537.36 (KHTML, like Gecko; compatible; GPTBot/1.2; +https://openai.com/gptbot)"
156.59.198.136 - - [24/Nov/2024:18:53:29 -0300] "GET /_recursos/noticias/archivos/Formulario%20de%20Inscripcion.pdf HTTP/1.0" 302 274 "-" "Mozilla/5.0 (Linux; Android 5.0) AppleWebKit/537.36 (KHTML, like Gecko) Mobile Safari/537.36 (compatible; Bytespider; spider-feedback@bytedance.com)"
69.162.124.231 - - [24/Nov/2024:18:56:48 -0300] "HEAD / HTTP/1.1" 302 - "http://caballoscriollos.com/" "Mozilla/5.0+(compatible; UptimeRobot/2.0; http://www.uptimerobot.com/)"
66.249.79.238 - - [24/Nov/2024:18:56:59 -0300] "GET /espanol/noticias_detalle.php?noticiasID=2326 HTTP/1.1" 302 257 "-" "Mozilla/5.0 (Linux; Android 6.0.1; Nexus 5X Build/MMB29P) AppleWebKit/537.36 (KHTML, like Gecko) Chrome/131.0.6778.69 Mobile Safari/537.36 (compatible; Googlebot/2.1; +http://www.google.com/bot.html)"
103.125.189.101 - - [24/Nov/2024:18:57:27 -0300] "GET / HTTP/1.1" 302 213 "-" "python-requests/2.26.0"
103.125.189.101 - - [24/Nov/2024:18:57:28 -0300] "GET / HTTP/1.1" 302 213 "-" "python-requests/2.26.0"
69.162.124.231 - - [24/Nov/2024:19:01:48 -0300] "HEAD / HTTP/1.1" 302 - "http://caballoscriollos.com/" "Mozilla/5.0+(compatible; UptimeRobot/2.0; http://www.uptimerobot.com/)"
66.249.79.224 - - [24/Nov/2024:19:06:05 -0300] "GET /espanol/facebook/noticriollos/noticriollos.php?pageNum_rsNoticias=280&totalRows_rsNoticias=2959 HTTP/1.1" 302 312 "-" "Mozilla/5.0 (Linux; Android 6.0.1; Nexus 5X Build/MMB29P) AppleWebKit/537.36 (KHTML, like Gecko) Chrome/131.0.6778.69 Mobile Safari/537.36 (compatible; Googlebot/2.1; +http://www.google.com/bot.html)"
87.121.86.137 - - [24/Nov/2024:19:06:22 -0300] "GET / HTTP/1.1" 302 213 "-" "Mozilla/5.0 (Windows NT 10.0; Win64; x64) AppleWebKit/537.36 (KHTML, like Gecko) Chrome/126.0.0.0 Safari/537.36"
69.162.124.231 - - [24/Nov/2024:19:06:48 -0300] "HEAD / HTTP/1.1" 302 - "http://caballoscriollos.com/" "Mozilla/5.0+(compatible; UptimeRobot/2.0; http://www.uptimerobot.com/)"
66.249.68.39 - - [24/Nov/2024:19:11:03 -0300] "GET /espanol/calendario_portada_pdf.php?calendarioID=1125 HTTP/1.1" 302 265 "-" "Mozilla/5.0 (Linux; Android 6.0.1; Nexus 5X Build/MMB29P) AppleWebKit/537.36 (KHTML, like Gecko) Chrome/131.0.6778.69 Mobile Safari/537.36 (compatible; Googlebot/2.1; +http://www.google.com/bot.html)"
69.162.124.231 - - [24/Nov/2024:19:11:48 -0300] "HEAD / HTTP/1.1" 302 - "http://caballoscriollos.com/" "Mozilla/5.0+(compatible; UptimeRobot/2.0; http://www.uptimerobot.com/)"
66.249.79.238 - - [24/Nov/2024:19:13:13 -0300] "GET / HTTP/1.1" 302 213 "-" "Mozilla/5.0 (compatible; Googlebot/2.1; +http://www.google.com/bot.html)"
66.249.68.39 - - [24/Nov/2024:19:14:50 -0300] "GET / HTTP/1.1" 302 213 "-" "Mozilla/5.0 (compatible; Googlebot/2.1; +http://www.google.com/bot.html)"
69.162.124.231 - - [24/Nov/2024:19:16:48 -0300] "HEAD / HTTP/1.1" 302 - "http://caballoscriollos.com/" "Mozilla/5.0+(compatible; UptimeRobot/2.0; http://www.uptimerobot.com/)"
51.222.253.16 - - [24/Nov/2024:19:16:50 -0300] "GET /espanol/boletin_electronico_detalle.php?newsletterID=421 HTTP/1.1" 302 269 "-" "Mozilla/5.0 (compatible; AhrefsBot/7.0; +http://ahrefs.com/robot/)"
51.222.253.19 - - [24/Nov/2024:19:17:41 -0300] "GET /espanol/noticias_detalle.php?noticiasID=2860 HTTP/1.1" 302 257 "-" "Mozilla/5.0 (compatible; AhrefsBot/7.0; +http://ahrefs.com/robot/)"
69.162.124.231 - - [24/Nov/2024:19:21:48 -0300] "HEAD / HTTP/1.1" 302 - "http://caballoscriollos.com/" "Mozilla/5.0+(compatible; UptimeRobot/2.0; http://www.uptimerobot.com/)"
66.249.79.224 - - [24/Nov/2024:19:24:17 -0300] "GET /espanol/noticias_detalle.php?noticiasID=1287 HTTP/1.1" 302 257 "-" "Mozilla/5.0 (Linux; Android 6.0.1; Nexus 5X Build/MMB29P) AppleWebKit/537.36 (KHTML, like Gecko) Chrome/131.0.6778.69 Mobile Safari/537.36 (compatible; Googlebot/2.1; +http://www.google.com/bot.html)"
66.249.79.238 - - [24/Nov/2024:19:24:17 -0300] "GET /robots.txt HTTP/1.1" 302 223 "-" "Mozilla/5.0 (compatible; Googlebot/2.1; +http://www.google.com/bot.html)"
69.63.189.11 - - [24/Nov/2024:19:26:13 -0300] "GET /sitio/noticia.html?n=403 HTTP/1.1" 301 250 "-" "facebookexternalhit/1.1 (+http://www.facebook.com/externalhit_uatext.php)"
69.63.189.14 - - [24/Nov/2024:19:26:13 -0300] "GET /sitio/noticia.html?n=403 HTTP/1.1" 301 250 "-" "facebookexternalhit/1.1 (+http://www.facebook.com/externalhit_uatext.php)"
69.63.189.113 - - [24/Nov/2024:19:26:13 -0300] "GET /web/?n=403 HTTP/1.1" 301 - "-" "facebookexternalhit/1.1 (+http://www.facebook.com/externalhit_uatext.php)"
69.63.189.11 - - [24/Nov/2024:19:26:13 -0300] "GET /web/?n=403 HTTP/1.1" 301 - "-" "facebookexternalhit/1.1 (+http://www.facebook.com/externalhit_uatext.php)"
69.162.124.231 - - [24/Nov/2024:19:26:48 -0300] "HEAD / HTTP/1.1" 302 - "http://caballoscriollos.com/" "Mozilla/5.0+(compatible; UptimeRobot/2.0; http://www.uptimerobot.com/)"
69.162.124.231 - - [24/Nov/2024:19:31:48 -0300] "HEAD / HTTP/1.1" 302 - "http://caballoscriollos.com/" "Mozilla/5.0+(compatible; UptimeRobot/2.0; http://www.uptimerobot.com/)"
66.249.79.238 - - [24/Nov/2024:19:33:23 -0300] "GET /robots.txt HTTP/1.1" 302 223 "-" "Mozilla/5.0 (compatible; Googlebot/2.1; +http://www.google.com/bot.html)"
66.249.79.238 - - [24/Nov/2024:19:33:23 -0300] "GET /espanol/facebook/noticriollos/noticriollos.php?pageNum_rsNoticias=113&totalRows_rsNoticias=2893 HTTP/1.1" 302 312 "-" "Mozilla/5.0 (Linux; Android 6.0.1; Nexus 5X Build/MMB29P) AppleWebKit/537.36 (KHTML, like Gecko) Chrome/131.0.6778.69 Mobile Safari/537.36 (compatible; Googlebot/2.1; +http://www.google.com/bot.html)"
69.162.124.231 - - [24/Nov/2024:19:36:48 -0300] "HEAD / HTTP/1.1" 302 - "http://caballoscriollos.com/" "Mozilla/5.0+(compatible; UptimeRobot/2.0; http://www.uptimerobot.com/)"
190.19.3.231 - - [24/Nov/2024:19:38:05 -0300] "GET /espanol/home.php HTTP/1.1" 302 229 "-" "Mozilla/5.0 (Windows NT 10.0; Win64; x64) AppleWebKit/537.36 (KHTML, like Gecko) Chrome/131.0.0.0 Safari/537.36"
52.167.144.172 - - [24/Nov/2024:19:38:40 -0300] "GET /espanol/noticias_detalle.php?noticiasID=179 HTTP/1.1" 302 256 "-" "Mozilla/5.0 AppleWebKit/537.36 (KHTML, like Gecko; compatible; bingbot/2.0; +http://www.bing.com/bingbot.htm) Chrome/116.0.1938.76 Safari/537.36"
185.225.33.26 - - [24/Nov/2024:19:39:13 -0300] "GET / HTTP/1.1" 302 213 "https://google.com/" "Mozilla/5.0 (Windows NT 10.0; Win64; x64; rv:131.0) Gecko/20100101 Firefox/131.0"
69.162.124.231 - - [24/Nov/2024:19:41:48 -0300] "HEAD / HTTP/1.1" 302 - "http://caballoscriollos.com/" "Mozilla/5.0+(compatible; UptimeRobot/2.0; http://www.uptimerobot.com/)"
66.249.79.238 - - [24/Nov/2024:19:42:29 -0300] "GET /espanol/noticias_detalle_imprimir.php?noticiasID=2202 HTTP/1.1" 302 266 "-" "Mozilla/5.0 (Linux; Android 6.0.1; Nexus 5X Build/MMB29P) AppleWebKit/537.36 (KHTML, like Gecko) Chrome/131.0.6778.69 Mobile Safari/537.36 (compatible; Googlebot/2.1; +http://www.google.com/bot.html)"
114.119.145.8 - - [24/Nov/2024:19:43:38 -0300] "GET /espanol/modules/loteimagenes.php HTTP/1.1" 302 245 "http://www.caballoscriollos.com/espanol/modules/?C=S%3BO%3DA" "Mozilla/5.0 (Linux; Android 7.0;) AppleWebKit/537.36 (KHTML, like Gecko) Mobile Safari/537.36 (compatible; PetalBot;+https://webmaster.petalsearch.com/site/petalbot)"
69.162.124.231 - - [24/Nov/2024:19:46:48 -0300] "HEAD / HTTP/1.1" 302 - "http://caballoscriollos.com/" "Mozilla/5.0+(compatible; UptimeRobot/2.0; http://www.uptimerobot.com/)"
66.249.79.225 - - [24/Nov/2024:19:51:35 -0300] "GET /espanol/facebook/noticriollos/noticriollos.php?pageNum_rsNoticias=263&totalRows_rsNoticias=2678 HTTP/1.1" 302 312 "-" "Mozilla/5.0 (Linux; Android 6.0.1; Nexus 5X Build/MMB29P) AppleWebKit/537.36 (KHTML, like Gecko) Chrome/131.0.6778.69 Mobile Safari/537.36 (compatible; Googlebot/2.1; +http://www.google.com/bot.html)"
69.162.124.231 - - [24/Nov/2024:19:51:48 -0300] "HEAD / HTTP/1.1" 302 - "http://caballoscriollos.com/" "Mozilla/5.0+(compatible; UptimeRobot/2.0; http://www.uptimerobot.com/)"
69.162.124.231 - - [24/Nov/2024:19:56:48 -0300] "HEAD / HTTP/1.1" 302 - "http://caballoscriollos.com/" "Mozilla/5.0+(compatible; UptimeRobot/2.0; http://www.uptimerobot.com/)"
143.198.234.175 - - [24/Nov/2024:19:57:56 -0300] "GET /espanol/_adminexpo_/catalogo_pdf/catalogo_freno_html.php?IdEvento=2680 HTTP/1.0" 302 283 "-" "-"
143.198.234.175 - - [24/Nov/2024:19:57:56 -0300] "GET /espanol/_adminexpo_/catalogo_pdf/images/logo_nuevo.png HTTP/1.0" 302 267 "-" "-"
143.198.234.175 - - [24/Nov/2024:19:57:56 -0300] "GET /espanol/_adminexpo_/catalogo_pdf/images/logo_nuevo.png HTTP/1.0" 302 267 "-" "-"
143.198.234.175 - - [24/Nov/2024:19:58:23 -0300] "GET /espanol/_adminexpo_/catalogo_pdf/catalogo_mini.php?IdEvento=2680 HTTP/1.0" 302 277 "-" "-"
143.198.234.175 - - [24/Nov/2024:19:58:23 -0300] "GET /espanol/_adminexpo_/catalogo_pdf/catalogo_html_mini.php?IdEvento=2680 HTTP/1.0" 302 282 "-" "-"
143.198.234.175 - - [24/Nov/2024:19:58:23 -0300] "GET /espanol/_adminexpo_/catalogo_pdf/images/logo_nuevo.png HTTP/1.0" 302 267 "-" "-"
143.198.234.175 - - [24/Nov/2024:19:58:23 -0300] "GET /espanol/_adminexpo_/catalogo_pdf/images/logo_nuevo.png HTTP/1.0" 302 267 "-" "-"
66.249.79.225 - - [24/Nov/2024:20:00:41 -0300] "GET /espanol/pop_ver_foto.php?img=../_recursos/noticias/big/5710_20121120071724.jpg&epi=Jurados%20y%20Secretarios HTTP/1.1" 302 325 "-" "Mozilla/5.0 (Linux; Android 6.0.1; Nexus 5X Build/MMB29P) AppleWebKit/537.36 (KHTML, like Gecko) Chrome/131.0.6778.69 Mobile Safari/537.36 (compatible; Googlebot/2.1; +http://www.google.com/bot.html)"
69.162.124.231 - - [24/Nov/2024:20:01:48 -0300] "HEAD / HTTP/1.1" 302 - "http://caballoscriollos.com/" "Mozilla/5.0+(compatible; UptimeRobot/2.0; http://www.uptimerobot.com/)"
69.162.124.231 - - [24/Nov/2024:20:06:48 -0300] "HEAD / HTTP/1.1" 302 - "http://caballoscriollos.com/" "Mozilla/5.0+(compatible; UptimeRobot/2.0; http://www.uptimerobot.com/)"
66.249.79.238 - - [24/Nov/2024:20:09:47 -0300] "GET /espanol/noticias.php?pageNum_rsNoticias=166&totalRows_rsNoticias=2064&rubroID=1 HTTP/1.1" 302 300 "-" "Mozilla/5.0 (Linux; Android 6.0.1; Nexus 5X Build/MMB29P) AppleWebKit/537.36 (KHTML, like Gecko) Chrome/131.0.6778.69 Mobile Safari/537.36 (compatible; Googlebot/2.1; +http://www.google.com/bot.html)"
45.138.101.244 - - [24/Nov/2024:20:10:16 -0300] "GET /espanol/contacto.php HTTP/1.1" 302 233 "-" "Mozilla/5.0 (Macintosh; Intel Mac OS X 12_5) AppleWebKit/537.36 (KHTML, like Gecko) Chrome/114.0.0.0 Safari/537.36 OPR/89.0.4447.51"
69.162.124.231 - - [24/Nov/2024:20:11:48 -0300] "HEAD / HTTP/1.1" 302 - "http://caballoscriollos.com/" "Mozilla/5.0+(compatible; UptimeRobot/2.0; http://www.uptimerobot.com/)"
69.162.124.231 - - [24/Nov/2024:20:16:48 -0300] "HEAD / HTTP/1.1" 302 - "http://caballoscriollos.com/" "Mozilla/5.0+(compatible; UptimeRobot/2.0; http://www.uptimerobot.com/)"
66.249.79.238 - - [24/Nov/2024:20:18:53 -0300] "GET /espanol/noticias_detalle.php?noticiasID=1036 HTTP/1.1" 302 257 "-" "Mozilla/5.0 (Linux; Android 6.0.1; Nexus 5X Build/MMB29P) AppleWebKit/537.36 (KHTML, like Gecko) Chrome/131.0.6778.69 Mobile Safari/537.36 (compatible; Googlebot/2.1; +http://www.google.com/bot.html)"
69.162.124.231 - - [24/Nov/2024:20:21:48 -0300] "HEAD / HTTP/1.1" 302 - "http://caballoscriollos.com/" "Mozilla/5.0+(compatible; UptimeRobot/2.0; http://www.uptimerobot.com/)"
66.249.68.38 - - [24/Nov/2024:20:22:39 -0300] "GET /espanol/noticias_detalle.php?noticiasID=3618 HTTP/1.1" 302 257 "-" "Mozilla/5.0 (Linux; Android 6.0.1; Nexus 5X Build/MMB29P) AppleWebKit/537.36 (KHTML, like Gecko) Chrome/131.0.6778.69 Mobile Safari/537.36 (compatible; Googlebot/2.1; +http://www.google.com/bot.html)"
66.249.79.238 - - [24/Nov/2024:20:23:53 -0300] "GET /espanol/pop_ver_foto.php?img=../_recursos/noticias/big/1919_20100107070105.jpg&epi= HTTP/1.1" 302 300 "-" "Mozilla/5.0 (Linux; Android 6.0.1; Nexus 5X Build/MMB29P) AppleWebKit/537.36 (KHTML, like Gecko) Chrome/131.0.6778.69 Mobile Safari/537.36 (compatible; Googlebot/2.1; +http://www.google.com/bot.html)"
66.249.79.224 - - [24/Nov/2024:20:24:37 -0300] "GET /espanol/pop_ver_foto.php?img=../_recursos/noticias/big/711_20150209091514.jpg&epi=Jurado%20de%20Machos%20Ricardo%20Math%F3%20Meabe%20y%20su%20equipo HTTP/1.1" 302 365 "-" "Mozilla/5.0 (Linux; Android 6.0.1; Nexus 5X Build/MMB29P) AppleWebKit/537.36 (KHTML, like Gecko) Chrome/131.0.6778.69 Mobile Safari/537.36 (compatible; Googlebot/2.1; +http://www.google.com/bot.html)"
66.249.79.224 - - [24/Nov/2024:20:25:22 -0300] "GET /espanol/noticias_detalle_imprimir.php?noticiasID=2393 HTTP/1.1" 302 266 "-" "Mozilla/5.0 (Linux; Android 6.0.1; Nexus 5X Build/MMB29P) AppleWebKit/537.36 (KHTML, like Gecko) Chrome/131.0.6778.69 Mobile Safari/537.36 (compatible; Googlebot/2.1; +http://www.google.com/bot.html)"
66.249.79.225 - - [24/Nov/2024:20:26:06 -0300] "GET /espanol/facebook/noticriollos/noticriollos.php?pageNum_rsNoticias=28&totalRows_rsNoticias=2707 HTTP/1.1" 302 311 "-" "Mozilla/5.0 (Linux; Android 6.0.1; Nexus 5X Build/MMB29P) AppleWebKit/537.36 (KHTML, like Gecko) Chrome/131.0.6778.69 Mobile Safari/537.36 (compatible; GoogleOther)"
69.162.124.231 - - [24/Nov/2024:20:26:48 -0300] "HEAD / HTTP/1.1" 302 - "http://caballoscriollos.com/" "Mozilla/5.0+(compatible; UptimeRobot/2.0; http://www.uptimerobot.com/)"
66.249.79.224 - - [24/Nov/2024:20:26:51 -0300] "GET /espanol/noticias_detalle.php?noticiasID=655 HTTP/1.1" 302 256 "-" "Mozilla/5.0 (Linux; Android 6.0.1; Nexus 5X Build/MMB29P) AppleWebKit/537.36 (KHTML, like Gecko) Chrome/131.0.6778.69 Mobile Safari/537.36 (compatible; Googlebot/2.1; +http://www.google.com/bot.html)"
66.249.79.224 - - [24/Nov/2024:20:27:35 -0300] "GET /espanol/pop_ver_foto.php?img=../_recursos/noticias/big/1937_20151022043601.jpg&epi=Tercer%20mejor%20Castrado:%20DEL%20YUNQUE%20JUJE%D1O HTTP/1.1" 302 352 "-" "Mozilla/5.0 (Linux; Android 6.0.1; Nexus 5X Build/MMB29P) AppleWebKit/537.36 (KHTML, like Gecko) Chrome/131.0.6778.69 Mobile Safari/537.36 (compatible; Googlebot/2.1; +http://www.google.com/bot.html)"
66.249.79.225 - - [24/Nov/2024:20:28:19 -0300] "GET /espanol/pop_ver_foto.php?img=../_recursos/noticias/big/1329_20100121101050.jpg&epi= HTTP/1.1" 302 300 "-" "Mozilla/5.0 (Linux; Android 6.0.1; Nexus 5X Build/MMB29P) AppleWebKit/537.36 (KHTML, like Gecko) Chrome/131.0.6778.69 Mobile Safari/537.36 (compatible; Googlebot/2.1; +http://www.google.com/bot.html)"
66.249.79.238 - - [24/Nov/2024:20:29:04 -0300] "GET /espanol/noticias_detalle.php?noticiasID=2659 HTTP/1.1" 302 257 "-" "Mozilla/5.0 (Linux; Android 6.0.1; Nexus 5X Build/MMB29P) AppleWebKit/537.36 (KHTML, like Gecko) Chrome/131.0.6778.69 Mobile Safari/537.36 (compatible; Googlebot/2.1; +http://www.google.com/bot.html)"
66.249.79.238 - - [24/Nov/2024:20:29:48 -0300] "GET /espanol/pop_ver_foto.php?img=../_recursos/noticias/big/4828_20091015040154.jpg&epi= HTTP/1.1" 302 300 "-" "Mozilla/5.0 (Linux; Android 6.0.1; Nexus 5X Build/MMB29P) AppleWebKit/537.36 (KHTML, like Gecko) Chrome/131.0.6778.69 Mobile Safari/537.36 (compatible; Googlebot/2.1; +http://www.google.com/bot.html)"
66.249.79.224 - - [24/Nov/2024:20:30:33 -0300] "GET /espanol/pop_ver_foto.php?img=../_recursos/noticias/big/8927_20121213031608.jpg&epi=Jurados%20y%20Secretarios HTTP/1.1" 302 325 "-" "Mozilla/5.0 (Linux; Android 6.0.1; Nexus 5X Build/MMB29P) AppleWebKit/537.36 (KHTML, like Gecko) Chrome/131.0.6778.69 Mobile Safari/537.36 (compatible; Googlebot/2.1; +http://www.google.com/bot.html)"
66.249.79.238 - - [24/Nov/2024:20:31:17 -0300] "GET /espanol/pop_ver_foto.php?img=../_recursos/noticias/big/1211_20151009114146.jpg&epi=%20Desde%20las%209%20de%20la%20ma%F1ana%20el%20equipo%20de%20comisariato,%20medidas,%20veterinaria%20y%20morfolog%EDa%20est%E1n%20realizando%20las%20admisiones. HTTP/1.1" 302 460 "-" "Mozilla/5.0 (Linux; Android 6.0.1; Nexus 5X Build/MMB29P) AppleWebKit/537.36 (KHTML, like Gecko) Chrome/131.0.6778.69 Mobile Safari/537.36 (compatible; Googlebot/2.1; +http://www.google.com/bot.html)"
69.162.124.231 - - [24/Nov/2024:20:31:48 -0300] "HEAD / HTTP/1.1" 302 - "http://caballoscriollos.com/" "Mozilla/5.0+(compatible; UptimeRobot/2.0; http://www.uptimerobot.com/)"
156.59.198.135 - - [24/Nov/2024:20:36:34 -0300] "GET /_recursos/noticias/thumb/2994_20100721114915.jpg HTTP/1.0" 302 261 "-" "Mozilla/5.0 (Linux; Android 5.0) AppleWebKit/537.36 (KHTML, like Gecko) Mobile Safari/537.36 (compatible; Bytespider; spider-feedback@bytedance.com)"
69.162.124.231 - - [24/Nov/2024:20:36:48 -0300] "HEAD / HTTP/1.1" 302 - "http://caballoscriollos.com/" "Mozilla/5.0+(compatible; UptimeRobot/2.0; http://www.uptimerobot.com/)"
69.162.124.231 - - [24/Nov/2024:20:41:48 -0300] "HEAD / HTTP/1.1" 302 - "http://caballoscriollos.com/" "Mozilla/5.0+(compatible; UptimeRobot/2.0; http://www.uptimerobot.com/)"
69.162.124.231 - - [24/Nov/2024:20:46:48 -0300] "HEAD / HTTP/1.1" 302 - "http://caballoscriollos.com/" "Mozilla/5.0+(compatible; UptimeRobot/2.0; http://www.uptimerobot.com/)"
66.249.79.238 - - [24/Nov/2024:20:47:03 -0300] "GET /espanol/pop_ver_foto.php?img=../_recursos/noticias/big/7746_20171213123020.jpg&epi=undefined HTTP/1.1" 302 309 "-" "Mozilla/5.0 (Linux; Android 6.0.1; Nexus 5X Build/MMB29P) AppleWebKit/537.36 (KHTML, like Gecko) Chrome/131.0.6778.69 Mobile Safari/537.36 (compatible; Googlebot/2.1; +http://www.google.com/bot.html)"
66.249.79.224 - - [24/Nov/2024:20:47:46 -0300] "GET /espanol/pop_ver_foto.php?img=../_recursos/noticias/big/8692_20110504092645.jpg&epi=Jurado%20-%20Luis%20Bustos%20(h) HTTP/1.1" 302 332 "-" "Mozilla/5.0 (Linux; Android 6.0.1; Nexus 5X Build/MMB29P) AppleWebKit/537.36 (KHTML, like Gecko) Chrome/131.0.6778.69 Mobile Safari/537.36 (compatible; Googlebot/2.1; +http://www.google.com/bot.html)"
87.120.127.88 - - [24/Nov/2024:20:48:25 -0300] "GET /wp-login.php HTTP/1.1" 302 225 "-" "Mozilla/5.0 (compatible; MSIE 9.0; Windows NT 6.1; Trident/5.0)"
87.120.127.88 - - [24/Nov/2024:20:48:25 -0300] "GET /_recursos/wp-login.php HTTP/1.1" 302 235 "-" "Mozilla/5.0 (compatible; MSIE 9.0; Windows NT 6.1; Trident/5.0)"
66.249.79.224 - - [24/Nov/2024:20:48:30 -0300] "GET /espanol/pop_ver_foto.php?img=../_recursos/noticias/big/1941_20090516060226.jpg&epi=Reservado%20Gran%20Campe%F3n%20Macho HTTP/1.1" 302 336 "-" "Mozilla/5.0 (Linux; Android 6.0.1; Nexus 5X Build/MMB29P) AppleWebKit/537.36 (KHTML, like Gecko) Chrome/131.0.6778.69 Mobile Safari/537.36 (compatible; Googlebot/2.1; +http://www.google.com/bot.html)"
66.249.79.224 - - [24/Nov/2024:20:49:15 -0300] "GET /espanol/pop_ver_foto.php?img=../_recursos/noticias/big/9186_20130416043151.jpg&epi=Jurado%20de%20Morfolog%EDa:%20Sr.%20Lucio%20Bellocq%20-%20Secretario:%20Mart%EDn%20Hardoy HTTP/1.1" 302 389 "-" "Mozilla/5.0 (Linux; Android 6.0.1; Nexus 5X Build/MMB29P) AppleWebKit/537.36 (KHTML, like Gecko) Chrome/131.0.6778.69 Mobile Safari/537.36 (compatible; Googlebot/2.1; +http://www.google.com/bot.html)"
66.249.79.224 - - [24/Nov/2024:20:49:59 -0300] "GET /espanol/pop_ver_foto.php?img=../_recursos/noticias/big/8581_20160406025758.jpg&epi=Homenaje%20a%20Eduardo%20S. HTTP/1.1" 302 327 "-" "Mozilla/5.0 (Linux; Android 6.0.1; Nexus 5X Build/MMB29P) AppleWebKit/537.36 (KHTML, like Gecko) Chrome/131.0.6778.69 Mobile Safari/537.36 (compatible; Googlebot/2.1; +http://www.google.com/bot.html)"
66.249.79.238 - - [24/Nov/2024:20:50:44 -0300] "GET /espanol/lote_detalle.php?IdLote=335 HTTP/1.1" 302 248 "-" "Mozilla/5.0 (Linux; Android 6.0.1; Nexus 5X Build/MMB29P) AppleWebKit/537.36 (KHTML, like Gecko) Chrome/131.0.6778.69 Mobile Safari/537.36 (compatible; Googlebot/2.1; +http://www.google.com/bot.html)"
66.249.79.225 - - [24/Nov/2024:20:51:28 -0300] "GET /espanol/noticias.php?pageNum_rsNoticias=160&totalRows_rsNoticias=1895&rubroID=1 HTTP/1.1" 302 300 "-" "Mozilla/5.0 (Linux; Android 6.0.1; Nexus 5X Build/MMB29P) AppleWebKit/537.36 (KHTML, like Gecko) Chrome/131.0.6778.69 Mobile Safari/537.36 (compatible; Googlebot/2.1; +http://www.google.com/bot.html)"
66.249.68.38 - - [24/Nov/2024:20:51:35 -0300] "GET /espanol/noticias_detalle.php?noticiasID=3538 HTTP/1.1" 302 257 "-" "Mozilla/5.0 (Linux; Android 6.0.1; Nexus 5X Build/MMB29P) AppleWebKit/537.36 (KHTML, like Gecko) Chrome/131.0.6778.69 Mobile Safari/537.36 (compatible; Googlebot/2.1; +http://www.google.com/bot.html)"
69.162.124.231 - - [24/Nov/2024:20:51:48 -0300] "HEAD / HTTP/1.1" 302 - "http://caballoscriollos.com/" "Mozilla/5.0+(compatible; UptimeRobot/2.0; http://www.uptimerobot.com/)"
66.249.79.224 - - [24/Nov/2024:20:52:12 -0300] "GET /espanol/noticias_detalle_imprimir.php?noticiasID=2537 HTTP/1.1" 302 266 "-" "Mozilla/5.0 (Linux; Android 6.0.1; Nexus 5X Build/MMB29P) AppleWebKit/537.36 (KHTML, like Gecko) Chrome/131.0.6778.69 Mobile Safari/537.36 (compatible; Googlebot/2.1; +http://www.google.com/bot.html)"
66.249.79.238 - - [24/Nov/2024:20:52:57 -0300] "GET /espanol/facebook/noticriollos/noticriollos.php?pageNum_rsNoticias=179&totalRows_rsNoticias=2923 HTTP/1.1" 302 312 "-" "Mozilla/5.0 (Linux; Android 6.0.1; Nexus 5X Build/MMB29P) AppleWebKit/537.36 (KHTML, like Gecko) Chrome/131.0.6778.69 Mobile Safari/537.36 (compatible; Googlebot/2.1; +http://www.google.com/bot.html)"
206.168.34.197 - - [24/Nov/2024:20:53:17 -0300] "GET / HTTP/1.1" 302 213 "-" "Mozilla/5.0 (compatible; CensysInspect/1.1; +https://about.censys.io/)"
66.249.79.224 - - [24/Nov/2024:20:53:41 -0300] "GET /espanol/pop_ver_foto.php?img=../_recursos/noticias/big/3504_20090610035505.jpg&epi=Bt%20Delantero HTTP/1.1" 302 314 "-" "Mozilla/5.0 (Linux; Android 6.0.1; Nexus 5X Build/MMB29P) AppleWebKit/537.36 (KHTML, like Gecko) Chrome/131.0.6778.69 Mobile Safari/537.36 (compatible; Googlebot/2.1; +http://www.google.com/bot.html)"
66.249.79.225 - - [24/Nov/2024:20:54:26 -0300] "GET /espanol/pop_ver_foto.php?img=../_recursos/noticias/big/5570_20160716060610.jpg&epi= HTTP/1.1" 302 300 "-" "Mozilla/5.0 (Linux; Android 6.0.1; Nexus 5X Build/MMB29P) AppleWebKit/537.36 (KHTML, like Gecko) Chrome/131.0.6778.69 Mobile Safari/537.36 (compatible; Googlebot/2.1; +http://www.google.com/bot.html)"
66.249.79.238 - - [24/Nov/2024:20:55:10 -0300] "GET /espanol/pop_ver_foto.php?img=../_recursos/noticias/big/2343_20160404071910.jpg&epi= HTTP/1.1" 302 300 "-" "Mozilla/5.0 (Linux; Android 6.0.1; Nexus 5X Build/MMB29P) AppleWebKit/537.36 (KHTML, like Gecko) Chrome/131.0.6778.69 Mobile Safari/537.36 (compatible; Googlebot/2.1; +http://www.google.com/bot.html)"
66.249.79.238 - - [24/Nov/2024:20:55:54 -0300] "GET /espanol/noticias_detalle_imprimir.php?noticiasID=2359 HTTP/1.1" 302 266 "-" "Mozilla/5.0 (Linux; Android 6.0.1; Nexus 5X Build/MMB29P) AppleWebKit/537.36 (KHTML, like Gecko) Chrome/131.0.6778.69 Mobile Safari/537.36 (compatible; Googlebot/2.1; +http://www.google.com/bot.html)"
66.249.79.224 - - [24/Nov/2024:20:56:39 -0300] "GET /espanol/pop_ver_foto.php?img=../_recursos/noticias/big/9643_20130214041419.jpg&epi=Final%20Corral%20de%20Aparte%20A HTTP/1.1" 302 332 "-" "Mozilla/5.0 (Linux; Android 6.0.1; Nexus 5X Build/MMB29P) AppleWebKit/537.36 (KHTML, like Gecko) Chrome/131.0.6778.69 Mobile Safari/537.36 (compatible; Googlebot/2.1; +http://www.google.com/bot.html)"
69.162.124.231 - - [24/Nov/2024:20:56:48 -0300] "HEAD / HTTP/1.1" 302 - "http://caballoscriollos.com/" "Mozilla/5.0+(compatible; UptimeRobot/2.0; http://www.uptimerobot.com/)"
66.249.79.238 - - [24/Nov/2024:20:57:23 -0300] "GET /espanol/pop_ver_foto.php?img=../_recursos/noticias/big/2150_20100407094239.jpg&epi=El%20reconocimiento%20de%20la%20ACCC%20para%20el%20jurado%20del%20Freno HTTP/1.1" 302 371 "-" "Mozilla/5.0 (Linux; Android 6.0.1; Nexus 5X Build/MMB29P) AppleWebKit/537.36 (KHTML, like Gecko) Chrome/131.0.6778.69 Mobile Safari/537.36 (compatible; Googlebot/2.1; +http://www.google.com/bot.html)"
66.249.79.224 - - [24/Nov/2024:20:58:08 -0300] "GET /espanol/pop_ver_foto.php?img=../_recursos/noticias/big/9694_20150209084029.jpg&epi=Tercer%20Mejor%20Hembra%20Oto%F1o%202015:%20PATACON%20FERIA HTTP/1.1" 302 359 "-" "Mozilla/5.0 (Linux; Android 6.0.1; Nexus 5X Build/MMB29P) AppleWebKit/537.36 (KHTML, like Gecko) Chrome/131.0.6778.69 Mobile Safari/537.36 (compatible; Googlebot/2.1; +http://www.google.com/bot.html)"
66.249.79.238 - - [24/Nov/2024:20:58:52 -0300] "GET /espanol/noticias_detalle_imprimir.php?noticiasID=2596 HTTP/1.1" 302 266 "-" "Mozilla/5.0 (Linux; Android 6.0.1; Nexus 5X Build/MMB29P) AppleWebKit/537.36 (KHTML, like Gecko) Chrome/131.0.6778.69 Mobile Safari/537.36 (compatible; Googlebot/2.1; +http://www.google.com/bot.html)"
66.249.79.225 - - [24/Nov/2024:20:59:37 -0300] "GET /espanol/noticias.php?pageNum_rsNoticias=52&totalRows_rsNoticias=545&rubroID=1 HTTP/1.1" 302 298 "-" "Mozilla/5.0 (Linux; Android 6.0.1; Nexus 5X Build/MMB29P) AppleWebKit/537.36 (KHTML, like Gecko) Chrome/131.0.6778.69 Mobile Safari/537.36 (compatible; Googlebot/2.1; +http://www.google.com/bot.html)"
66.249.79.225 - - [24/Nov/2024:21:00:21 -0300] "GET /espanol/pop_ver_foto.php?img=../_recursos/noticias/big/5685_20120524111330.jpg&epi=Gran%20Campe%F3n%20Macho HTTP/1.1" 302 324 "-" "Mozilla/5.0 (Linux; Android 6.0.1; Nexus 5X Build/MMB29P) AppleWebKit/537.36 (KHTML, like Gecko) Chrome/131.0.6778.69 Mobile Safari/537.36 (compatible; Googlebot/2.1; +http://www.google.com/bot.html)"
66.249.79.238 - - [24/Nov/2024:21:01:05 -0300] "GET /espanol/facebook/noticriollos/noticriollos.php?pageNum_rsNoticias=59&totalRows_rsNoticias=2545 HTTP/1.1" 302 311 "-" "Mozilla/5.0 (Linux; Android 6.0.1; Nexus 5X Build/MMB29P) AppleWebKit/537.36 (KHTML, like Gecko) Chrome/131.0.6778.69 Mobile Safari/537.36 (compatible; Googlebot/2.1; +http://www.google.com/bot.html)"
69.162.124.231 - - [24/Nov/2024:21:01:48 -0300] "HEAD / HTTP/1.1" 302 - "http://caballoscriollos.com/" "Mozilla/5.0+(compatible; UptimeRobot/2.0; http://www.uptimerobot.com/)"
66.249.79.238 - - [24/Nov/2024:21:01:50 -0300] "GET /espanol/noticias.php?pageNum_rsNoticias=184&totalRows_rsNoticias=1853&rubroID=1 HTTP/1.1" 302 300 "-" "Mozilla/5.0 (Linux; Android 6.0.1; Nexus 5X Build/MMB29P) AppleWebKit/537.36 (KHTML, like Gecko) Chrome/131.0.6778.69 Mobile Safari/537.36 (compatible; Googlebot/2.1; +http://www.google.com/bot.html)"
114.119.140.166 - - [24/Nov/2024:21:02:12 -0300] "GET /espanol/library/html_editor/plugins/safari/?C=S%3BO%3DA HTTP/1.1" 302 268 "http://www.caballoscriollos.com/espanol/library/html_editor/plugins/safari/?C=M%3BO%3DA" "Mozilla/5.0 (Linux; Android 7.0;) AppleWebKit/537.36 (KHTML, like Gecko) Mobile Safari/537.36 (compatible; PetalBot;+https://webmaster.petalsearch.com/site/petalbot)"
66.249.79.238 - - [24/Nov/2024:21:02:34 -0300] "GET /espanol/pop_ver_foto.php?img=../_recursos/noticias/big/2057_20151112052534.jpg&epi=CAMPEON%20CASTRADO:%20BOX%2026%20-%20TOLDOS%20EL%20TIROFIJO HTTP/1.1" 302 359 "-" "Mozilla/5.0 (Linux; Android 6.0.1; Nexus 5X Build/MMB29P) AppleWebKit/537.36 (KHTML, like Gecko) Chrome/131.0.6778.69 Mobile Safari/537.36 (compatible; Googlebot/2.1; +http://www.google.com/bot.html)"
66.249.79.238 - - [24/Nov/2024:21:03:19 -0300] "GET /espanol/noticias_detalle_imprimir.php?noticiasID=809 HTTP/1.1" 302 265 "-" "Mozilla/5.0 (Linux; Android 6.0.1; Nexus 5X Build/MMB29P) AppleWebKit/537.36 (KHTML, like Gecko) Chrome/131.0.6778.69 Mobile Safari/537.36 (compatible; Googlebot/2.1; +http://www.google.com/bot.html)"
66.249.68.32 - - [24/Nov/2024:21:03:55 -0300] "GET /espanol/noticias_detalle.php?noticiasID=3777 HTTP/1.1" 302 257 "-" "Mozilla/5.0 (Linux; Android 6.0.1; Nexus 5X Build/MMB29P) AppleWebKit/537.36 (KHTML, like Gecko) Chrome/131.0.6778.69 Mobile Safari/537.36 (compatible; Googlebot/2.1; +http://www.google.com/bot.html)"
114.119.134.196 - - [24/Nov/2024:21:06:22 -0300] "GET /espanol/library/PHPExcel/Examples/08conditionalformatting.xls HTTP/1.1" 302 274 "http://www.caballoscriollos.com/espanol/library/PHPExcel/Examples/?C=N%3BO%3DD" "Mozilla/5.0 (Linux; Android 7.0;) AppleWebKit/537.36 (KHTML, like Gecko) Mobile Safari/537.36 (compatible; PetalBot;+https://webmaster.petalsearch.com/site/petalbot)"
69.162.124.231 - - [24/Nov/2024:21:06:48 -0300] "HEAD / HTTP/1.1" 302 - "http://caballoscriollos.com/" "Mozilla/5.0+(compatible; UptimeRobot/2.0; http://www.uptimerobot.com/)"
114.119.140.166 - - [24/Nov/2024:21:10:32 -0300] "GET /espanol/encuesta/graphs/sourcecode/line?C=S%3BO%3DA HTTP/1.1" 302 264 "http://www.caballoscriollos.com/espanol/encuesta/graphs/sourcecode/line" "Mozilla/5.0 (Linux; Android 7.0;) AppleWebKit/537.36 (KHTML, like Gecko) Mobile Safari/537.36 (compatible; PetalBot;+https://webmaster.petalsearch.com/site/petalbot)"
69.162.124.231 - - [24/Nov/2024:21:11:48 -0300] "HEAD / HTTP/1.1" 302 - "http://caballoscriollos.com/" "Mozilla/5.0+(compatible; UptimeRobot/2.0; http://www.uptimerobot.com/)"
114.119.150.90 - - [24/Nov/2024:21:14:43 -0300] "GET /espanol/encuesta/graphs/code/javascript/basics/?C=D%3BO%3DA HTTP/1.1" 302 272 "http://www.caballoscriollos.com/espanol/encuesta/graphs/code/javascript/basics/?C=M%3BO%3DA" "Mozilla/5.0 (Linux; Android 7.0;) AppleWebKit/537.36 (KHTML, like Gecko) Mobile Safari/537.36 (compatible; PetalBot;+https://webmaster.petalsearch.com/site/petalbot)"
69.162.124.231 - - [24/Nov/2024:21:16:48 -0300] "HEAD / HTTP/1.1" 302 - "http://caballoscriollos.com/" "Mozilla/5.0+(compatible; UptimeRobot/2.0; http://www.uptimerobot.com/)"
66.249.68.38 - - [24/Nov/2024:21:17:30 -0300] "GET /espanol/noticias_detalle_imprimir.php?noticiasID=2786 HTTP/1.1" 302 266 "-" "Mozilla/5.0 (Linux; Android 6.0.1; Nexus 5X Build/MMB29P) AppleWebKit/537.36 (KHTML, like Gecko) Chrome/131.0.6778.69 Mobile Safari/537.36 (compatible; Googlebot/2.1; +http://www.google.com/bot.html)"
156.59.198.136 - - [24/Nov/2024:21:19:12 -0300] "GET /_recursos/noticias/thumb/357_20120627100925.jpg HTTP/1.0" 302 260 "-" "Mozilla/5.0 (Linux; Android 5.0) AppleWebKit/537.36 (KHTML, like Gecko) Mobile Safari/537.36 (compatible; Bytespider; spider-feedback@bytedance.com)"
69.162.124.231 - - [24/Nov/2024:21:21:48 -0300] "HEAD / HTTP/1.1" 302 - "http://caballoscriollos.com/" "Mozilla/5.0+(compatible; UptimeRobot/2.0; http://www.uptimerobot.com/)"
66.249.68.32 - - [24/Nov/2024:21:24:15 -0300] "GET /espanol/pop_ver_foto.php?img=../_recursos/noticias/big/1082_20141114095259.jpg&epi=CAMPEON%20CASTRADO:%20BOX%2032%20-%20PURI%20ALBINO HTTP/1.1" 302 350 "-" "Mozilla/5.0 (Linux; Android 6.0.1; Nexus 5X Build/MMB29P) AppleWebKit/537.36 (KHTML, like Gecko) Chrome/131.0.6778.69 Mobile Safari/537.36 (compatible; Googlebot/2.1; +http://www.google.com/bot.html)"
