156.59.198.136 - - [24/Nov/2024:21:24:51 -0300] "GET /_recursos/noticias/thumb/9091_20111216015113.jpg HTTP/1.0" 302 261 "-" "Mozilla/5.0 (Linux; Android 5.0) AppleWebKit/537.36 (KHTML, like Gecko) Mobile Safari/537.36 (compatible; Bytespider; spider-feedback@bytedance.com)"
69.162.124.231 - - [24/Nov/2024:21:26:48 -0300] "HEAD / HTTP/1.1" 302 - "http://caballoscriollos.com/" "Mozilla/5.0+(compatible; UptimeRobot/2.0; http://www.uptimerobot.com/)"
51.222.253.15 - - [24/Nov/2024:21:27:03 -0300] "GET /espanol/cabanias_detalle.php?cabaniaID=410 HTTP/1.1" 302 255 "-" "Mozilla/5.0 (compatible; AhrefsBot/7.0; +http://ahrefs.com/robot/)"
51.222.253.13 - - [24/Nov/2024:21:27:12 -0300] "GET /espanol/calendario.php?pageNum_rsCalendarios=6&totalRows_rsCalendarios=195&tipoID=1&Submit=Buscar HTTP/1.1" 302 322 "-" "Mozilla/5.0 (compatible; AhrefsBot/7.0; +http://ahrefs.com/robot/)"
66.249.68.32 - - [24/Nov/2024:21:28:36 -0300] "GET /espanol/pop_ver_foto.php?img=../_recursos/noticias/big/8148_20160404120701.jpg&epi= HTTP/1.1" 302 300 "-" "Mozilla/5.0 (Linux; Android 6.0.1; Nexus 5X Build/MMB29P) AppleWebKit/537.36 (KHTML, like Gecko) Chrome/131.0.6778.69 Mobile Safari/537.36 (compatible; Googlebot/2.1; +http://www.google.com/bot.html)"
65.21.113.243 - - [24/Nov/2024:21:30:04 -0300] "GET /robots.txt HTTP/1.1" 302 223 "-" "Mozilla/5.0 (compatible; AwarioBot/1.0; +https://awario.com/bots.html)"
65.21.113.243 - - [24/Nov/2024:21:30:05 -0300] "GET / HTTP/1.1" 302 213 "-" "Mozilla/5.0 (compatible; AwarioBot/1.0; +https://awario.com/bots.html)"
69.162.124.231 - - [24/Nov/2024:21:31:48 -0300] "HEAD / HTTP/1.1" 302 - "http://caballoscriollos.com/" "Mozilla/5.0+(compatible; UptimeRobot/2.0; http://www.uptimerobot.com/)"
69.163.182.214 - - [24/Nov/2024:21:32:35 -0300] "GET /portfolio/wp-login.php HTTP/1.1" 302 235 "-" "Mozilla/5.0 (X11; Ubuntu; Linux x86_64; rv:62.0) Gecko/20100101 Firefox/62.0"
69.162.124.231 - - [24/Nov/2024:21:36:48 -0300] "HEAD / HTTP/1.1" 302 - "http://caballoscriollos.com/" "Mozilla/5.0+(compatible; UptimeRobot/2.0; http://www.uptimerobot.com/)"
66.249.68.39 - - [24/Nov/2024:21:37:14 -0300] "GET /espanol/pop_ver_foto.php?img=../_recursos/noticias/big/7450_20130912112118.jpg&epi=Gran%20Campe%F3n%20Hembra:%20Guarani%20La%20Gitana,%20S.B.A.:%2070815,%20Charque%20Gentil%20x%20Yajha%20Catu%20La%20Bailanta,%20Expositor:%20Matho%20Meabe,%20Ricardo%20R. HTTP/1.1" 302 470 "-" "Mozilla/5.0 (Linux; Android 6.0.1; Nexus 5X Build/MMB29P) AppleWebKit/537.36 (KHTML, like Gecko) Chrome/131.0.6778.69 Mobile Safari/537.36 (compatible; Googlebot/2.1; +http://www.google.com/bot.html)"
136.243.220.212 - - [24/Nov/2024:21:37:15 -0300] "GET /robots.txt HTTP/1.1" 302 223 "-" "Mozilla/5.0 (compatible; DataForSeoBot/1.0; +https://dataforseo.com/dataforseo-bot)"
136.243.220.212 - - [24/Nov/2024:21:37:18 -0300] "GET /robots.txt HTTP/1.1" 302 223 "-" "Mozilla/5.0 (compatible; DataForSeoBot/1.0; +https://dataforseo.com/dataforseo-bot)"
136.243.220.212 - - [24/Nov/2024:21:37:19 -0300] "GET /sitemap.xml HTTP/1.1" 302 224 "-" "Mozilla/5.0 (compatible; DataForSeoBot/1.0; +https://dataforseo.com/dataforseo-bot)"
69.162.124.231 - - [24/Nov/2024:21:41:48 -0300] "HEAD / HTTP/1.1" 302 - "http://caballoscriollos.com/" "Mozilla/5.0+(compatible; UptimeRobot/2.0; http://www.uptimerobot.com/)"
114.119.158.31 - - [24/Nov/2024:21:43:48 -0300] "GET /espanol/encuesta/graphs/code/ror/sampleapp/app/views/fusioncharts/db_drilldown/?C=N%3BO%3DD HTTP/1.1" 302 304 "http://www.caballoscriollos.com/espanol/encuesta/graphs/code/ror/sampleapp/app/views/fusioncharts/db_drilldown/?C=M%3BO%3DA" "Mozilla/5.0 (Linux; Android 7.0;) AppleWebKit/537.36 (KHTML, like Gecko) Mobile Safari/537.36 (compatible; PetalBot;+https://webmaster.petalsearch.com/site/petalbot)"
136.243.228.181 - - [24/Nov/2024:21:44:18 -0300] "GET /robots.txt HTTP/1.1" 302 223 "-" "Mozilla/5.0 (compatible; DataForSeoBot/1.0; +https://dataforseo.com/dataforseo-bot)"
136.243.228.181 - - [24/Nov/2024:21:44:21 -0300] "GET /robots.txt HTTP/1.1" 302 223 "-" "Mozilla/5.0 (compatible; DataForSeoBot/1.0; +https://dataforseo.com/dataforseo-bot)"
136.243.228.181 - - [24/Nov/2024:21:44:22 -0300] "GET /sitemap.xml HTTP/1.1" 302 224 "-" "Mozilla/5.0 (compatible; DataForSeoBot/1.0; +https://dataforseo.com/dataforseo-bot)"
69.162.124.231 - - [24/Nov/2024:21:46:48 -0300] "HEAD / HTTP/1.1" 302 - "http://caballoscriollos.com/" "Mozilla/5.0+(compatible; UptimeRobot/2.0; http://www.uptimerobot.com/)"
66.249.68.38 - - [24/Nov/2024:21:48:47 -0300] "GET /espanol/lote_detalle.php?Page=0&FilterCabania=&FilterPresentacion=&FilterSexo=&FilterPrecioDesde=&FilterPrecioHasta=&IdLote=122 HTTP/1.1" 302 364 "-" "Mozilla/5.0 (Linux; Android 6.0.1; Nexus 5X Build/MMB29P) AppleWebKit/537.36 (KHTML, like Gecko) Chrome/131.0.6778.69 Mobile Safari/537.36 (compatible; Googlebot/2.1; +http://www.google.com/bot.html)"
69.162.124.231 - - [24/Nov/2024:21:51:48 -0300] "HEAD / HTTP/1.1" 302 - "http://caballoscriollos.com/" "Mozilla/5.0+(compatible; UptimeRobot/2.0; http://www.uptimerobot.com/)"
136.243.228.181 - - [24/Nov/2024:21:54:12 -0300] "GET /sitio/noticia.html?n=115 HTTP/1.1" 301 246 "-" "Mozilla/5.0 (compatible; DataForSeoBot/1.0; +https://dataforseo.com/dataforseo-bot)"
223.109.255.148 - - [24/Nov/2024:21:54:54 -0300] "GET / HTTP/1.1" 302 213 "-" "Sogou web spider/4.0(+http://www.sogou.com/docs/help/webmasters.htm#07)"
69.162.124.231 - - [24/Nov/2024:21:56:48 -0300] "HEAD / HTTP/1.1" 302 - "http://caballoscriollos.com/" "Mozilla/5.0+(compatible; UptimeRobot/2.0; http://www.uptimerobot.com/)"
136.243.228.181 - - [24/Nov/2024:21:57:10 -0300] "GET /web/?n=115 HTTP/1.1" 301 - "-" "Mozilla/5.0 (compatible; DataForSeoBot/1.0; +https://dataforseo.com/dataforseo-bot)"
66.249.68.32 - - [24/Nov/2024:21:58:14 -0300] "GET /espanol/noticias_detalle_imprimir.php?noticiasID=2295 HTTP/1.1" 302 266 "-" "Mozilla/5.0 (Linux; Android 6.0.1; Nexus 5X Build/MMB29P) AppleWebKit/537.36 (KHTML, like Gecko) Chrome/131.0.6778.69 Mobile Safari/537.36 (compatible; Googlebot/2.1; +http://www.google.com/bot.html)"
69.162.124.231 - - [24/Nov/2024:22:07:46 -0300] "HEAD / HTTP/1.1" 302 - "http://caballoscriollos.com/" "Mozilla/5.0+(compatible; UptimeRobot/2.0; http://www.uptimerobot.com/)"
66.220.149.56 - - [24/Nov/2024:22:08:51 -0300] "GET /espanol/noticias_detalle.php?noticiasID=3540 HTTP/1.1" 302 257 "-" "facebookexternalhit/1.1 (+http://www.facebook.com/externalhit_uatext.php)"
66.220.149.53 - - [24/Nov/2024:22:08:53 -0300] "GET /espanol/assets/vendors/swiper/swiper.min.js HTTP/1.1" 302 256 "-" "facebookexternalhit/1.1 (+http://www.facebook.com/externalhit_uatext.php)"
66.220.149.29 - - [24/Nov/2024:22:08:53 -0300] "GET /espanol/assets/vendors/odometer/odometer.min.js HTTP/1.1" 302 260 "-" "facebookexternalhit/1.1 (+http://www.facebook.com/externalhit_uatext.php)"
66.220.149.34 - - [24/Nov/2024:22:08:53 -0300] "GET /espanol/assets/vendors/owl-carousel/owl.carousel.min.js HTTP/1.1" 302 268 "-" "facebookexternalhit/1.1 (+http://www.facebook.com/externalhit_uatext.php)"
66.220.149.23 - - [24/Nov/2024:22:08:53 -0300] "GET /espanol/assets/vendors/jquery-magnific-popup/jquery.magnific-popup.min.js HTTP/1.1" 302 286 "-" "facebookexternalhit/1.1 (+http://www.facebook.com/externalhit_uatext.php)"
66.220.149.23 - - [24/Nov/2024:22:08:53 -0300] "GET /espanol/assets/vendors/wow/wow.js HTTP/1.1" 302 246 "-" "facebookexternalhit/1.1 (+http://www.facebook.com/externalhit_uatext.php)"
66.220.149.38 - - [24/Nov/2024:22:08:53 -0300] "GET /espanol/assets/vendors/bootstrap-select/js/bootstrap-select.min.js HTTP/1.1" 302 279 "-" "facebookexternalhit/1.1 (+http://www.facebook.com/externalhit_uatext.php)"
66.220.149.9 - - [24/Nov/2024:22:08:53 -0300] "GET /espanol/assets/vendors/jquery-circle-progress/jquery.circle-progress.min.js HTTP/1.1" 302 288 "-" "facebookexternalhit/1.1 (+http://www.facebook.com/externalhit_uatext.php)"
66.220.149.24 - - [24/Nov/2024:22:08:53 -0300] "GET /espanol/assets/vendors/jquery/jquery-3.6.0.min.js HTTP/1.1" 302 262 "-" "facebookexternalhit/1.1 (+http://www.facebook.com/externalhit_uatext.php)"
66.220.149.24 - - [24/Nov/2024:22:08:54 -0300] "GET /espanol/assets/vendors/bootstrap/js/bootstrap.bundle.min.js HTTP/1.1" 302 272 "-" "facebookexternalhit/1.1 (+http://www.facebook.com/externalhit_uatext.php)"
66.220.149.8 - - [24/Nov/2024:22:08:54 -0300] "GET /espanol/assets/vendors/isotope/isotope.js HTTP/1.1" 302 254 "-" "facebookexternalhit/1.1 (+http://www.facebook.com/externalhit_uatext.php)"
66.220.149.2 - - [24/Nov/2024:22:08:55 -0300] "GET /espanol/assets/vendors/jquery-appear/jquery.appear.min.js HTTP/1.1" 302 270 "-" "facebookexternalhit/1.1 (+http://www.facebook.com/externalhit_uatext.php)"
66.220.149.116 - - [24/Nov/2024:22:08:55 -0300] "GET /espanol/assets/vendors/circleType/jquery.circleType.js HTTP/1.1" 302 267 "-" "facebookexternalhit/1.1 (+http://www.facebook.com/externalhit_uatext.php)"
66.220.149.37 - - [24/Nov/2024:22:08:56 -0300] "GET /espanol/assets/vendors/jquery-ajaxchimp/jquery.ajaxchimp.min.js HTTP/1.1" 302 276 "-" "facebookexternalhit/1.1 (+http://www.facebook.com/externalhit_uatext.php)"
173.252.87.11 - - [24/Nov/2024:22:08:56 -0300] "GET /espanol/noticias_detalle.php?noticiasID=3540 HTTP/1.1" 302 257 "-" "facebookexternalhit/1.1 (+http://www.facebook.com/externalhit_uatext.php)"
66.220.149.3 - - [24/Nov/2024:22:08:56 -0300] "GET /espanol/assets/vendors/jquery-validate/jquery.validate.min.js HTTP/1.1" 302 274 "-" "facebookexternalhit/1.1 (+http://www.facebook.com/externalhit_uatext.php)"
66.220.149.33 - - [24/Nov/2024:22:08:56 -0300] "GET /espanol/assets/vendors/wnumb/wNumb.min.js HTTP/1.1" 302 254 "-" "facebookexternalhit/1.1 (+http://www.facebook.com/externalhit_uatext.php)"
66.220.149.2 - - [24/Nov/2024:22:08:56 -0300] "GET /espanol/assets/vendors/circleType/jquery.lettering.min.js HTTP/1.1" 302 270 "-" "facebookexternalhit/1.1 (+http://www.facebook.com/externalhit_uatext.php)"
66.220.149.9 - - [24/Nov/2024:22:08:56 -0300] "GET /espanol/assets/js/bixola.js HTTP/1.1" 302 240 "-" "facebookexternalhit/1.1 (+http://www.facebook.com/externalhit_uatext.php)"
66.220.149.39 - - [24/Nov/2024:22:08:57 -0300] "GET /espanol/assets/vendors/jarallax/jarallax.min.js HTTP/1.1" 302 260 "-" "facebookexternalhit/1.1 (+http://www.facebook.com/externalhit_uatext.php)"
66.220.149.6 - - [24/Nov/2024:22:08:57 -0300] "GET /espanol/assets/vendors/timepicker/timePicker.js HTTP/1.1" 302 260 "-" "facebookexternalhit/1.1 (+http://www.facebook.com/externalhit_uatext.php)"
66.220.149.32 - - [24/Nov/2024:22:08:57 -0300] "GET /espanol/assets/vendors/jquery-ui/jquery-ui.js HTTP/1.1" 302 258 "-" "facebookexternalhit/1.1 (+http://www.facebook.com/externalhit_uatext.php)"
173.252.87.113 - - [24/Nov/2024:22:08:59 -0300] "GET /espanol/assets/vendors/jquery/jquery-3.6.0.min.js HTTP/1.1" 302 262 "-" "facebookexternalhit/1.1 (+http://www.facebook.com/externalhit_uatext.php)"
173.252.87.15 - - [24/Nov/2024:22:08:59 -0300] "GET /espanol/assets/vendors/bootstrap/js/bootstrap.bundle.min.js HTTP/1.1" 302 272 "-" "facebookexternalhit/1.1 (+http://www.facebook.com/externalhit_uatext.php)"
173.252.87.114 - - [24/Nov/2024:22:08:59 -0300] "GET /espanol/assets/vendors/jquery-ui/jquery-ui.js HTTP/1.1" 302 258 "-" "facebookexternalhit/1.1 (+http://www.facebook.com/externalhit_uatext.php)"
173.252.87.7 - - [24/Nov/2024:22:08:59 -0300] "GET /espanol/assets/vendors/circleType/jquery.lettering.min.js HTTP/1.1" 302 270 "-" "facebookexternalhit/1.1 (+http://www.facebook.com/externalhit_uatext.php)"
173.252.87.3 - - [24/Nov/2024:22:08:59 -0300] "GET /espanol/assets/vendors/wow/wow.js HTTP/1.1" 302 246 "-" "facebookexternalhit/1.1 (+http://www.facebook.com/externalhit_uatext.php)"
173.252.87.114 - - [24/Nov/2024:22:08:59 -0300] "GET /espanol/assets/js/bixola.js HTTP/1.1" 302 240 "-" "facebookexternalhit/1.1 (+http://www.facebook.com/externalhit_uatext.php)"
173.252.87.3 - - [24/Nov/2024:22:08:59 -0300] "GET /espanol/assets/vendors/circleType/jquery.circleType.js HTTP/1.1" 302 267 "-" "facebookexternalhit/1.1 (+http://www.facebook.com/externalhit_uatext.php)"
173.252.87.20 - - [24/Nov/2024:22:08:59 -0300] "GET /espanol/assets/vendors/jarallax/jarallax.min.js HTTP/1.1" 302 260 "-" "facebookexternalhit/1.1 (+http://www.facebook.com/externalhit_uatext.php)"
173.252.87.13 - - [24/Nov/2024:22:08:59 -0300] "GET /espanol/assets/vendors/jquery-validate/jquery.validate.min.js HTTP/1.1" 302 274 "-" "facebookexternalhit/1.1 (+http://www.facebook.com/externalhit_uatext.php)"
173.252.87.16 - - [24/Nov/2024:22:08:59 -0300] "GET /espanol/assets/vendors/bootstrap-select/js/bootstrap-select.min.js HTTP/1.1" 302 279 "-" "facebookexternalhit/1.1 (+http://www.facebook.com/externalhit_uatext.php)"
173.252.87.114 - - [24/Nov/2024:22:08:59 -0300] "GET /espanol/assets/vendors/timepicker/timePicker.js HTTP/1.1" 302 260 "-" "facebookexternalhit/1.1 (+http://www.facebook.com/externalhit_uatext.php)"
173.252.87.114 - - [24/Nov/2024:22:08:59 -0300] "GET /espanol/assets/vendors/owl-carousel/owl.carousel.min.js HTTP/1.1" 302 268 "-" "facebookexternalhit/1.1 (+http://www.facebook.com/externalhit_uatext.php)"
173.252.87.14 - - [24/Nov/2024:22:08:59 -0300] "GET /espanol/assets/vendors/jquery-ajaxchimp/jquery.ajaxchimp.min.js HTTP/1.1" 302 276 "-" "facebookexternalhit/1.1 (+http://www.facebook.com/externalhit_uatext.php)"
173.252.87.8 - - [24/Nov/2024:22:08:59 -0300] "GET /espanol/assets/vendors/wnumb/wNumb.min.js HTTP/1.1" 302 254 "-" "facebookexternalhit/1.1 (+http://www.facebook.com/externalhit_uatext.php)"
173.252.87.3 - - [24/Nov/2024:22:08:59 -0300] "GET /espanol/assets/vendors/odometer/odometer.min.js HTTP/1.1" 302 260 "-" "facebookexternalhit/1.1 (+http://www.facebook.com/externalhit_uatext.php)"
173.252.87.3 - - [24/Nov/2024:22:08:59 -0300] "GET /espanol/assets/vendors/swiper/swiper.min.js HTTP/1.1" 302 256 "-" "facebookexternalhit/1.1 (+http://www.facebook.com/externalhit_uatext.php)"
173.252.87.4 - - [24/Nov/2024:22:08:59 -0300] "GET /espanol/assets/vendors/isotope/isotope.js HTTP/1.1" 302 254 "-" "facebookexternalhit/1.1 (+http://www.facebook.com/externalhit_uatext.php)"
173.252.87.20 - - [24/Nov/2024:22:08:59 -0300] "GET /espanol/assets/vendors/jquery-appear/jquery.appear.min.js HTTP/1.1" 302 270 "-" "facebookexternalhit/1.1 (+http://www.facebook.com/externalhit_uatext.php)"
173.252.87.7 - - [24/Nov/2024:22:08:59 -0300] "GET /espanol/assets/vendors/jquery-circle-progress/jquery.circle-progress.min.js HTTP/1.1" 302 288 "-" "facebookexternalhit/1.1 (+http://www.facebook.com/externalhit_uatext.php)"
173.252.87.9 - - [24/Nov/2024:22:08:59 -0300] "GET /espanol/assets/vendors/jquery-magnific-popup/jquery.magnific-popup.min.js HTTP/1.1" 302 286 "-" "facebookexternalhit/1.1 (+http://www.facebook.com/externalhit_uatext.php)"
66.249.68.39 - - [24/Nov/2024:22:10:32 -0300] "GET /espanol/noticias_detalle.php?noticiasID=2593 HTTP/1.1" 302 257 "-" "Mozilla/5.0 (Linux; Android 6.0.1; Nexus 5X Build/MMB29P) AppleWebKit/537.36 (KHTML, like Gecko) Chrome/131.0.6778.69 Mobile Safari/537.36 (compatible; Googlebot/2.1; +http://www.google.com/bot.html)"
173.252.107.114 - - [24/Nov/2024:22:12:21 -0300] "GET /espanol/noticias_detalle.php?noticiasid=3540 HTTP/1.1" 302 257 "-" "facebookexternalhit/1.1 (+http://www.facebook.com/externalhit_uatext.php)"
69.162.124.231 - - [24/Nov/2024:22:12:46 -0300] "HEAD / HTTP/1.1" 302 - "http://caballoscriollos.com/" "Mozilla/5.0+(compatible; UptimeRobot/2.0; http://www.uptimerobot.com/)"
66.249.68.38 - - [24/Nov/2024:22:15:28 -0300] "GET /espanol/noticias.php?pageNum_rsNoticias=268&totalRows_rsNoticias=2723&rubroID=1 HTTP/1.1" 302 300 "-" "Mozilla/5.0 (Linux; Android 6.0.1; Nexus 5X Build/MMB29P) AppleWebKit/537.36 (KHTML, like Gecko) Chrome/131.0.6778.69 Mobile Safari/537.36 (compatible; Googlebot/2.1; +http://www.google.com/bot.html)"
66.249.79.238 - - [24/Nov/2024:22:17:02 -0300] "GET /espanol/pop_ver_foto.php?img=../_recursos/noticias/big/6928_20160831110906.jpg&epi=Campeon%20Prepotranca%20BOX%2032%20-%20CUNUMI%20NENA HTTP/1.1" 302 352 "-" "Mozilla/5.0 (Linux; Android 6.0.1; Nexus 5X Build/MMB29P) AppleWebKit/537.36 (KHTML, like Gecko) Chrome/131.0.6778.69 Mobile Safari/537.36 (compatible; Googlebot/2.1; +http://www.google.com/bot.html)"
66.249.68.38 - - [24/Nov/2024:22:17:04 -0300] "GET /ads.txt HTTP/1.1" 302 220 "-" "Mozilla/5.0 (compatible; Googlebot/2.1; +http://www.google.com/bot.html)"
69.162.124.231 - - [24/Nov/2024:22:17:46 -0300] "HEAD / HTTP/1.1" 302 - "http://caballoscriollos.com/" "Mozilla/5.0+(compatible; UptimeRobot/2.0; http://www.uptimerobot.com/)"
66.249.79.238 - - [24/Nov/2024:22:17:47 -0300] "GET /espanol/facebook/noticriollos/noticriollos.php?pageNum_rsNoticias=251&totalRows_rsNoticias=2515 HTTP/1.1" 302 312 "-" "Mozilla/5.0 (Linux; Android 6.0.1; Nexus 5X Build/MMB29P) AppleWebKit/537.36 (KHTML, like Gecko) Chrome/131.0.6778.69 Mobile Safari/537.36 (compatible; Googlebot/2.1; +http://www.google.com/bot.html)"
162.215.171.162 - - [24/Nov/2024:22:19:34 -0300] "GET / HTTP/1.1" 302 213 "-" "-"
69.162.124.231 - - [24/Nov/2024:22:22:46 -0300] "HEAD / HTTP/1.1" 302 - "http://caballoscriollos.com/" "Mozilla/5.0+(compatible; UptimeRobot/2.0; http://www.uptimerobot.com/)"
179.60.208.21 - - [24/Nov/2024:22:23:49 -0300] "GET /espanol/noticias_detalle.php?noticiasID=3540&fbclid=IwY2xjawGwsPVleHRuA2FlbQIxMQABHTNlAZRBnW-N-G0gRt5SXzBRmZv4jsxjxN9KQgO9piyL4yRExv_RCN53IA_aem_JRlashsCK3M3w30a4OO13Q HTTP/1.1" 302 384 "https://lm.facebook.com/" "Mozilla/5.0 (Linux; Android 14; SM-A045M Build/UP1A.231005.007; wv) AppleWebKit/537.36 (KHTML, like Gecko) Version/4.0 Chrome/131.0.6778.78 Mobile Safari/537.36 [FB_IAB/FB4A;FBAV/491.0.0.58.78;IABMV/1;]"
114.119.134.155 - - [24/Nov/2024:22:25:26 -0300] "GET /espanol/encuesta/graphs/code/csnet?C=D%3BO%3DA HTTP/1.1" 302 259 "http://www.caballoscriollos.com/espanol/encuesta/graphs/code/csnet?C=N%3BO%3DD" "Mozilla/5.0 (Linux; Android 7.0;) AppleWebKit/537.36 (KHTML, like Gecko) Mobile Safari/537.36 (compatible; PetalBot;+https://webmaster.petalsearch.com/site/petalbot)"
66.249.68.32 - - [24/Nov/2024:22:27:21 -0300] "GET /espanol/facebook/noticriollos/noticriollos.php?pageNum_rsNoticias=50&totalRows_rsNoticias=1636 HTTP/1.1" 302 311 "-" "Mozilla/5.0 (Linux; Android 6.0.1; Nexus 5X Build/MMB29P) AppleWebKit/537.36 (KHTML, like Gecko) Chrome/131.0.6778.69 Mobile Safari/537.36 (compatible; Googlebot/2.1; +http://www.google.com/bot.html)"
69.162.124.231 - - [24/Nov/2024:22:27:46 -0300] "HEAD / HTTP/1.1" 302 - "http://caballoscriollos.com/" "Mozilla/5.0+(compatible; UptimeRobot/2.0; http://www.uptimerobot.com/)"
51.222.253.5 - - [24/Nov/2024:22:31:04 -0300] "GET /espanol/calendario.php?pageNum_rsCalendarios=5&totalRows_rsCalendarios=195&tipoID=1&Submit=Buscar HTTP/1.1" 302 322 "-" "Mozilla/5.0 (compatible; AhrefsBot/7.0; +http://ahrefs.com/robot/)"
69.162.124.231 - - [24/Nov/2024:22:32:46 -0300] "HEAD / HTTP/1.1" 302 - "http://caballoscriollos.com/" "Mozilla/5.0+(compatible; UptimeRobot/2.0; http://www.uptimerobot.com/)"
66.249.79.238 - - [24/Nov/2024:22:33:50 -0300] "GET /noticias_detalle.php?IdNoticia=1852 HTTP/1.1" 302 248 "-" "Mozilla/5.0 (Linux; Android 6.0.1; Nexus 5X Build/MMB29P) AppleWebKit/537.36 (KHTML, like Gecko) Chrome/131.0.6778.69 Mobile Safari/537.36 (compatible; Googlebot/2.1; +http://www.google.com/bot.html)"
49.50.237.102 - - [24/Nov/2024:22:35:16 -0300] "GET /wp-login.php HTTP/1.1" 302 225 "-" "Mozilla/5.0 (Windows NT 10.0; WOW64; Trident/7.0; rv:11.0) like Gecko"
49.50.237.102 - - [24/Nov/2024:22:35:17 -0300] "GET /xmlrpc.php HTTP/1.1" 302 223 "-" "Mozilla/5.0 (Windows NT 10.0; WOW64; Trident/7.0; rv:11.0) like Gecko"
173.252.107.8 - - [24/Nov/2024:22:35:53 -0300] "GET /sitio/images/logo-accc-header.png HTTP/1.1" 301 240 "-" "facebookexternalhit/1.1 (+http://www.facebook.com/externalhit_uatext.php)"
173.252.107.8 - - [24/Nov/2024:22:35:53 -0300] "GET /web/ HTTP/1.1" 301 - "-" "facebookexternalhit/1.1 (+http://www.facebook.com/externalhit_uatext.php)"
173.252.79.112 - - [24/Nov/2024:22:36:27 -0300] "GET /_recursos/noticias/big/9844_20181121121718.jpg HTTP/1.1" 302 259 "-" "facebookexternalhit/1.1 (+http://www.facebook.com/externalhit_uatext.php)"
183.207.45.94 - - [24/Nov/2024:22:36:32 -0300] "GET / HTTP/1.1" 302 213 "-" "Mozilla/5.0 (Windows NT 10.0; Win64; x64) AppleWebKit/537.36 (KHTML, like Gecko) Chrome/107.0.0.0 Safari/537.36"
183.207.45.94 - - [24/Nov/2024:22:36:33 -0300] "GET /web HTTP/1.1" 301 244 "-" "Mozilla/5.0 (Windows NT 10.0; Win64; x64) AppleWebKit/537.36 (KHTML, like Gecko) Chrome/107.0.0.0 Safari/537.36"
183.207.45.94 - - [24/Nov/2024:22:36:33 -0300] "GET /web/ HTTP/1.1" 301 - "-" "Mozilla/5.0 (Windows NT 10.0; Win64; x64) AppleWebKit/537.36 (KHTML, like Gecko) Chrome/107.0.0.0 Safari/537.36"
183.207.45.94 - - [24/Nov/2024:22:36:35 -0300] "GET /noticias_detalle.php?IdNoticia=1878 HTTP/1.1" 302 248 "-" "Mozilla/5.0 (Windows NT 10.0; Win64; x64) AppleWebKit/537.36 (KHTML, like Gecko) Chrome/107.0.0.0 Safari/537.36"
183.207.45.94 - - [24/Nov/2024:22:36:36 -0300] "GET /noticias_detalle.php?IdNoticia=1872 HTTP/1.1" 302 248 "-" "Mozilla/5.0 (Windows NT 10.0; Win64; x64) AppleWebKit/537.36 (KHTML, like Gecko) Chrome/107.0.0.0 Safari/537.36"
183.207.45.94 - - [24/Nov/2024:22:36:37 -0300] "GET /noticias_detalle.php?IdNoticia=1877 HTTP/1.1" 302 248 "-" "Mozilla/5.0 (Windows NT 10.0; Win64; x64) AppleWebKit/537.36 (KHTML, like Gecko) Chrome/107.0.0.0 Safari/537.36"
183.207.45.94 - - [24/Nov/2024:22:36:38 -0300] "GET /contacto.php HTTP/1.1" 302 225 "-" "Mozilla/5.0 (Windows NT 10.0; Win64; x64) AppleWebKit/537.36 (KHTML, like Gecko) Chrome/107.0.0.0 Safari/537.36"
183.207.45.94 - - [24/Nov/2024:22:36:39 -0300] "GET /noticias.php HTTP/1.1" 302 225 "-" "Mozilla/5.0 (Windows NT 10.0; Win64; x64) AppleWebKit/537.36 (KHTML, like Gecko) Chrome/107.0.0.0 Safari/537.36"
183.207.45.94 - - [24/Nov/2024:22:36:40 -0300] "GET /tipo-y-aptitud HTTP/1.1" 302 227 "-" "Mozilla/5.0 (Windows NT 10.0; Win64; x64) AppleWebKit/537.36 (KHTML, like Gecko) Chrome/107.0.0.0 Safari/537.36"
183.207.45.94 - - [24/Nov/2024:22:36:41 -0300] "GET /incentivo HTTP/1.1" 302 222 "-" "Mozilla/5.0 (Windows NT 10.0; Win64; x64) AppleWebKit/537.36 (KHTML, like Gecko) Chrome/107.0.0.0 Safari/537.36"
183.207.45.94 - - [24/Nov/2024:22:36:42 -0300] "GET /paleteada HTTP/1.1" 302 222 "-" "Mozilla/5.0 (Windows NT 10.0; Win64; x64) AppleWebKit/537.36 (KHTML, like Gecko) Chrome/107.0.0.0 Safari/537.36"
183.207.45.94 - - [24/Nov/2024:22:36:43 -0300] "GET /rodeos HTTP/1.1" 302 219 "-" "Mozilla/5.0 (Windows NT 10.0; Win64; x64) AppleWebKit/537.36 (KHTML, like Gecko) Chrome/107.0.0.0 Safari/537.36"
183.207.45.94 - - [24/Nov/2024:22:36:44 -0300] "GET /marcha HTTP/1.1" 302 219 "-" "Mozilla/5.0 (Windows NT 10.0; Win64; x64) AppleWebKit/537.36 (KHTML, like Gecko) Chrome/107.0.0.0 Safari/537.36"
183.207.45.94 - - [24/Nov/2024:22:36:45 -0300] "GET /morfologia HTTP/1.1" 302 223 "-" "Mozilla/5.0 (Windows NT 10.0; Win64; x64) AppleWebKit/537.36 (KHTML, like Gecko) Chrome/107.0.0.0 Safari/537.36"
183.207.45.94 - - [24/Nov/2024:22:36:45 -0300] "GET /freno HTTP/1.1" 302 218 "-" "Mozilla/5.0 (Windows NT 10.0; Win64; x64) AppleWebKit/537.36 (KHTML, like Gecko) Chrome/107.0.0.0 Safari/537.36"
183.207.45.94 - - [24/Nov/2024:22:36:46 -0300] "GET /rienda HTTP/1.1" 302 219 "-" "Mozilla/5.0 (Windows NT 10.0; Win64; x64) AppleWebKit/537.36 (KHTML, like Gecko) Chrome/107.0.0.0 Safari/537.36"
183.207.45.94 - - [24/Nov/2024:22:36:47 -0300] "GET /corral HTTP/1.1" 302 219 "-" "Mozilla/5.0 (Windows NT 10.0; Win64; x64) AppleWebKit/537.36 (KHTML, like Gecko) Chrome/107.0.0.0 Safari/537.36"
183.207.45.94 - - [24/Nov/2024:22:36:48 -0300] "GET /aparte HTTP/1.1" 302 219 "-" "Mozilla/5.0 (Windows NT 10.0; Win64; x64) AppleWebKit/537.36 (KHTML, like Gecko) Chrome/107.0.0.0 Safari/537.36"
183.207.45.94 - - [24/Nov/2024:22:36:49 -0300] "GET /disciplinas_listado.php HTTP/1.1" 302 236 "-" "Mozilla/5.0 (Windows NT 10.0; Win64; x64) AppleWebKit/537.36 (KHTML, like Gecko) Chrome/107.0.0.0 Safari/537.36"
183.207.45.94 - - [24/Nov/2024:22:36:50 -0300] "GET /noticias_detalle.php?IdNoticia=1873 HTTP/1.1" 302 248 "-" "Mozilla/5.0 (Windows NT 10.0; Win64; x64) AppleWebKit/537.36 (KHTML, like Gecko) Chrome/107.0.0.0 Safari/537.36"
183.207.45.94 - - [24/Nov/2024:22:36:51 -0300] "GET /noticias.php?IdCategoria=13 HTTP/1.1" 302 240 "-" "Mozilla/5.0 (Windows NT 10.0; Win64; x64) AppleWebKit/537.36 (KHTML, like Gecko) Chrome/107.0.0.0 Safari/537.36"
183.207.45.94 - - [24/Nov/2024:22:36:52 -0300] "GET /calendario.php HTTP/1.1" 302 227 "-" "Mozilla/5.0 (Windows NT 10.0; Win64; x64) AppleWebKit/537.36 (KHTML, like Gecko) Chrome/107.0.0.0 Safari/537.36"
183.207.45.94 - - [24/Nov/2024:22:36:53 -0300] "GET /noticias_detalle.php?IdNoticia=1870 HTTP/1.1" 302 248 "-" "Mozilla/5.0 (Windows NT 10.0; Win64; x64) AppleWebKit/537.36 (KHTML, like Gecko) Chrome/107.0.0.0 Safari/537.36"
183.207.45.94 - - [24/Nov/2024:22:36:54 -0300] "GET /anuarios.php HTTP/1.1" 302 225 "-" "Mozilla/5.0 (Windows NT 10.0; Win64; x64) AppleWebKit/537.36 (KHTML, like Gecko) Chrome/107.0.0.0 Safari/537.36"
183.207.45.94 - - [24/Nov/2024:22:36:55 -0300] "GET /formularios.php HTTP/1.1" 302 228 "-" "Mozilla/5.0 (Windows NT 10.0; Win64; x64) AppleWebKit/537.36 (KHTML, like Gecko) Chrome/107.0.0.0 Safari/537.36"
183.207.45.94 - - [24/Nov/2024:22:36:56 -0300] "GET /eventos_detalle.php?IdEvento=1572 HTTP/1.1" 302 246 "-" "Mozilla/5.0 (Windows NT 10.0; Win64; x64) AppleWebKit/537.36 (KHTML, like Gecko) Chrome/107.0.0.0 Safari/537.36"
183.207.45.94 - - [24/Nov/2024:22:36:57 -0300] "GET /reglamentos?Prueba=10 HTTP/1.1" 302 234 "-" "Mozilla/5.0 (Windows NT 10.0; Win64; x64) AppleWebKit/537.36 (KHTML, like Gecko) Chrome/107.0.0.0 Safari/537.36"
183.207.45.94 - - [24/Nov/2024:22:36:58 -0300] "GET /eventos_detalle.php?IdEvento=1652 HTTP/1.1" 302 246 "-" "Mozilla/5.0 (Windows NT 10.0; Win64; x64) AppleWebKit/537.36 (KHTML, like Gecko) Chrome/107.0.0.0 Safari/537.36"
183.207.45.94 - - [24/Nov/2024:22:36:59 -0300] "GET /reglamentos?Prueba=9 HTTP/1.1" 302 233 "-" "Mozilla/5.0 (Windows NT 10.0; Win64; x64) AppleWebKit/537.36 (KHTML, like Gecko) Chrome/107.0.0.0 Safari/537.36"
183.207.45.94 - - [24/Nov/2024:22:37:00 -0300] "GET /eventos_detalle.php?IdEvento=1653 HTTP/1.1" 302 246 "-" "Mozilla/5.0 (Windows NT 10.0; Win64; x64) AppleWebKit/537.36 (KHTML, like Gecko) Chrome/107.0.0.0 Safari/537.36"
183.207.45.94 - - [24/Nov/2024:22:37:01 -0300] "GET /noticias_detalle.php?IdNoticia=1875 HTTP/1.1" 302 248 "-" "Mozilla/5.0 (Windows NT 10.0; Win64; x64) AppleWebKit/537.36 (KHTML, like Gecko) Chrome/107.0.0.0 Safari/537.36"
183.207.45.94 - - [24/Nov/2024:22:37:02 -0300] "GET /reglamentos?Prueba=8 HTTP/1.1" 302 233 "-" "Mozilla/5.0 (Windows NT 10.0; Win64; x64) AppleWebKit/537.36 (KHTML, like Gecko) Chrome/107.0.0.0 Safari/537.36"
183.207.45.94 - - [24/Nov/2024:22:37:03 -0300] "GET /noticias_detalle.php?IdNoticia=1876 HTTP/1.1" 302 248 "-" "Mozilla/5.0 (Windows NT 10.0; Win64; x64) AppleWebKit/537.36 (KHTML, like Gecko) Chrome/107.0.0.0 Safari/537.36"
183.207.45.94 - - [24/Nov/2024:22:37:04 -0300] "GET /reglamentos?Prueba=7 HTTP/1.1" 302 233 "-" "Mozilla/5.0 (Windows NT 10.0; Win64; x64) AppleWebKit/537.36 (KHTML, like Gecko) Chrome/107.0.0.0 Safari/537.36"
183.207.45.94 - - [24/Nov/2024:22:37:05 -0300] "GET /reglamentos?Prueba=6 HTTP/1.1" 302 233 "-" "Mozilla/5.0 (Windows NT 10.0; Win64; x64) AppleWebKit/537.36 (KHTML, like Gecko) Chrome/107.0.0.0 Safari/537.36"
183.207.45.94 - - [24/Nov/2024:22:37:06 -0300] "GET /noticias_detalle.php?IdNoticia=1868 HTTP/1.1" 302 248 "-" "Mozilla/5.0 (Windows NT 10.0; Win64; x64) AppleWebKit/537.36 (KHTML, like Gecko) Chrome/107.0.0.0 Safari/537.36"
183.207.45.94 - - [24/Nov/2024:22:37:07 -0300] "GET /reglamentos?Prueba=5 HTTP/1.1" 302 233 "-" "Mozilla/5.0 (Windows NT 10.0; Win64; x64) AppleWebKit/537.36 (KHTML, like Gecko) Chrome/107.0.0.0 Safari/537.36"
183.207.45.94 - - [24/Nov/2024:22:37:08 -0300] "GET /reglamentos?Prueba=4 HTTP/1.1" 302 233 "-" "Mozilla/5.0 (Windows NT 10.0; Win64; x64) AppleWebKit/537.36 (KHTML, like Gecko) Chrome/107.0.0.0 Safari/537.36"
183.207.45.94 - - [24/Nov/2024:22:37:08 -0300] "GET /noticias_detalle.php?IdNoticia=96 HTTP/1.1" 302 246 "-" "Mozilla/5.0 (Windows NT 10.0; Win64; x64) AppleWebKit/537.36 (KHTML, like Gecko) Chrome/107.0.0.0 Safari/537.36"
183.207.45.94 - - [24/Nov/2024:22:37:09 -0300] "GET /reglamentos?Prueba=3 HTTP/1.1" 302 233 "-" "Mozilla/5.0 (Windows NT 10.0; Win64; x64) AppleWebKit/537.36 (KHTML, like Gecko) Chrome/107.0.0.0 Safari/537.36"
183.207.45.94 - - [24/Nov/2024:22:37:10 -0300] "GET /reglamentos?Prueba=2 HTTP/1.1" 302 233 "-" "Mozilla/5.0 (Windows NT 10.0; Win64; x64) AppleWebKit/537.36 (KHTML, like Gecko) Chrome/107.0.0.0 Safari/537.36"
183.207.45.94 - - [24/Nov/2024:22:37:11 -0300] "GET /reglamentos?Prueba=1 HTTP/1.1" 302 233 "-" "Mozilla/5.0 (Windows NT 10.0; Win64; x64) AppleWebKit/537.36 (KHTML, like Gecko) Chrome/107.0.0.0 Safari/537.36"
183.207.45.94 - - [24/Nov/2024:22:37:12 -0300] "GET /reglamentos HTTP/1.1" 302 224 "-" "Mozilla/5.0 (Windows NT 10.0; Win64; x64) AppleWebKit/537.36 (KHTML, like Gecko) Chrome/107.0.0.0 Safari/537.36"
183.207.45.94 - - [24/Nov/2024:22:37:13 -0300] "GET /actas HTTP/1.1" 302 218 "-" "Mozilla/5.0 (Windows NT 10.0; Win64; x64) AppleWebKit/537.36 (KHTML, like Gecko) Chrome/107.0.0.0 Safari/537.36"
183.207.45.94 - - [24/Nov/2024:22:37:14 -0300] "GET /_recursos/archivos/estatuto_al_30_de_agosto_2021.pdf HTTP/1.1" 302 265 "-" "Mozilla/5.0 (Windows NT 10.0; Win64; x64) AppleWebKit/537.36 (KHTML, like Gecko) Chrome/107.0.0.0 Safari/537.36"
183.207.45.94 - - [24/Nov/2024:22:37:15 -0300] "GET /delegados.php HTTP/1.1" 302 226 "-" "Mozilla/5.0 (Windows NT 10.0; Win64; x64) AppleWebKit/537.36 (KHTML, like Gecko) Chrome/107.0.0.0 Safari/537.36"
183.207.45.94 - - [24/Nov/2024:22:37:16 -0300] "GET /staff.php HTTP/1.1" 302 222 "-" "Mozilla/5.0 (Windows NT 10.0; Win64; x64) AppleWebKit/537.36 (KHTML, like Gecko) Chrome/107.0.0.0 Safari/537.36"
183.207.45.94 - - [24/Nov/2024:22:37:17 -0300] "GET /comisiones.php HTTP/1.1" 302 227 "-" "Mozilla/5.0 (Windows NT 10.0; Win64; x64) AppleWebKit/537.36 (KHTML, like Gecko) Chrome/107.0.0.0 Safari/537.36"
183.207.45.94 - - [24/Nov/2024:22:37:18 -0300] "GET /comision_directiva.php HTTP/1.1" 302 235 "-" "Mozilla/5.0 (Windows NT 10.0; Win64; x64) AppleWebKit/537.36 (KHTML, like Gecko) Chrome/107.0.0.0 Safari/537.36"
183.207.45.94 - - [24/Nov/2024:22:37:19 -0300] "GET /objetivo.php HTTP/1.1" 302 225 "-" "Mozilla/5.0 (Windows NT 10.0; Win64; x64) AppleWebKit/537.36 (KHTML, like Gecko) Chrome/107.0.0.0 Safari/537.36"
183.207.45.94 - - [24/Nov/2024:22:37:20 -0300] "GET /presidentes.php HTTP/1.1" 302 228 "-" "Mozilla/5.0 (Windows NT 10.0; Win64; x64) AppleWebKit/537.36 (KHTML, like Gecko) Chrome/107.0.0.0 Safari/537.36"
183.207.45.94 - - [24/Nov/2024:22:37:21 -0300] "GET /historia.php HTTP/1.1" 302 225 "-" "Mozilla/5.0 (Windows NT 10.0; Win64; x64) AppleWebKit/537.36 (KHTML, like Gecko) Chrome/107.0.0.0 Safari/537.36"
183.207.45.94 - - [24/Nov/2024:22:37:23 -0300] "GET /web HTTP/1.1" 301 244 "-" "Mozilla/5.0 (Windows NT 10.0; Win64; x64) AppleWebKit/537.36 (KHTML, like Gecko) Chrome/107.0.0.0 Safari/537.36"
183.207.45.94 - - [24/Nov/2024:22:37:23 -0300] "GET /web/ HTTP/1.1" 301 - "-" "Mozilla/5.0 (Windows NT 10.0; Win64; x64) AppleWebKit/537.36 (KHTML, like Gecko) Chrome/107.0.0.0 Safari/537.36"
183.207.45.94 - - [24/Nov/2024:22:37:25 -0300] "GET /index.php HTTP/1.1" 302 222 "-" "Mozilla/5.0 (Windows NT 10.0; Win64; x64) AppleWebKit/537.36 (KHTML, like Gecko) Chrome/107.0.0.0 Safari/537.36"
183.207.45.94 - - [24/Nov/2024:22:37:25 -0300] "GET /assets/images/logo_accc.jpg HTTP/1.1" 302 240 "-" "Mozilla/5.0 (Windows NT 10.0; Win64; x64) AppleWebKit/537.36 (KHTML, like Gecko) Chrome/107.0.0.0 Safari/537.36"
183.207.45.94 - - [24/Nov/2024:22:37:26 -0300] "GET /assets/images/logo_accc.png HTTP/1.1" 302 240 "-" "Mozilla/5.0 (Windows NT 10.0; Win64; x64) AppleWebKit/537.36 (KHTML, like Gecko) Chrome/107.0.0.0 Safari/537.36"
183.207.45.94 - - [24/Nov/2024:22:37:27 -0300] "GET /assets/images/logos/logo-energy.png HTTP/1.1" 302 248 "-" "Mozilla/5.0 (Windows NT 10.0; Win64; x64) AppleWebKit/537.36 (KHTML, like Gecko) Chrome/107.0.0.0 Safari/537.36"
183.207.45.94 - - [24/Nov/2024:22:37:28 -0300] "GET /assets/images/logos/logo-equidiet-blanco.svg HTTP/1.1" 302 257 "-" "Mozilla/5.0 (Windows NT 10.0; Win64; x64) AppleWebKit/537.36 (KHTML, like Gecko) Chrome/107.0.0.0 Safari/537.36"
183.207.45.94 - - [24/Nov/2024:22:37:29 -0300] "GET /assets/images/logos/logo_galicia.png HTTP/1.1" 302 249 "-" "Mozilla/5.0 (Windows NT 10.0; Win64; x64) AppleWebKit/537.36 (KHTML, like Gecko) Chrome/107.0.0.0 Safari/537.36"
183.207.45.94 - - [24/Nov/2024:22:37:30 -0300] "GET /assets/images/logos/logo_rus_agro.png HTTP/1.1" 302 250 "-" "Mozilla/5.0 (Windows NT 10.0; Win64; x64) AppleWebKit/537.36 (KHTML, like Gecko) Chrome/107.0.0.0 Safari/537.36"
183.207.45.94 - - [24/Nov/2024:22:37:31 -0300] "GET /assets/images/logos/logo_galicia_rural.png HTTP/1.1" 302 255 "-" "Mozilla/5.0 (Windows NT 10.0; Win64; x64) AppleWebKit/537.36 (KHTML, like Gecko) Chrome/107.0.0.0 Safari/537.36"
183.207.45.94 - - [24/Nov/2024:22:37:32 -0300] "GET /assets/images/banners/banner_newsletter.jpg HTTP/1.1" 302 256 "-" "Mozilla/5.0 (Windows NT 10.0; Win64; x64) AppleWebKit/537.36 (KHTML, like Gecko) Chrome/107.0.0.0 Safari/537.36"
183.207.45.94 - - [24/Nov/2024:22:37:33 -0300] "GET /assets/images/banners/banner_anuarios.jpg HTTP/1.1" 302 254 "-" "Mozilla/5.0 (Windows NT 10.0; Win64; x64) AppleWebKit/537.36 (KHTML, like Gecko) Chrome/107.0.0.0 Safari/537.36"
183.207.45.94 - - [24/Nov/2024:22:37:34 -0300] "GET /assets/images/banner_ser_socio.jpg HTTP/1.1" 302 247 "-" "Mozilla/5.0 (Windows NT 10.0; Win64; x64) AppleWebKit/537.36 (KHTML, like Gecko) Chrome/107.0.0.0 Safari/537.36"
183.207.45.94 - - [24/Nov/2024:22:37:35 -0300] "GET /assets/images/banner_calendario.jpg HTTP/1.1" 302 248 "-" "Mozilla/5.0 (Windows NT 10.0; Win64; x64) AppleWebKit/537.36 (KHTML, like Gecko) Chrome/107.0.0.0 Safari/537.36"
183.207.45.94 - - [24/Nov/2024:22:37:36 -0300] "GET /_recursos/noticias/imagenes/big/2024111311191946281.png HTTP/1.1" 302 268 "-" "Mozilla/5.0 (Windows NT 10.0; Win64; x64) AppleWebKit/537.36 (KHTML, like Gecko) Chrome/107.0.0.0 Safari/537.36"
183.207.45.94 - - [24/Nov/2024:22:37:37 -0300] "GET /_recursos/noticias/imagenes/big/2024112004300149903.png HTTP/1.1" 302 268 "-" "Mozilla/5.0 (Windows NT 10.0; Win64; x64) AppleWebKit/537.36 (KHTML, like Gecko) Chrome/107.0.0.0 Safari/537.36"
183.207.45.94 - - [24/Nov/2024:22:37:38 -0300] "GET /assets/images/banners/banner_equidiet.gif HTTP/1.1" 302 254 "-" "Mozilla/5.0 (Windows NT 10.0; Win64; x64) AppleWebKit/537.36 (KHTML, like Gecko) Chrome/107.0.0.0 Safari/537.36"
183.207.45.94 - - [24/Nov/2024:22:37:39 -0300] "GET /assets/images/banners/banner_galicia.gif HTTP/1.1" 302 253 "-" "Mozilla/5.0 (Windows NT 10.0; Win64; x64) AppleWebKit/537.36 (KHTML, like Gecko) Chrome/107.0.0.0 Safari/537.36"
183.207.45.94 - - [24/Nov/2024:22:37:40 -0300] "GET /assets/images/accc.jpg HTTP/1.1" 302 235 "-" "Mozilla/5.0 (Windows NT 10.0; Win64; x64) AppleWebKit/537.36 (KHTML, like Gecko) Chrome/107.0.0.0 Safari/537.36"
183.207.45.94 - - [24/Nov/2024:22:37:41 -0300] "GET /_recursos/noticias/imagenes/big/2024111912162698626.png HTTP/1.1" 302 268 "-" "Mozilla/5.0 (Windows NT 10.0; Win64; x64) AppleWebKit/537.36 (KHTML, like Gecko) Chrome/107.0.0.0 Safari/537.36"
183.207.45.94 - - [24/Nov/2024:22:37:42 -0300] "GET /_recursos/noticias/imagenes/big/2024112001323467086.png HTTP/1.1" 302 268 "-" "Mozilla/5.0 (Windows NT 10.0; Win64; x64) AppleWebKit/537.36 (KHTML, like Gecko) Chrome/107.0.0.0 Safari/537.36"
183.207.45.94 - - [24/Nov/2024:22:37:43 -0300] "GET /assets/images/iconos/ic_tipo-y-aptitud.png HTTP/1.1" 302 255 "-" "Mozilla/5.0 (Windows NT 10.0; Win64; x64) AppleWebKit/537.36 (KHTML, like Gecko) Chrome/107.0.0.0 Safari/537.36"
183.207.45.94 - - [24/Nov/2024:22:37:44 -0300] "GET /assets/images/iconos/ic_incentivo.png HTTP/1.1" 302 250 "-" "Mozilla/5.0 (Windows NT 10.0; Win64; x64) AppleWebKit/537.36 (KHTML, like Gecko) Chrome/107.0.0.0 Safari/537.36"
183.207.45.94 - - [24/Nov/2024:22:37:45 -0300] "GET /assets/images/iconos/ic_paleteada.png HTTP/1.1" 302 250 "-" "Mozilla/5.0 (Windows NT 10.0; Win64; x64) AppleWebKit/537.36 (KHTML, like Gecko) Chrome/107.0.0.0 Safari/537.36"
69.162.124.231 - - [24/Nov/2024:22:37:46 -0300] "HEAD / HTTP/1.1" 302 - "http://caballoscriollos.com/" "Mozilla/5.0+(compatible; UptimeRobot/2.0; http://www.uptimerobot.com/)"
183.207.45.94 - - [24/Nov/2024:22:37:46 -0300] "GET /assets/images/iconos/ic_rodeos.png HTTP/1.1" 302 247 "-" "Mozilla/5.0 (Windows NT 10.0; Win64; x64) AppleWebKit/537.36 (KHTML, like Gecko) Chrome/107.0.0.0 Safari/537.36"
183.207.45.94 - - [24/Nov/2024:22:37:47 -0300] "GET /assets/images/iconos/ic_marcha.png HTTP/1.1" 302 247 "-" "Mozilla/5.0 (Windows NT 10.0; Win64; x64) AppleWebKit/537.36 (KHTML, like Gecko) Chrome/107.0.0.0 Safari/537.36"
183.207.45.94 - - [24/Nov/2024:22:37:48 -0300] "GET /assets/images/iconos/ic_morfologia.png HTTP/1.1" 302 251 "-" "Mozilla/5.0 (Windows NT 10.0; Win64; x64) AppleWebKit/537.36 (KHTML, like Gecko) Chrome/107.0.0.0 Safari/537.36"
183.207.45.94 - - [24/Nov/2024:22:37:49 -0300] "GET /assets/images/iconos/ic_freno.png HTTP/1.1" 302 246 "-" "Mozilla/5.0 (Windows NT 10.0; Win64; x64) AppleWebKit/537.36 (KHTML, like Gecko) Chrome/107.0.0.0 Safari/537.36"
183.207.45.94 - - [24/Nov/2024:22:37:50 -0300] "GET /assets/images/iconos/ic_rienda.png HTTP/1.1" 302 247 "-" "Mozilla/5.0 (Windows NT 10.0; Win64; x64) AppleWebKit/537.36 (KHTML, like Gecko) Chrome/107.0.0.0 Safari/537.36"
183.207.45.94 - - [24/Nov/2024:22:37:51 -0300] "GET /assets/images/iconos/ic_corral.png HTTP/1.1" 302 247 "-" "Mozilla/5.0 (Windows NT 10.0; Win64; x64) AppleWebKit/537.36 (KHTML, like Gecko) Chrome/107.0.0.0 Safari/537.36"
183.207.45.94 - - [24/Nov/2024:22:37:52 -0300] "GET /assets/images/iconos/ic_aparte.png HTTP/1.1" 302 247 "-" "Mozilla/5.0 (Windows NT 10.0; Win64; x64) AppleWebKit/537.36 (KHTML, like Gecko) Chrome/107.0.0.0 Safari/537.36"
183.207.45.94 - - [24/Nov/2024:22:37:52 -0300] "GET /_recursos/noticias/imagenes/big/2024112012003386243.png HTTP/1.1" 302 268 "-" "Mozilla/5.0 (Windows NT 10.0; Win64; x64) AppleWebKit/537.36 (KHTML, like Gecko) Chrome/107.0.0.0 Safari/537.36"
183.207.45.94 - - [24/Nov/2024:22:37:53 -0300] "GET /_recursos/noticias/imagenes/big/2024112105001017801.png HTTP/1.1" 302 268 "-" "Mozilla/5.0 (Windows NT 10.0; Win64; x64) AppleWebKit/537.36 (KHTML, like Gecko) Chrome/107.0.0.0 Safari/537.36"
183.207.45.94 - - [24/Nov/2024:22:37:54 -0300] "GET /_recursos/noticias/imagenes/big/202411220958257799.png HTTP/1.1" 302 267 "-" "Mozilla/5.0 (Windows NT 10.0; Win64; x64) AppleWebKit/537.36 (KHTML, like Gecko) Chrome/107.0.0.0 Safari/537.36"
183.207.45.94 - - [24/Nov/2024:22:37:56 -0300] "GET /assets/images/logo-accc-header.png HTTP/1.1" 302 247 "-" "Mozilla/5.0 (Windows NT 10.0; Win64; x64) AppleWebKit/537.36 (KHTML, like Gecko) Chrome/107.0.0.0 Safari/537.36"
183.207.45.94 - - [24/Nov/2024:22:37:57 -0300] "GET /assets/images/marca_pais.png HTTP/1.1" 302 241 "-" "Mozilla/5.0 (Windows NT 10.0; Win64; x64) AppleWebKit/537.36 (KHTML, like Gecko) Chrome/107.0.0.0 Safari/537.36"
183.207.45.94 - - [24/Nov/2024:22:37:58 -0300] "GET /assets/vendors/jquery-magnific-popup/jquery.magnific-popup.css HTTP/1.1" 302 275 "-" "Mozilla/5.0 (Windows NT 10.0; Win64; x64) AppleWebKit/537.36 (KHTML, like Gecko) Chrome/107.0.0.0 Safari/537.36"
183.207.45.94 - - [24/Nov/2024:22:37:58 -0300] "GET /assets/vendors/jarallax/jarallax.css HTTP/1.1" 302 249 "-" "Mozilla/5.0 (Windows NT 10.0; Win64; x64) AppleWebKit/537.36 (KHTML, like Gecko) Chrome/107.0.0.0 Safari/537.36"
183.207.45.94 - - [24/Nov/2024:22:37:59 -0300] "GET /assets/vendors/fontawesome/css/all.min.css HTTP/1.1" 302 255 "-" "Mozilla/5.0 (Windows NT 10.0; Win64; x64) AppleWebKit/537.36 (KHTML, like Gecko) Chrome/107.0.0.0 Safari/537.36"
183.207.45.94 - - [24/Nov/2024:22:38:00 -0300] "GET /assets/vendors/animate/custom-animate.css HTTP/1.1" 302 254 "-" "Mozilla/5.0 (Windows NT 10.0; Win64; x64) AppleWebKit/537.36 (KHTML, like Gecko) Chrome/107.0.0.0 Safari/537.36"
183.207.45.94 - - [24/Nov/2024:22:38:01 -0300] "GET /assets/vendors/animate/animate.min.css HTTP/1.1" 302 251 "-" "Mozilla/5.0 (Windows NT 10.0; Win64; x64) AppleWebKit/537.36 (KHTML, like Gecko) Chrome/107.0.0.0 Safari/537.36"
183.207.45.94 - - [24/Nov/2024:22:38:02 -0300] "GET /assets/vendors/bootstrap/css/bootstrap.min.css HTTP/1.1" 302 259 "-" "Mozilla/5.0 (Windows NT 10.0; Win64; x64) AppleWebKit/537.36 (KHTML, like Gecko) Chrome/107.0.0.0 Safari/537.36"
183.207.45.94 - - [24/Nov/2024:22:38:03 -0300] "GET /assets/images/favicons/site.webmanifest HTTP/1.1" 302 252 "-" "Mozilla/5.0 (Windows NT 10.0; Win64; x64) AppleWebKit/537.36 (KHTML, like Gecko) Chrome/107.0.0.0 Safari/537.36"
183.207.45.94 - - [24/Nov/2024:22:38:04 -0300] "GET /assets/images/favicons/accc-16.png HTTP/1.1" 302 247 "-" "Mozilla/5.0 (Windows NT 10.0; Win64; x64) AppleWebKit/537.36 (KHTML, like Gecko) Chrome/107.0.0.0 Safari/537.36"
183.207.45.94 - - [24/Nov/2024:22:38:05 -0300] "GET /assets/images/favicons/accc-32.png HTTP/1.1" 302 247 "-" "Mozilla/5.0 (Windows NT 10.0; Win64; x64) AppleWebKit/537.36 (KHTML, like Gecko) Chrome/107.0.0.0 Safari/537.36"
183.207.45.94 - - [24/Nov/2024:22:38:06 -0300] "GET /assets/images/favicons/accc-180.png HTTP/1.1" 302 248 "-" "Mozilla/5.0 (Windows NT 10.0; Win64; x64) AppleWebKit/537.36 (KHTML, like Gecko) Chrome/107.0.0.0 Safari/537.36"
183.207.45.94 - - [24/Nov/2024:22:38:07 -0300] "GET /videos.php HTTP/1.1" 302 223 "-" "Mozilla/5.0 (Windows NT 10.0; Win64; x64) AppleWebKit/537.36 (KHTML, like Gecko) Chrome/107.0.0.0 Safari/537.36"
183.207.45.94 - - [24/Nov/2024:22:38:08 -0300] "GET /noticias.php?IdCategoria=265 HTTP/1.1" 302 241 "-" "Mozilla/5.0 (Windows NT 10.0; Win64; x64) AppleWebKit/537.36 (KHTML, like Gecko) Chrome/107.0.0.0 Safari/537.36"
183.207.45.94 - - [24/Nov/2024:22:38:09 -0300] "GET /Morfologia HTTP/1.1" 302 223 "-" "Mozilla/5.0 (Windows NT 10.0; Win64; x64) AppleWebKit/537.36 (KHTML, like Gecko) Chrome/107.0.0.0 Safari/537.36"
69.162.124.231 - - [24/Nov/2024:22:42:46 -0300] "HEAD / HTTP/1.1" 302 - "http://caballoscriollos.com/" "Mozilla/5.0+(compatible; UptimeRobot/2.0; http://www.uptimerobot.com/)"
54.236.1.11 - - [24/Nov/2024:22:45:15 -0300] "GET /espanol/home.php HTTP/1.1" 302 229 "-" "Mozilla/5.0 (compatible; Pinterestbot/1.0; +http://www.pinterest.com/bot.html)"
69.162.124.231 - - [24/Nov/2024:22:47:46 -0300] "HEAD / HTTP/1.1" 302 - "http://caballoscriollos.com/" "Mozilla/5.0+(compatible; UptimeRobot/2.0; http://www.uptimerobot.com/)"
156.59.198.136 - - [24/Nov/2024:22:51:49 -0300] "GET /_recursos/noticias/thumb/1602_20140609025048.jpg HTTP/1.0" 302 261 "-" "Mozilla/5.0 (Linux; Android 5.0) AppleWebKit/537.36 (KHTML, like Gecko) Mobile Safari/537.36 (compatible; Bytespider; spider-feedback@bytedance.com)"
69.162.124.231 - - [24/Nov/2024:22:52:46 -0300] "HEAD / HTTP/1.1" 302 - "http://caballoscriollos.com/" "Mozilla/5.0+(compatible; UptimeRobot/2.0; http://www.uptimerobot.com/)"
156.59.198.136 - - [24/Nov/2024:22:52:49 -0300] "GET /_recursos/noticias/thumb/9527_20141017030517.jpg HTTP/1.0" 302 261 "-" "Mozilla/5.0 (Linux; Android 5.0) AppleWebKit/537.36 (KHTML, like Gecko) Mobile Safari/537.36 (compatible; Bytespider; spider-feedback@bytedance.com)"
173.252.83.25 - - [24/Nov/2024:22:56:41 -0300] "GET /sitio/noticia.html?n=377 HTTP/1.1" 301 246 "-" "facebookexternalhit/1.1 (+http://www.facebook.com/externalhit_uatext.php)"
173.252.83.9 - - [24/Nov/2024:22:56:41 -0300] "GET /sitio/noticia.html?n=377 HTTP/1.1" 301 246 "-" "facebookexternalhit/1.1 (+http://www.facebook.com/externalhit_uatext.php)"
173.252.83.3 - - [24/Nov/2024:22:56:41 -0300] "GET /web/?n=377 HTTP/1.1" 301 - "-" "facebookexternalhit/1.1 (+http://www.facebook.com/externalhit_uatext.php)"
173.252.83.2 - - [24/Nov/2024:22:56:41 -0300] "GET /web/?n=377 HTTP/1.1" 301 - "-" "facebookexternalhit/1.1 (+http://www.facebook.com/externalhit_uatext.php)"
156.59.198.135 - - [24/Nov/2024:22:56:54 -0300] "GET /_recursos/noticias/thumb/730_20110510091651.jpg HTTP/1.0" 302 260 "-" "Mozilla/5.0 (Linux; Android 5.0) AppleWebKit/537.36 (KHTML, like Gecko) Mobile Safari/537.36 (compatible; Bytespider; spider-feedback@bytedance.com)"
69.162.124.231 - - [24/Nov/2024:22:57:46 -0300] "HEAD / HTTP/1.1" 302 - "http://caballoscriollos.com/" "Mozilla/5.0+(compatible; UptimeRobot/2.0; http://www.uptimerobot.com/)"
54.236.1.11 - - [24/Nov/2024:23:00:15 -0300] "GET /espanol/lote_detalle.php?Page=1&FilterCabania=&FilterPresentacion=&FilterSexo=&FilterPrecioDesde=&FilterPrecioHasta=&IdLote=177 HTTP/1.1" 302 364 "-" "Mozilla/5.0 (compatible; Pinterestbot/1.0; +http://www.pinterest.com/bot.html)"
69.162.124.231 - - [24/Nov/2024:23:02:46 -0300] "HEAD / HTTP/1.1" 302 - "http://caballoscriollos.com/" "Mozilla/5.0+(compatible; UptimeRobot/2.0; http://www.uptimerobot.com/)"
69.162.124.231 - - [24/Nov/2024:23:07:46 -0300] "HEAD / HTTP/1.1" 302 - "http://caballoscriollos.com/" "Mozilla/5.0+(compatible; UptimeRobot/2.0; http://www.uptimerobot.com/)"
69.162.124.231 - - [24/Nov/2024:23:12:46 -0300] "HEAD / HTTP/1.1" 302 - "http://caballoscriollos.com/" "Mozilla/5.0+(compatible; UptimeRobot/2.0; http://www.uptimerobot.com/)"
51.222.253.5 - - [24/Nov/2024:23:13:20 -0300] "GET /espanol/noticias_detalle.php?noticiasID=3000 HTTP/1.1" 302 257 "-" "Mozilla/5.0 (compatible; AhrefsBot/7.0; +http://ahrefs.com/robot/)"
69.162.124.231 - - [24/Nov/2024:23:17:46 -0300] "HEAD / HTTP/1.1" 302 - "http://caballoscriollos.com/" "Mozilla/5.0+(compatible; UptimeRobot/2.0; http://www.uptimerobot.com/)"
69.162.124.231 - - [24/Nov/2024:23:22:46 -0300] "HEAD / HTTP/1.1" 302 - "http://caballoscriollos.com/" "Mozilla/5.0+(compatible; UptimeRobot/2.0; http://www.uptimerobot.com/)"
69.162.124.231 - - [24/Nov/2024:23:27:46 -0300] "HEAD / HTTP/1.1" 302 - "http://caballoscriollos.com/" "Mozilla/5.0+(compatible; UptimeRobot/2.0; http://www.uptimerobot.com/)"
157.55.39.201 - - [24/Nov/2024:23:28:15 -0300] "GET /espanol/cabanias.php HTTP/1.1" 302 233 "-" "Mozilla/5.0 AppleWebKit/537.36 (KHTML, like Gecko; compatible; bingbot/2.0; +http://www.bing.com/bingbot.htm) Chrome/116.0.1938.76 Safari/537.36"
69.162.124.231 - - [24/Nov/2024:23:32:46 -0300] "HEAD / HTTP/1.1" 302 - "http://caballoscriollos.com/" "Mozilla/5.0+(compatible; UptimeRobot/2.0; http://www.uptimerobot.com/)"
51.222.253.12 - - [24/Nov/2024:23:34:57 -0300] "GET /espanol/boletin_electronico_detalle.php?newsletterID=45 HTTP/1.1" 302 268 "-" "Mozilla/5.0 (compatible; AhrefsBot/7.0; +http://ahrefs.com/robot/)"
20.230.219.169 - - [24/Nov/2024:23:35:57 -0300] "GET / HTTP/1.1" 302 213 "-" "Mozilla/5.0 (Windows NT 10.0; Win64; x64) AppleWebKit/537.36 (KHTML, like Gecko) Chrome/125.0.6422.114 Safari/537.36"
69.162.124.231 - - [24/Nov/2024:23:37:46 -0300] "HEAD / HTTP/1.1" 302 - "http://caballoscriollos.com/" "Mozilla/5.0+(compatible; UptimeRobot/2.0; http://www.uptimerobot.com/)"
69.162.124.231 - - [24/Nov/2024:23:42:46 -0300] "HEAD / HTTP/1.1" 302 - "http://caballoscriollos.com/" "Mozilla/5.0+(compatible; UptimeRobot/2.0; http://www.uptimerobot.com/)"
42.236.12.225 - - [24/Nov/2024:23:47:14 -0300] "GET / HTTP/1.1" 302 213 "http://www.caballoscriollos.com/" "Mozilla/5.0 (Windows NT 6.1; WOW64) AppleWebKit/537.36 (KHTML, like Gecko) Chrome/50.0.2661.102 Safari/537.36; 360Spider"
69.162.124.231 - - [24/Nov/2024:23:47:46 -0300] "HEAD / HTTP/1.1" 302 - "http://caballoscriollos.com/" "Mozilla/5.0+(compatible; UptimeRobot/2.0; http://www.uptimerobot.com/)"
114.119.158.31 - - [24/Nov/2024:23:52:28 -0300] "GET /espanol/library/graphs?C=N%3BO%3DD HTTP/1.1" 302 247 "http://www.caballoscriollos.com/espanol/library/graphs?C=M%3BO%3DA" "Mozilla/5.0 (Linux; Android 7.0;) AppleWebKit/537.36 (KHTML, like Gecko) Mobile Safari/537.36 (compatible; PetalBot;+https://webmaster.petalsearch.com/site/petalbot)"
69.162.124.231 - - [24/Nov/2024:23:52:46 -0300] "HEAD / HTTP/1.1" 302 - "http://caballoscriollos.com/" "Mozilla/5.0+(compatible; UptimeRobot/2.0; http://www.uptimerobot.com/)"
69.162.124.231 - - [24/Nov/2024:23:57:46 -0300] "HEAD / HTTP/1.1" 302 - "http://caballoscriollos.com/" "Mozilla/5.0+(compatible; UptimeRobot/2.0; http://www.uptimerobot.com/)"
66.249.79.238 - - [25/Nov/2024:00:02:15 -0300] "GET /espanol/calendario_portada_pdf.php?calendarioID=1068 HTTP/1.1" 302 265 "-" "Mozilla/5.0 (Linux; Android 6.0.1; Nexus 5X Build/MMB29P) AppleWebKit/537.36 (KHTML, like Gecko) Chrome/131.0.6778.69 Mobile Safari/537.36 (compatible; Googlebot/2.1; +http://www.google.com/bot.html)"
69.162.124.231 - - [25/Nov/2024:00:02:46 -0300] "HEAD / HTTP/1.1" 302 - "http://caballoscriollos.com/" "Mozilla/5.0+(compatible; UptimeRobot/2.0; http://www.uptimerobot.com/)"
216.244.66.198 - - [25/Nov/2024:00:03:05 -0300] "GET /robots.txt HTTP/1.1" 302 223 "-" "Mozilla/5.0 (compatible; DotBot/1.2; +https://opensiteexplorer.org/dotbot; help@moz.com)"
216.244.66.198 - - [25/Nov/2024:00:03:05 -0300] "GET /robots.txt HTTP/1.1" 302 223 "-" "Mozilla/5.0 (compatible; DotBot/1.2; +https://opensiteexplorer.org/dotbot; help@moz.com)"
69.162.124.231 - - [25/Nov/2024:00:07:46 -0300] "HEAD / HTTP/1.1" 302 - "http://caballoscriollos.com/" "Mozilla/5.0+(compatible; UptimeRobot/2.0; http://www.uptimerobot.com/)"
156.59.198.136 - - [25/Nov/2024:00:09:11 -0300] "GET /_recursos/noticias/thumb/3893_20120518010928.jpg HTTP/1.0" 302 261 "-" "Mozilla/5.0 (Linux; Android 5.0) AppleWebKit/537.36 (KHTML, like Gecko) Mobile Safari/537.36 (compatible; Bytespider; spider-feedback@bytedance.com)"
