65.108.110.26 - - [25/Nov/2024:01:07:50 -0300] "GET /espanol/encuesta/graphs/sourcecode/mscolumn2dlinedy/?C=M;O=D HTTP/1.1" 302 273 "-" "Mozilla/5.0 (compatible; MJ12bot/v1.4.8; http://mj12bot.com/)"
65.108.110.26 - - [25/Nov/2024:01:07:54 -0300] "GET /espanol/encuesta/graphs/sourcecode/mscolumn2dlinedy/?C=N;O=A HTTP/1.1" 302 273 "-" "Mozilla/5.0 (compatible; MJ12bot/v1.4.8; http://mj12bot.com/)"
65.108.110.26 - - [25/Nov/2024:01:07:58 -0300] "GET /espanol/encuesta/graphs/sourcecode/mscolumn2dlinedy/?C=N;O=D HTTP/1.1" 302 273 "-" "Mozilla/5.0 (compatible; MJ12bot/v1.4.8; http://mj12bot.com/)"
65.108.110.26 - - [25/Nov/2024:01:08:02 -0300] "GET /espanol/encuesta/graphs/sourcecode/mscolumn2dlinedy/?C=S;O=A HTTP/1.1" 302 273 "-" "Mozilla/5.0 (compatible; MJ12bot/v1.4.8; http://mj12bot.com/)"
65.108.110.26 - - [25/Nov/2024:01:08:06 -0300] "GET /espanol/encuesta/graphs/sourcecode/mscolumn2dlinedy/?C=S;O=D HTTP/1.1" 302 273 "-" "Mozilla/5.0 (compatible; MJ12bot/v1.4.8; http://mj12bot.com/)"
65.108.110.26 - - [25/Nov/2024:01:08:10 -0300] "GET /espanol/encuesta/graphs/sourcecode/mscolumn2dlinedy/fcf_mscolumn2dlinedy.fla HTTP/1.1" 302 289 "-" "Mozilla/5.0 (compatible; MJ12bot/v1.4.8; http://mj12bot.com/)"
65.108.110.26 - - [25/Nov/2024:01:08:15 -0300] "GET /espanol/encuesta/graphs/sourcecode/mscolumn3d/?C=D;O=A HTTP/1.1" 302 267 "-" "Mozilla/5.0 (compatible; MJ12bot/v1.4.8; http://mj12bot.com/)"
65.108.110.26 - - [25/Nov/2024:01:08:19 -0300] "GET /espanol/encuesta/graphs/sourcecode/mscolumn3d/?C=D;O=D HTTP/1.1" 302 267 "-" "Mozilla/5.0 (compatible; MJ12bot/v1.4.8; http://mj12bot.com/)"
65.108.110.26 - - [25/Nov/2024:01:08:23 -0300] "GET /espanol/encuesta/graphs/sourcecode/mscolumn3d/?C=M;O=D HTTP/1.1" 302 267 "-" "Mozilla/5.0 (compatible; MJ12bot/v1.4.8; http://mj12bot.com/)"
65.108.110.26 - - [25/Nov/2024:01:08:27 -0300] "GET /espanol/encuesta/graphs/sourcecode/mscolumn3d/?C=N;O=A HTTP/1.1" 302 267 "-" "Mozilla/5.0 (compatible; MJ12bot/v1.4.8; http://mj12bot.com/)"
65.108.110.26 - - [25/Nov/2024:01:08:31 -0300] "GET /espanol/encuesta/graphs/sourcecode/mscolumn3d/?C=S;O=D HTTP/1.1" 302 267 "-" "Mozilla/5.0 (compatible; MJ12bot/v1.4.8; http://mj12bot.com/)"
65.108.110.26 - - [25/Nov/2024:01:08:35 -0300] "GET /espanol/encuesta/graphs/sourcecode/mscolumn3d/fcf_mscolumn3d.fla HTTP/1.1" 302 277 "-" "Mozilla/5.0 (compatible; MJ12bot/v1.4.8; http://mj12bot.com/)"
65.108.110.26 - - [25/Nov/2024:01:08:39 -0300] "GET /espanol/encuesta/graphs/sourcecode/mscolumn3dlinedy/?C=D;O=D HTTP/1.1" 302 273 "-" "Mozilla/5.0 (compatible; MJ12bot/v1.4.8; http://mj12bot.com/)"
65.108.110.26 - - [25/Nov/2024:01:08:43 -0300] "GET /espanol/encuesta/graphs/sourcecode/mscolumn3dlinedy/?C=N;O=A HTTP/1.1" 302 273 "-" "Mozilla/5.0 (compatible; MJ12bot/v1.4.8; http://mj12bot.com/)"
65.108.110.26 - - [25/Nov/2024:01:08:47 -0300] "GET /espanol/encuesta/graphs/sourcecode/msline/?C=D;O=D HTTP/1.1" 302 263 "-" "Mozilla/5.0 (compatible; MJ12bot/v1.4.8; http://mj12bot.com/)"
65.108.110.26 - - [25/Nov/2024:01:08:51 -0300] "GET /espanol/encuesta/graphs/sourcecode/msline/?C=M;O=D HTTP/1.1" 302 263 "-" "Mozilla/5.0 (compatible; MJ12bot/v1.4.8; http://mj12bot.com/)"
65.108.110.26 - - [25/Nov/2024:01:08:55 -0300] "GET /espanol/encuesta/graphs/sourcecode/msline/?C=N;O=A HTTP/1.1" 302 263 "-" "Mozilla/5.0 (compatible; MJ12bot/v1.4.8; http://mj12bot.com/)"
65.108.110.26 - - [25/Nov/2024:01:08:59 -0300] "GET /espanol/encuesta/graphs/sourcecode/msline/?C=S;O=D HTTP/1.1" 302 263 "-" "Mozilla/5.0 (compatible; MJ12bot/v1.4.8; http://mj12bot.com/)"
65.108.110.26 - - [25/Nov/2024:01:09:02 -0300] "GET /espanol/encuesta/graphs/sourcecode/pie2d/?C=M;O=D HTTP/1.1" 302 262 "-" "Mozilla/5.0 (compatible; MJ12bot/v1.4.8; http://mj12bot.com/)"
65.108.110.26 - - [25/Nov/2024:01:09:11 -0300] "GET /espanol/encuesta/graphs/sourcecode/pie2d/?C=N;O=A HTTP/1.1" 302 262 "-" "Mozilla/5.0 (compatible; MJ12bot/v1.4.8; http://mj12bot.com/)"
65.108.110.26 - - [25/Nov/2024:01:09:15 -0300] "GET /espanol/encuesta/graphs/sourcecode/pie3d/?C=D;O=D HTTP/1.1" 302 262 "-" "Mozilla/5.0 (compatible; MJ12bot/v1.4.8; http://mj12bot.com/)"
65.108.110.26 - - [25/Nov/2024:01:09:18 -0300] "GET /espanol/encuesta/graphs/sourcecode/pie3d/?C=M;O=D HTTP/1.1" 302 262 "-" "Mozilla/5.0 (compatible; MJ12bot/v1.4.8; http://mj12bot.com/)"
65.108.110.26 - - [25/Nov/2024:01:09:22 -0300] "GET /espanol/encuesta/graphs/sourcecode/stackedarea2d/?C=D;O=D HTTP/1.1" 302 270 "-" "Mozilla/5.0 (compatible; MJ12bot/v1.4.8; http://mj12bot.com/)"
65.108.110.26 - - [25/Nov/2024:01:09:26 -0300] "GET /espanol/encuesta/graphs/sourcecode/stackedarea2d/?C=M;O=D HTTP/1.1" 302 270 "-" "Mozilla/5.0 (compatible; MJ12bot/v1.4.8; http://mj12bot.com/)"
65.108.110.26 - - [25/Nov/2024:01:09:30 -0300] "GET /espanol/encuesta/graphs/sourcecode/stackedarea2d/?C=N;O=A HTTP/1.1" 302 270 "-" "Mozilla/5.0 (compatible; MJ12bot/v1.4.8; http://mj12bot.com/)"
65.108.110.26 - - [25/Nov/2024:01:09:34 -0300] "GET /espanol/encuesta/graphs/sourcecode/stackedarea2d/?C=S;O=D HTTP/1.1" 302 270 "-" "Mozilla/5.0 (compatible; MJ12bot/v1.4.8; http://mj12bot.com/)"
65.108.110.26 - - [25/Nov/2024:01:09:38 -0300] "GET /espanol/encuesta/graphs/sourcecode/stackedbar2d/?C=D;O=D HTTP/1.1" 302 269 "-" "Mozilla/5.0 (compatible; MJ12bot/v1.4.8; http://mj12bot.com/)"
65.108.110.26 - - [25/Nov/2024:01:09:42 -0300] "GET /espanol/encuesta/graphs/sourcecode/stackedbar2d/?C=M;O=D HTTP/1.1" 302 269 "-" "Mozilla/5.0 (compatible; MJ12bot/v1.4.8; http://mj12bot.com/)"
65.108.110.26 - - [25/Nov/2024:01:09:46 -0300] "GET /espanol/encuesta/graphs/sourcecode/stackedcolumn2d/?C=M;O=D HTTP/1.1" 302 272 "-" "Mozilla/5.0 (compatible; MJ12bot/v1.4.8; http://mj12bot.com/)"
65.108.110.26 - - [25/Nov/2024:01:09:51 -0300] "GET /espanol/encuesta/graphs/sourcecode/stackedcolumn3d/?C=M;O=D HTTP/1.1" 302 272 "-" "Mozilla/5.0 (compatible; MJ12bot/v1.4.8; http://mj12bot.com/)"
65.108.110.26 - - [25/Nov/2024:01:09:54 -0300] "GET /espanol/encuesta/graphs/sourcecode/stackedcolumn3d/?C=N;O=A HTTP/1.1" 302 272 "-" "Mozilla/5.0 (compatible; MJ12bot/v1.4.8; http://mj12bot.com/)"
65.108.110.26 - - [25/Nov/2024:01:09:58 -0300] "GET /espanol/encuesta/graphs/sourcecode/stackedcolumn3d/?C=S;O=D HTTP/1.1" 302 272 "-" "Mozilla/5.0 (compatible; MJ12bot/v1.4.8; http://mj12bot.com/)"
65.108.110.26 - - [25/Nov/2024:01:10:02 -0300] "GET /espanol/exposiciones.php HTTP/1.1" 302 237 "-" "Mozilla/5.0 (compatible; MJ12bot/v1.4.8; http://mj12bot.com/)"
65.108.110.26 - - [25/Nov/2024:01:10:07 -0300] "GET /espanol/exposiciones_aparte_analitico_b.php HTTP/1.1" 302 256 "-" "Mozilla/5.0 (compatible; MJ12bot/v1.4.8; http://mj12bot.com/)"
65.108.110.26 - - [25/Nov/2024:01:10:12 -0300] "GET /espanol/exposiciones_aparte_analitico_c.php HTTP/1.1" 302 256 "-" "Mozilla/5.0 (compatible; MJ12bot/v1.4.8; http://mj12bot.com/)"
65.108.110.26 - - [25/Nov/2024:01:10:16 -0300] "GET /espanol/exposiciones_fzb_analitico_a.php HTTP/1.1" 302 253 "-" "Mozilla/5.0 (compatible; MJ12bot/v1.4.8; http://mj12bot.com/)"
65.108.110.26 - - [25/Nov/2024:01:10:20 -0300] "GET /espanol/exposiciones_rjd_analitico_jovenes.php HTTP/1.1" 302 259 "-" "Mozilla/5.0 (compatible; MJ12bot/v1.4.8; http://mj12bot.com/)"
65.108.110.26 - - [25/Nov/2024:01:10:25 -0300] "GET /espanol/exposiciones_rjd_analitico_menores.php HTTP/1.1" 302 259 "-" "Mozilla/5.0 (compatible; MJ12bot/v1.4.8; http://mj12bot.com/)"
65.108.110.26 - - [25/Nov/2024:01:10:29 -0300] "GET /espanol/exposiciones_rodeos_analitico.php HTTP/1.1" 302 254 "-" "Mozilla/5.0 (compatible; MJ12bot/v1.4.8; http://mj12bot.com/)"
65.108.110.26 - - [25/Nov/2024:01:10:34 -0300] "GET /espanol/facebook/noticriollos/noticriollos.php?pageNum_rsNoticias=14&totalRows_rsNoticias=2704 HTTP/1.1" 302 311 "-" "Mozilla/5.0 (compatible; MJ12bot/v1.4.8; http://mj12bot.com/)"
65.108.110.26 - - [25/Nov/2024:01:10:38 -0300] "GET /espanol/facebook/noticriollos/noticriollos.php?pageNum_rsNoticias=162&totalRows_rsNoticias=2797 HTTP/1.1" 302 312 "-" "Mozilla/5.0 (compatible; MJ12bot/v1.4.8; http://mj12bot.com/)"
65.108.110.26 - - [25/Nov/2024:01:10:42 -0300] "GET /espanol/facebook/noticriollos/noticriollos.php?pageNum_rsNoticias=163&totalRows_rsNoticias=2797 HTTP/1.1" 302 312 "-" "Mozilla/5.0 (compatible; MJ12bot/v1.4.8; http://mj12bot.com/)"
65.108.110.26 - - [25/Nov/2024:01:10:46 -0300] "GET /espanol/facebook/noticriollos/noticriollos.php?pageNum_rsNoticias=164&totalRows_rsNoticias=2797 HTTP/1.1" 302 312 "-" "Mozilla/5.0 (compatible; MJ12bot/v1.4.8; http://mj12bot.com/)"
65.108.110.26 - - [25/Nov/2024:01:10:50 -0300] "GET /espanol/facebook/noticriollos/noticriollos.php?pageNum_rsNoticias=165&totalRows_rsNoticias=2797 HTTP/1.1" 302 312 "-" "Mozilla/5.0 (compatible; MJ12bot/v1.4.8; http://mj12bot.com/)"
65.108.110.26 - - [25/Nov/2024:01:10:54 -0300] "GET /espanol/facebook/noticriollos/noticriollos.php?pageNum_rsNoticias=166&totalRows_rsNoticias=2797 HTTP/1.1" 302 312 "-" "Mozilla/5.0 (compatible; MJ12bot/v1.4.8; http://mj12bot.com/)"
65.108.110.26 - - [25/Nov/2024:01:10:58 -0300] "GET /espanol/facebook/noticriollos/noticriollos.php?pageNum_rsNoticias=17&totalRows_rsNoticias=3069 HTTP/1.1" 302 311 "-" "Mozilla/5.0 (compatible; MJ12bot/v1.4.8; http://mj12bot.com/)"
65.108.110.26 - - [25/Nov/2024:01:11:03 -0300] "GET /espanol/facebook/noticriollos/noticriollos.php?pageNum_rsNoticias=170&totalRows_rsNoticias=2797 HTTP/1.1" 302 312 "-" "Mozilla/5.0 (compatible; MJ12bot/v1.4.8; http://mj12bot.com/)"
65.108.110.26 - - [25/Nov/2024:01:11:07 -0300] "GET /espanol/facebook/noticriollos/noticriollos.php?pageNum_rsNoticias=171&totalRows_rsNoticias=2797 HTTP/1.1" 302 312 "-" "Mozilla/5.0 (compatible; MJ12bot/v1.4.8; http://mj12bot.com/)"
65.108.110.26 - - [25/Nov/2024:01:11:11 -0300] "GET /espanol/facebook/noticriollos/noticriollos.php?pageNum_rsNoticias=173&totalRows_rsNoticias=2797 HTTP/1.1" 302 312 "-" "Mozilla/5.0 (compatible; MJ12bot/v1.4.8; http://mj12bot.com/)"
65.108.110.26 - - [25/Nov/2024:01:11:15 -0300] "GET /espanol/facebook/noticriollos/noticriollos.php?pageNum_rsNoticias=174&totalRows_rsNoticias=2797 HTTP/1.1" 302 312 "-" "Mozilla/5.0 (compatible; MJ12bot/v1.4.8; http://mj12bot.com/)"
65.108.110.26 - - [25/Nov/2024:01:11:19 -0300] "GET /espanol/facebook/noticriollos/noticriollos.php?pageNum_rsNoticias=18&totalRows_rsNoticias=2939 HTTP/1.1" 302 311 "-" "Mozilla/5.0 (compatible; MJ12bot/v1.4.8; http://mj12bot.com/)"
65.108.110.26 - - [25/Nov/2024:01:11:23 -0300] "GET /espanol/facebook/noticriollos/noticriollos.php?pageNum_rsNoticias=18&totalRows_rsNoticias=3131 HTTP/1.1" 302 311 "-" "Mozilla/5.0 (compatible; MJ12bot/v1.4.8; http://mj12bot.com/)"
65.108.110.26 - - [25/Nov/2024:01:11:27 -0300] "GET /espanol/facebook/noticriollos/noticriollos.php?pageNum_rsNoticias=181&totalRows_rsNoticias=2797 HTTP/1.1" 302 312 "-" "Mozilla/5.0 (compatible; MJ12bot/v1.4.8; http://mj12bot.com/)"
65.108.110.26 - - [25/Nov/2024:01:11:31 -0300] "GET /espanol/facebook/noticriollos/noticriollos.php?pageNum_rsNoticias=182&totalRows_rsNoticias=2797 HTTP/1.1" 302 312 "-" "Mozilla/5.0 (compatible; MJ12bot/v1.4.8; http://mj12bot.com/)"
65.108.110.26 - - [25/Nov/2024:01:11:35 -0300] "GET /espanol/facebook/noticriollos/noticriollos.php?pageNum_rsNoticias=184&totalRows_rsNoticias=3069 HTTP/1.1" 302 312 "-" "Mozilla/5.0 (compatible; MJ12bot/v1.4.8; http://mj12bot.com/)"
65.108.110.26 - - [25/Nov/2024:01:11:40 -0300] "GET /espanol/facebook/noticriollos/noticriollos.php?pageNum_rsNoticias=185&totalRows_rsNoticias=3069 HTTP/1.1" 302 312 "-" "Mozilla/5.0 (compatible; MJ12bot/v1.4.8; http://mj12bot.com/)"
65.108.110.26 - - [25/Nov/2024:01:11:44 -0300] "GET /espanol/facebook/noticriollos/noticriollos.php?pageNum_rsNoticias=186&totalRows_rsNoticias=3069 HTTP/1.1" 302 312 "-" "Mozilla/5.0 (compatible; MJ12bot/v1.4.8; http://mj12bot.com/)"
65.108.110.26 - - [25/Nov/2024:01:11:49 -0300] "GET /espanol/facebook/noticriollos/noticriollos.php?pageNum_rsNoticias=187&totalRows_rsNoticias=3069 HTTP/1.1" 302 312 "-" "Mozilla/5.0 (compatible; MJ12bot/v1.4.8; http://mj12bot.com/)"
65.108.110.26 - - [25/Nov/2024:01:11:53 -0300] "GET /espanol/facebook/noticriollos/noticriollos.php?pageNum_rsNoticias=188&totalRows_rsNoticias=3069 HTTP/1.1" 302 312 "-" "Mozilla/5.0 (compatible; MJ12bot/v1.4.8; http://mj12bot.com/)"
65.108.110.26 - - [25/Nov/2024:01:11:57 -0300] "GET /espanol/facebook/noticriollos/noticriollos.php?pageNum_rsNoticias=189&totalRows_rsNoticias=3069 HTTP/1.1" 302 312 "-" "Mozilla/5.0 (compatible; MJ12bot/v1.4.8; http://mj12bot.com/)"
65.108.110.26 - - [25/Nov/2024:01:12:01 -0300] "GET /espanol/facebook/noticriollos/noticriollos.php?pageNum_rsNoticias=190&totalRows_rsNoticias=2601 HTTP/1.1" 302 312 "-" "Mozilla/5.0 (compatible; MJ12bot/v1.4.8; http://mj12bot.com/)"
65.108.110.26 - - [25/Nov/2024:01:12:05 -0300] "GET /espanol/facebook/noticriollos/noticriollos.php?pageNum_rsNoticias=190&totalRows_rsNoticias=3069 HTTP/1.1" 302 312 "-" "Mozilla/5.0 (compatible; MJ12bot/v1.4.8; http://mj12bot.com/)"
65.108.110.26 - - [25/Nov/2024:01:12:10 -0300] "GET /espanol/facebook/noticriollos/noticriollos.php?pageNum_rsNoticias=191&totalRows_rsNoticias=2601 HTTP/1.1" 302 312 "-" "Mozilla/5.0 (compatible; MJ12bot/v1.4.8; http://mj12bot.com/)"
65.108.110.26 - - [25/Nov/2024:01:12:14 -0300] "GET /espanol/facebook/noticriollos/noticriollos.php?pageNum_rsNoticias=192&totalRows_rsNoticias=2601 HTTP/1.1" 302 312 "-" "Mozilla/5.0 (compatible; MJ12bot/v1.4.8; http://mj12bot.com/)"
65.108.110.26 - - [25/Nov/2024:01:12:18 -0300] "GET /espanol/facebook/noticriollos/noticriollos.php?pageNum_rsNoticias=192&totalRows_rsNoticias=3069 HTTP/1.1" 302 312 "-" "Mozilla/5.0 (compatible; MJ12bot/v1.4.8; http://mj12bot.com/)"
65.108.110.26 - - [25/Nov/2024:01:12:22 -0300] "GET /espanol/facebook/noticriollos/noticriollos.php?pageNum_rsNoticias=193&totalRows_rsNoticias=2601 HTTP/1.1" 302 312 "-" "Mozilla/5.0 (compatible; MJ12bot/v1.4.8; http://mj12bot.com/)"
65.108.110.26 - - [25/Nov/2024:01:12:26 -0300] "GET /espanol/facebook/noticriollos/noticriollos.php?pageNum_rsNoticias=193&totalRows_rsNoticias=3069 HTTP/1.1" 302 312 "-" "Mozilla/5.0 (compatible; MJ12bot/v1.4.8; http://mj12bot.com/)"
65.108.110.26 - - [25/Nov/2024:01:12:30 -0300] "GET /espanol/facebook/noticriollos/noticriollos.php?pageNum_rsNoticias=194&totalRows_rsNoticias=2601 HTTP/1.1" 302 312 "-" "Mozilla/5.0 (compatible; MJ12bot/v1.4.8; http://mj12bot.com/)"
65.108.110.26 - - [25/Nov/2024:01:12:34 -0300] "GET /espanol/facebook/noticriollos/noticriollos.php?pageNum_rsNoticias=199&totalRows_rsNoticias=3069 HTTP/1.1" 302 312 "-" "Mozilla/5.0 (compatible; MJ12bot/v1.4.8; http://mj12bot.com/)"
65.108.110.26 - - [25/Nov/2024:01:12:39 -0300] "GET /espanol/facebook/noticriollos/noticriollos.php?pageNum_rsNoticias=20&totalRows_rsNoticias=3069 HTTP/1.1" 302 311 "-" "Mozilla/5.0 (compatible; MJ12bot/v1.4.8; http://mj12bot.com/)"
65.108.110.26 - - [25/Nov/2024:01:12:43 -0300] "GET /espanol/facebook/noticriollos/noticriollos.php?pageNum_rsNoticias=200&totalRows_rsNoticias=3069 HTTP/1.1" 302 312 "-" "Mozilla/5.0 (compatible; MJ12bot/v1.4.8; http://mj12bot.com/)"
69.162.124.231 - - [25/Nov/2024:01:12:46 -0300] "HEAD / HTTP/1.1" 302 - "http://caballoscriollos.com/" "Mozilla/5.0+(compatible; UptimeRobot/2.0; http://www.uptimerobot.com/)"
65.108.110.26 - - [25/Nov/2024:01:12:47 -0300] "GET /espanol/facebook/noticriollos/noticriollos.php?pageNum_rsNoticias=201&totalRows_rsNoticias=3069 HTTP/1.1" 302 312 "-" "Mozilla/5.0 (compatible; MJ12bot/v1.4.8; http://mj12bot.com/)"
65.108.110.26 - - [25/Nov/2024:01:12:51 -0300] "GET /espanol/facebook/noticriollos/noticriollos.php?pageNum_rsNoticias=209&totalRows_rsNoticias=2601 HTTP/1.1" 302 312 "-" "Mozilla/5.0 (compatible; MJ12bot/v1.4.8; http://mj12bot.com/)"
65.108.110.26 - - [25/Nov/2024:01:12:55 -0300] "GET /espanol/facebook/noticriollos/noticriollos.php?pageNum_rsNoticias=21&totalRows_rsNoticias=2939 HTTP/1.1" 302 311 "-" "Mozilla/5.0 (compatible; MJ12bot/v1.4.8; http://mj12bot.com/)"
65.108.110.26 - - [25/Nov/2024:01:12:59 -0300] "GET /espanol/facebook/noticriollos/noticriollos.php?pageNum_rsNoticias=210&totalRows_rsNoticias=2601 HTTP/1.1" 302 312 "-" "Mozilla/5.0 (compatible; MJ12bot/v1.4.8; http://mj12bot.com/)"
65.108.110.26 - - [25/Nov/2024:01:13:04 -0300] "GET /espanol/facebook/noticriollos/noticriollos.php?pageNum_rsNoticias=212&totalRows_rsNoticias=2601 HTTP/1.1" 302 312 "-" "Mozilla/5.0 (compatible; MJ12bot/v1.4.8; http://mj12bot.com/)"
65.108.110.26 - - [25/Nov/2024:01:13:08 -0300] "GET /espanol/facebook/noticriollos/noticriollos.php?pageNum_rsNoticias=216&totalRows_rsNoticias=2601 HTTP/1.1" 302 312 "-" "Mozilla/5.0 (compatible; MJ12bot/v1.4.8; http://mj12bot.com/)"
65.108.110.26 - - [25/Nov/2024:01:13:12 -0300] "GET /espanol/facebook/noticriollos/noticriollos.php?pageNum_rsNoticias=233&totalRows_rsNoticias=2939 HTTP/1.1" 302 312 "-" "Mozilla/5.0 (compatible; MJ12bot/v1.4.8; http://mj12bot.com/)"
65.108.110.26 - - [25/Nov/2024:01:13:16 -0300] "GET /espanol/facebook/noticriollos/noticriollos.php?pageNum_rsNoticias=235&totalRows_rsNoticias=2797 HTTP/1.1" 302 312 "-" "Mozilla/5.0 (compatible; MJ12bot/v1.4.8; http://mj12bot.com/)"
65.108.110.26 - - [25/Nov/2024:01:13:20 -0300] "GET /espanol/facebook/noticriollos/noticriollos.php?pageNum_rsNoticias=236&totalRows_rsNoticias=2939 HTTP/1.1" 302 312 "-" "Mozilla/5.0 (compatible; MJ12bot/v1.4.8; http://mj12bot.com/)"
65.108.110.26 - - [25/Nov/2024:01:13:25 -0300] "GET /espanol/facebook/noticriollos/noticriollos.php?pageNum_rsNoticias=237&totalRows_rsNoticias=2939 HTTP/1.1" 302 312 "-" "Mozilla/5.0 (compatible; MJ12bot/v1.4.8; http://mj12bot.com/)"
65.108.110.26 - - [25/Nov/2024:01:13:29 -0300] "GET /espanol/facebook/noticriollos/noticriollos.php?pageNum_rsNoticias=238&totalRows_rsNoticias=2939 HTTP/1.1" 302 312 "-" "Mozilla/5.0 (compatible; MJ12bot/v1.4.8; http://mj12bot.com/)"
65.108.110.26 - - [25/Nov/2024:01:13:33 -0300] "GET /espanol/facebook/noticriollos/noticriollos.php?pageNum_rsNoticias=239&totalRows_rsNoticias=2939 HTTP/1.1" 302 312 "-" "Mozilla/5.0 (compatible; MJ12bot/v1.4.8; http://mj12bot.com/)"
65.108.110.26 - - [25/Nov/2024:01:13:37 -0300] "GET /espanol/facebook/noticriollos/noticriollos.php?pageNum_rsNoticias=240&totalRows_rsNoticias=2939 HTTP/1.1" 302 312 "-" "Mozilla/5.0 (compatible; MJ12bot/v1.4.8; http://mj12bot.com/)"
65.108.110.26 - - [25/Nov/2024:01:13:41 -0300] "GET /espanol/facebook/noticriollos/noticriollos.php?pageNum_rsNoticias=242&totalRows_rsNoticias=2843 HTTP/1.1" 302 312 "-" "Mozilla/5.0 (compatible; MJ12bot/v1.4.8; http://mj12bot.com/)"
65.108.110.26 - - [25/Nov/2024:01:13:45 -0300] "GET /espanol/facebook/noticriollos/noticriollos.php?pageNum_rsNoticias=247&totalRows_rsNoticias=2939 HTTP/1.1" 302 312 "-" "Mozilla/5.0 (compatible; MJ12bot/v1.4.8; http://mj12bot.com/)"
65.108.110.26 - - [25/Nov/2024:01:13:49 -0300] "GET /espanol/facebook/noticriollos/noticriollos.php?pageNum_rsNoticias=25&totalRows_rsNoticias=3120 HTTP/1.1" 302 311 "-" "Mozilla/5.0 (compatible; MJ12bot/v1.4.8; http://mj12bot.com/)"
65.108.110.26 - - [25/Nov/2024:01:13:53 -0300] "GET /espanol/facebook/noticriollos/noticriollos.php?pageNum_rsNoticias=261&totalRows_rsNoticias=2843 HTTP/1.1" 302 312 "-" "Mozilla/5.0 (compatible; MJ12bot/v1.4.8; http://mj12bot.com/)"
69.162.124.231 - - [25/Nov/2024:01:17:46 -0300] "HEAD / HTTP/1.1" 302 - "http://caballoscriollos.com/" "Mozilla/5.0+(compatible; UptimeRobot/2.0; http://www.uptimerobot.com/)"
187.236.41.136 - - [25/Nov/2024:01:22:14 -0300] "GET /espanol/standard_racial.php?rubroID=1 HTTP/1.1" 302 250 "-" "Mozilla/5.0 (Windows NT 10.0; Win64; x64) AppleWebKit/537.36 (KHTML, like Gecko) Chrome/129.0.0.0 Safari/537.36"
69.162.124.231 - - [25/Nov/2024:01:22:46 -0300] "HEAD / HTTP/1.1" 302 - "http://caballoscriollos.com/" "Mozilla/5.0+(compatible; UptimeRobot/2.0; http://www.uptimerobot.com/)"
156.59.198.135 - - [25/Nov/2024:01:25:26 -0300] "GET /_recursos/archivos_dist/news_21-1-2010.txt HTTP/1.0" 302 255 "-" "Mozilla/5.0 (Linux; Android 5.0) AppleWebKit/537.36 (KHTML, like Gecko) Mobile Safari/537.36 (compatible; Bytespider; spider-feedback@bytedance.com)"
69.162.124.231 - - [25/Nov/2024:01:27:46 -0300] "HEAD / HTTP/1.1" 302 - "http://caballoscriollos.com/" "Mozilla/5.0+(compatible; UptimeRobot/2.0; http://www.uptimerobot.com/)"
156.59.198.135 - - [25/Nov/2024:01:28:13 -0300] "GET /_recursos/noticias/thumb/4043_20110331085529.jpg HTTP/1.0" 302 261 "-" "Mozilla/5.0 (Linux; Android 5.0) AppleWebKit/537.36 (KHTML, like Gecko) Mobile Safari/537.36 (compatible; Bytespider; spider-feedback@bytedance.com)"
66.249.79.224 - - [25/Nov/2024:01:29:03 -0300] "GET / HTTP/1.1" 302 213 "-" "Mozilla/5.0 (compatible; Googlebot/2.1; +http://www.google.com/bot.html)"
69.162.124.231 - - [25/Nov/2024:01:32:46 -0300] "HEAD / HTTP/1.1" 302 - "http://caballoscriollos.com/" "Mozilla/5.0+(compatible; UptimeRobot/2.0; http://www.uptimerobot.com/)"
195.191.219.132 - - [25/Nov/2024:01:36:54 -0300] "GET /robots.txt HTTP/1.1" 302 223 "-" "Mozilla/5.0 (compatible; MJ12bot/v1.4.8; http://mj12bot.com/)"
195.191.219.132 - - [25/Nov/2024:01:36:57 -0300] "GET / HTTP/1.1" 302 213 "-" "Mozilla/5.0 (compatible; MJ12bot/v1.4.8; http://mj12bot.com/)"
69.162.124.231 - - [25/Nov/2024:01:37:46 -0300] "HEAD / HTTP/1.1" 302 - "http://caballoscriollos.com/" "Mozilla/5.0+(compatible; UptimeRobot/2.0; http://www.uptimerobot.com/)"
66.249.68.39 - - [25/Nov/2024:01:39:26 -0300] "GET /robots.txt HTTP/1.1" 302 223 "-" "Mozilla/5.0 (compatible; Googlebot/2.1; +http://www.google.com/bot.html)"
66.249.68.38 - - [25/Nov/2024:01:42:11 -0300] "GET / HTTP/1.1" 302 213 "-" "Mozilla/5.0 (compatible; Googlebot/2.1; +http://www.google.com/bot.html)"
69.162.124.231 - - [25/Nov/2024:01:42:46 -0300] "HEAD / HTTP/1.1" 302 - "http://caballoscriollos.com/" "Mozilla/5.0+(compatible; UptimeRobot/2.0; http://www.uptimerobot.com/)"
69.162.124.231 - - [25/Nov/2024:01:47:46 -0300] "HEAD / HTTP/1.1" 302 - "http://caballoscriollos.com/" "Mozilla/5.0+(compatible; UptimeRobot/2.0; http://www.uptimerobot.com/)"
152.42.226.101 - - [25/Nov/2024:01:48:15 -0300] "GET / HTTP/1.1" 302 213 "-" "Mozilla/5.0 (Windows NT 10.0; Win64; x64) AppleWebKit/537.36 (KHTML, like Gecko) Chrome/88.0.4240.193 Safari/537.36"
66.249.79.238 - - [25/Nov/2024:01:51:08 -0300] "GET /espanol/calendario_portada_pdf.php?calendarioID=1240 HTTP/1.1" 302 265 "-" "Mozilla/5.0 (Linux; Android 6.0.1; Nexus 5X Build/MMB29P) AppleWebKit/537.36 (KHTML, like Gecko) Chrome/131.0.6778.69 Mobile Safari/537.36 (compatible; Googlebot/2.1; +http://www.google.com/bot.html)"
114.119.158.31 - - [25/Nov/2024:01:51:17 -0300] "GET /espanol/library/PHPExcel/Classes/PHPExcel/Writer/Excel2007/RelsVBA.php HTTP/1.1" 302 283 "http://www.caballoscriollos.com/espanol/library/PHPExcel/Classes/PHPExcel/Writer/Excel2007/?C=D%3BO%3DA" "Mozilla/5.0 (Linux; Android 7.0;) AppleWebKit/537.36 (KHTML, like Gecko) Mobile Safari/537.36 (compatible; PetalBot;+https://webmaster.petalsearch.com/site/petalbot)"
69.162.124.231 - - [25/Nov/2024:01:52:46 -0300] "HEAD / HTTP/1.1" 302 - "http://caballoscriollos.com/" "Mozilla/5.0+(compatible; UptimeRobot/2.0; http://www.uptimerobot.com/)"
69.162.124.231 - - [25/Nov/2024:01:57:46 -0300] "HEAD / HTTP/1.1" 302 - "http://caballoscriollos.com/" "Mozilla/5.0+(compatible; UptimeRobot/2.0; http://www.uptimerobot.com/)"
66.249.79.238 - - [25/Nov/2024:02:00:08 -0300] "GET /espanol/calendario_portada_pdf.php?calendarioID=1375 HTTP/1.1" 302 265 "-" "Mozilla/5.0 (Linux; Android 6.0.1; Nexus 5X Build/MMB29P) AppleWebKit/537.36 (KHTML, like Gecko) Chrome/131.0.6778.69 Mobile Safari/537.36 (compatible; Googlebot/2.1; +http://www.google.com/bot.html)"
69.162.124.231 - - [25/Nov/2024:02:02:46 -0300] "HEAD / HTTP/1.1" 302 - "http://caballoscriollos.com/" "Mozilla/5.0+(compatible; UptimeRobot/2.0; http://www.uptimerobot.com/)"
69.162.124.231 - - [25/Nov/2024:02:07:46 -0300] "HEAD / HTTP/1.1" 302 - "http://caballoscriollos.com/" "Mozilla/5.0+(compatible; UptimeRobot/2.0; http://www.uptimerobot.com/)"
69.162.124.231 - - [25/Nov/2024:02:12:46 -0300] "HEAD / HTTP/1.1" 302 - "http://caballoscriollos.com/" "Mozilla/5.0+(compatible; UptimeRobot/2.0; http://www.uptimerobot.com/)"
51.222.253.19 - - [25/Nov/2024:02:15:58 -0300] "GET /sitio/noticia.html?n=504 HTTP/1.1" 301 250 "-" "Mozilla/5.0 (compatible; AhrefsBot/7.0; +http://ahrefs.com/robot/)"
66.249.79.238 - - [25/Nov/2024:02:17:08 -0300] "GET /espanol/facebook/noticriollos/noticriollos.php?pageNum_rsNoticias=47&totalRows_rsNoticias=2356 HTTP/1.1" 302 311 "-" "Mozilla/5.0 (Linux; Android 6.0.1; Nexus 5X Build/MMB29P) AppleWebKit/537.36 (KHTML, like Gecko) Chrome/131.0.6778.69 Mobile Safari/537.36 (compatible; Googlebot/2.1; +http://www.google.com/bot.html)"
69.162.124.231 - - [25/Nov/2024:02:17:46 -0300] "HEAD / HTTP/1.1" 302 - "http://caballoscriollos.com/" "Mozilla/5.0+(compatible; UptimeRobot/2.0; http://www.uptimerobot.com/)"
216.244.66.198 - - [25/Nov/2024:02:21:39 -0300] "GET /robots.txt HTTP/1.1" 302 223 "-" "Mozilla/5.0 (compatible; DotBot/1.2; +https://opensiteexplorer.org/dotbot; help@moz.com)"
69.162.124.231 - - [25/Nov/2024:02:22:46 -0300] "HEAD / HTTP/1.1" 302 - "http://caballoscriollos.com/" "Mozilla/5.0+(compatible; UptimeRobot/2.0; http://www.uptimerobot.com/)"
114.119.158.31 - - [25/Nov/2024:02:24:23 -0300] "GET /espanol/encuesta/graphs/code/ror/sampleapp/app/views/fusioncharts/array_example?C=S%3BO%3DA HTTP/1.1" 302 304 "http://www.caballoscriollos.com/espanol/encuesta/graphs/code/ror/sampleapp/app/views/fusioncharts/array_example" "Mozilla/5.0 (Linux; Android 7.0;) AppleWebKit/537.36 (KHTML, like Gecko) Mobile Safari/537.36 (compatible; PetalBot;+https://webmaster.petalsearch.com/site/petalbot)"
192.53.165.202 - - [25/Nov/2024:02:25:25 -0300] "GET / HTTP/1.1" 302 213 "http://caballoscriollos.com" "Mozilla/5.0 (compatible; Example3/1.0; +https://www.example3.com/domain/caballoscriollos.com)"
69.162.124.231 - - [25/Nov/2024:02:27:46 -0300] "HEAD / HTTP/1.1" 302 - "http://caballoscriollos.com/" "Mozilla/5.0+(compatible; UptimeRobot/2.0; http://www.uptimerobot.com/)"
114.119.150.41 - - [25/Nov/2024:02:28:32 -0300] "GET /espanol/calendar/css/images/calendar/ HTTP/1.1" 302 250 "http://www.caballoscriollos.com/espanol/calendar/css/images/" "Mozilla/5.0 (Linux; Android 7.0;) AppleWebKit/537.36 (KHTML, like Gecko) Mobile Safari/537.36 (compatible; PetalBot;+https://webmaster.petalsearch.com/site/petalbot)"
69.162.124.231 - - [25/Nov/2024:02:32:46 -0300] "HEAD / HTTP/1.1" 302 - "http://caballoscriollos.com/" "Mozilla/5.0+(compatible; UptimeRobot/2.0; http://www.uptimerobot.com/)"
17.241.227.174 - - [25/Nov/2024:02:33:18 -0300] "GET /robots.txt HTTP/1.1" 302 223 "-" "Mozilla/5.0 (Macintosh; Intel Mac OS X 10_15_7) AppleWebKit/605.1.15 (KHTML, like Gecko) Version/17.4 Safari/605.1.15 (Applebot/0.1; +http://www.apple.com/go/applebot)"
17.241.227.174 - - [25/Nov/2024:02:33:18 -0300] "GET /espanol/noticias_detalle.php?noticiasID=3504 HTTP/1.1" 302 257 "-" "Mozilla/5.0 (Macintosh; Intel Mac OS X 10_15_7) AppleWebKit/605.1.15 (KHTML, like Gecko) Version/17.4 Safari/605.1.15 (Applebot/0.1; +http://www.apple.com/go/applebot)"
43.130.34.74 - - [25/Nov/2024:02:34:25 -0300] "GET / HTTP/1.1" 302 213 "-" "Mozilla/5.0 (iPhone; CPU iPhone OS 13_2_3 like Mac OS X) AppleWebKit/605.1.15 (KHTML, like Gecko) Version/13.0.3 Mobile/15E148 Safari/604.1"
66.249.79.224 - - [25/Nov/2024:02:35:40 -0300] "GET / HTTP/1.1" 302 213 "-" "Mozilla/5.0 (compatible; Googlebot/2.1; +http://www.google.com/bot.html)"
152.42.226.101 - - [25/Nov/2024:02:37:31 -0300] "GET / HTTP/1.1" 302 213 "-" "Mozilla/5.0 (Windows NT 10.0; Win64; x64) AppleWebKit/537.36 (KHTML, like Gecko) Chrome/88.0.4240.193 Safari/537.36"
69.162.124.231 - - [25/Nov/2024:02:37:46 -0300] "HEAD / HTTP/1.1" 302 - "http://caballoscriollos.com/" "Mozilla/5.0+(compatible; UptimeRobot/2.0; http://www.uptimerobot.com/)"
52.57.34.189 - - [25/Nov/2024:02:40:10 -0300] "GET /robots.txt HTTP/1.1" 302 223 "-" "CheckMarkNetwork/1.0 (+http://www.checkmarknetwork.com/spider.html)"
52.57.34.189 - - [25/Nov/2024:02:40:11 -0300] "HEAD / HTTP/1.1" 302 - "-" "CheckMarkNetwork/1.0 (+http://www.checkmarknetwork.com/spider.html)"
69.162.124.231 - - [25/Nov/2024:02:42:46 -0300] "HEAD / HTTP/1.1" 302 - "http://caballoscriollos.com/" "Mozilla/5.0+(compatible; UptimeRobot/2.0; http://www.uptimerobot.com/)"
66.249.79.238 - - [25/Nov/2024:02:47:19 -0300] "GET /espanol/facebook/noticriollos/noticriollos.php?pageNum_rsNoticias=47&totalRows_rsNoticias=2356 HTTP/1.1" 302 311 "-" "Mozilla/5.0 (Linux; Android 6.0.1; Nexus 5X Build/MMB29P) AppleWebKit/537.36 (KHTML, like Gecko) Chrome/131.0.6778.69 Mobile Safari/537.36 (compatible; GoogleOther)"
69.162.124.231 - - [25/Nov/2024:02:47:46 -0300] "HEAD / HTTP/1.1" 302 - "http://caballoscriollos.com/" "Mozilla/5.0+(compatible; UptimeRobot/2.0; http://www.uptimerobot.com/)"
17.241.219.154 - - [25/Nov/2024:02:48:13 -0300] "GET /robots.txt HTTP/1.1" 302 223 "-" "Mozilla/5.0 (Macintosh; Intel Mac OS X 10_15_7) AppleWebKit/605.1.15 (KHTML, like Gecko) Version/17.4 Safari/605.1.15 (Applebot/0.1; +http://www.apple.com/go/applebot)"
17.241.219.154 - - [25/Nov/2024:02:48:14 -0300] "GET /sitio/disciplinas-freno-de-oro.html HTTP/1.1" 301 244 "-" "Mozilla/5.0 (Macintosh; Intel Mac OS X 10_15_7) AppleWebKit/605.1.15 (KHTML, like Gecko) Version/17.4 Safari/605.1.15 (Applebot/0.1; +http://www.apple.com/go/applebot)"
17.241.219.154 - - [25/Nov/2024:02:48:14 -0300] "GET /web/ HTTP/1.1" 301 - "-" "Mozilla/5.0 (Macintosh; Intel Mac OS X 10_15_7) AppleWebKit/605.1.15 (KHTML, like Gecko) Version/17.4 Safari/605.1.15 (Applebot/0.1; +http://www.apple.com/go/applebot)"
66.249.68.39 - - [25/Nov/2024:02:49:52 -0300] "GET / HTTP/1.1" 302 213 "-" "Mozilla/5.0 (compatible; Googlebot/2.1; +http://www.google.com/bot.html)"
69.162.124.231 - - [25/Nov/2024:02:52:46 -0300] "HEAD / HTTP/1.1" 302 - "http://caballoscriollos.com/" "Mozilla/5.0+(compatible; UptimeRobot/2.0; http://www.uptimerobot.com/)"
114.119.158.83 - - [25/Nov/2024:02:54:15 -0300] "GET /robots.txt HTTP/1.1" 302 223 "-" "Mozilla/5.0 (compatible;PetalBot;+https://webmaster.petalsearch.com/site/petalbot)"
66.249.79.224 - - [25/Nov/2024:02:55:33 -0300] "GET /espanol/calendario_portada_pdf.php?calendarioID=1670 HTTP/1.1" 302 265 "-" "Mozilla/5.0 (Linux; Android 6.0.1; Nexus 5X Build/MMB29P) AppleWebKit/537.36 (KHTML, like Gecko) Chrome/131.0.6778.69 Mobile Safari/537.36 (compatible; Googlebot/2.1; +http://www.google.com/bot.html)"
69.162.124.231 - - [25/Nov/2024:02:57:46 -0300] "HEAD / HTTP/1.1" 302 - "http://caballoscriollos.com/" "Mozilla/5.0+(compatible; UptimeRobot/2.0; http://www.uptimerobot.com/)"
66.249.79.238 - - [25/Nov/2024:02:58:17 -0300] "GET /espanol/calendario_portada_pdf.php?calendarioID=971 HTTP/1.1" 302 264 "-" "Mozilla/5.0 (Linux; Android 6.0.1; Nexus 5X Build/MMB29P) AppleWebKit/537.36 (KHTML, like Gecko) Chrome/131.0.6778.85 Mobile Safari/537.36 (compatible; Googlebot/2.1; +http://www.google.com/bot.html)"
69.162.124.231 - - [25/Nov/2024:03:02:46 -0300] "HEAD / HTTP/1.1" 302 - "http://caballoscriollos.com/" "Mozilla/5.0+(compatible; UptimeRobot/2.0; http://www.uptimerobot.com/)"
17.241.227.207 - - [25/Nov/2024:03:04:46 -0300] "GET /espanol/prensa_gacetillas_detalle.php?IdGacetilla=46 HTTP/1.1" 302 265 "-" "Mozilla/5.0 (Macintosh; Intel Mac OS X 10_15_7) AppleWebKit/605.1.15 (KHTML, like Gecko) Version/17.4 Safari/605.1.15 (Applebot/0.1; +http://www.apple.com/go/applebot)"
69.162.124.231 - - [25/Nov/2024:03:07:46 -0300] "HEAD / HTTP/1.1" 302 - "http://caballoscriollos.com/" "Mozilla/5.0+(compatible; UptimeRobot/2.0; http://www.uptimerobot.com/)"
51.222.253.16 - - [25/Nov/2024:03:10:42 -0300] "GET /espanol/noticias_detalle.php?noticiasID=2331 HTTP/1.1" 302 257 "-" "Mozilla/5.0 (compatible; AhrefsBot/7.0; +http://ahrefs.com/robot/)"
69.162.124.231 - - [25/Nov/2024:03:12:46 -0300] "HEAD / HTTP/1.1" 302 - "http://caballoscriollos.com/" "Mozilla/5.0+(compatible; UptimeRobot/2.0; http://www.uptimerobot.com/)"
156.59.198.135 - - [25/Nov/2024:03:16:25 -0300] "GET /_recursos/noticias/thumb/4532_20140513012049.jpg HTTP/1.0" 302 261 "-" "Mozilla/5.0 (Linux; Android 5.0) AppleWebKit/537.36 (KHTML, like Gecko) Mobile Safari/537.36 (compatible; Bytespider; spider-feedback@bytedance.com)"
69.162.124.231 - - [25/Nov/2024:03:17:46 -0300] "HEAD / HTTP/1.1" 302 - "http://caballoscriollos.com/" "Mozilla/5.0+(compatible; UptimeRobot/2.0; http://www.uptimerobot.com/)"
156.59.198.136 - - [25/Nov/2024:03:20:10 -0300] "GET /_recursos/noticias/thumb/1020_20110508100920.jpg HTTP/1.0" 302 261 "-" "Mozilla/5.0 (Linux; Android 5.0) AppleWebKit/537.36 (KHTML, like Gecko) Mobile Safari/537.36 (compatible; Bytespider; spider-feedback@bytedance.com)"
69.162.124.231 - - [25/Nov/2024:03:22:46 -0300] "HEAD / HTTP/1.1" 302 - "http://caballoscriollos.com/" "Mozilla/5.0+(compatible; UptimeRobot/2.0; http://www.uptimerobot.com/)"
216.244.66.198 - - [25/Nov/2024:03:25:16 -0300] "GET /robots.txt HTTP/1.1" 302 223 "-" "Mozilla/5.0 (compatible; DotBot/1.2; +https://opensiteexplorer.org/dotbot; help@moz.com)"
216.244.66.198 - - [25/Nov/2024:03:25:18 -0300] "GET /robots.txt HTTP/1.1" 302 223 "-" "Mozilla/5.0 (compatible; DotBot/1.2; +https://opensiteexplorer.org/dotbot; help@moz.com)"
69.162.124.231 - - [25/Nov/2024:03:27:46 -0300] "HEAD / HTTP/1.1" 302 - "http://caballoscriollos.com/" "Mozilla/5.0+(compatible; UptimeRobot/2.0; http://www.uptimerobot.com/)"
51.222.253.9 - - [25/Nov/2024:03:28:53 -0300] "GET /espanol/noticias_detalle.php?noticiasID=1643 HTTP/1.1" 302 257 "-" "Mozilla/5.0 (compatible; AhrefsBot/7.0; +http://ahrefs.com/robot/)"
51.222.253.4 - - [25/Nov/2024:03:30:08 -0300] "GET /espanol/noticias_detalle.php?noticiasID=3025 HTTP/1.1" 302 257 "-" "Mozilla/5.0 (compatible; AhrefsBot/7.0; +http://ahrefs.com/robot/)"
149.202.86.56 - - [25/Nov/2024:03:31:07 -0300] "GET /robots.txt HTTP/1.1" 302 223 "-" "Mozilla/5.0 (compatible; MJ12bot/v1.4.8; http://mj12bot.com/)"
149.202.86.56 - - [25/Nov/2024:03:31:09 -0300] "GET /espanol/noticias.php?pageNum_rsNoticias=106&totalRows_rsNoticias=2350&rubroID=1 HTTP/1.1" 302 300 "-" "Mozilla/5.0 (compatible; MJ12bot/v1.4.8; http://mj12bot.com/)"
149.202.86.56 - - [25/Nov/2024:03:31:17 -0300] "GET /espanol/noticias.php?pageNum_rsNoticias=107&totalRows_rsNoticias=2350&rubroID=1 HTTP/1.1" 302 300 "-" "Mozilla/5.0 (compatible; MJ12bot/v1.4.8; http://mj12bot.com/)"
149.202.86.56 - - [25/Nov/2024:03:31:27 -0300] "GET /espanol/noticias.php?pageNum_rsNoticias=108&totalRows_rsNoticias=2350&rubroID=1 HTTP/1.1" 302 300 "-" "Mozilla/5.0 (compatible; MJ12bot/v1.4.8; http://mj12bot.com/)"
149.202.86.56 - - [25/Nov/2024:03:31:38 -0300] "GET /espanol/noticias.php?pageNum_rsNoticias=113&totalRows_rsNoticias=2350&rubroID=1 HTTP/1.1" 302 300 "-" "Mozilla/5.0 (compatible; MJ12bot/v1.4.8; http://mj12bot.com/)"
149.202.86.56 - - [25/Nov/2024:03:31:49 -0300] "GET /espanol/noticias.php?pageNum_rsNoticias=114&totalRows_rsNoticias=2350&rubroID=1 HTTP/1.1" 302 300 "-" "Mozilla/5.0 (compatible; MJ12bot/v1.4.8; http://mj12bot.com/)"
149.202.86.56 - - [25/Nov/2024:03:32:07 -0300] "GET /espanol/noticias.php?pageNum_rsNoticias=119&totalRows_rsNoticias=2350&rubroID=1 HTTP/1.1" 302 300 "-" "Mozilla/5.0 (compatible; MJ12bot/v1.4.8; http://mj12bot.com/)"
149.202.86.56 - - [25/Nov/2024:03:32:38 -0300] "GET /espanol/noticias.php?pageNum_rsNoticias=12&totalRows_rsNoticias=236&rubroID=3 HTTP/1.1" 302 298 "-" "Mozilla/5.0 (compatible; MJ12bot/v1.4.8; http://mj12bot.com/)"
69.162.124.231 - - [25/Nov/2024:03:32:46 -0300] "HEAD / HTTP/1.1" 302 - "http://caballoscriollos.com/" "Mozilla/5.0+(compatible; UptimeRobot/2.0; http://www.uptimerobot.com/)"
149.202.86.56 - - [25/Nov/2024:03:33:06 -0300] "GET /espanol/noticias.php?pageNum_rsNoticias=12&totalRows_rsNoticias=237&rubroID=3 HTTP/1.1" 302 298 "-" "Mozilla/5.0 (compatible; MJ12bot/v1.4.8; http://mj12bot.com/)"
149.202.86.56 - - [25/Nov/2024:03:33:18 -0300] "GET /espanol/noticias.php?pageNum_rsNoticias=120&totalRows_rsNoticias=2350&rubroID=1 HTTP/1.1" 302 300 "-" "Mozilla/5.0 (compatible; MJ12bot/v1.4.8; http://mj12bot.com/)"
149.202.86.56 - - [25/Nov/2024:03:33:27 -0300] "GET /espanol/noticias.php?pageNum_rsNoticias=121&totalRows_rsNoticias=2350&rubroID=1 HTTP/1.1" 302 300 "-" "Mozilla/5.0 (compatible; MJ12bot/v1.4.8; http://mj12bot.com/)"
149.202.86.56 - - [25/Nov/2024:03:33:35 -0300] "GET /espanol/noticias.php?pageNum_rsNoticias=123&totalRows_rsNoticias=2241&rubroID=1 HTTP/1.1" 302 300 "-" "Mozilla/5.0 (compatible; MJ12bot/v1.4.8; http://mj12bot.com/)"
149.202.86.56 - - [25/Nov/2024:03:33:50 -0300] "GET /espanol/noticias.php?pageNum_rsNoticias=124&totalRows_rsNoticias=2241&rubroID=1 HTTP/1.1" 302 300 "-" "Mozilla/5.0 (compatible; MJ12bot/v1.4.8; http://mj12bot.com/)"
51.222.253.16 - - [25/Nov/2024:03:33:54 -0300] "GET /espanol/noticias_detalle.php?noticiasID=1791 HTTP/1.1" 302 257 "-" "Mozilla/5.0 (compatible; AhrefsBot/7.0; +http://ahrefs.com/robot/)"
149.202.86.56 - - [25/Nov/2024:03:34:03 -0300] "GET /espanol/noticias.php?pageNum_rsNoticias=125&totalRows_rsNoticias=2241&rubroID=1 HTTP/1.1" 302 300 "-" "Mozilla/5.0 (compatible; MJ12bot/v1.4.8; http://mj12bot.com/)"
149.202.86.56 - - [25/Nov/2024:03:34:18 -0300] "GET /espanol/noticias.php?pageNum_rsNoticias=129&totalRows_rsNoticias=2006&rubroID=1 HTTP/1.1" 302 300 "-" "Mozilla/5.0 (compatible; MJ12bot/v1.4.8; http://mj12bot.com/)"
223.109.255.141 - - [25/Nov/2024:03:34:22 -0300] "GET / HTTP/1.1" 302 213 "-" "Sogou web spider/4.0(+http://www.sogou.com/docs/help/webmasters.htm#07)"
149.202.86.56 - - [25/Nov/2024:03:34:32 -0300] "GET /espanol/noticias.php?pageNum_rsNoticias=13&totalRows_rsNoticias=236&rubroID=3 HTTP/1.1" 302 298 "-" "Mozilla/5.0 (compatible; MJ12bot/v1.4.8; http://mj12bot.com/)"
149.202.86.56 - - [25/Nov/2024:03:34:48 -0300] "GET /espanol/noticias.php?pageNum_rsNoticias=130&totalRows_rsNoticias=2241&rubroID=1 HTTP/1.1" 302 300 "-" "Mozilla/5.0 (compatible; MJ12bot/v1.4.8; http://mj12bot.com/)"
157.55.39.204 - - [25/Nov/2024:03:34:59 -0300] "GET /espanol/images/paso4_over.jpg HTTP/1.1" 302 242 "-" "Mozilla/5.0 AppleWebKit/537.36 (KHTML, like Gecko; compatible; bingbot/2.0; +http://www.bing.com/bingbot.htm) Chrome/116.0.1938.76 Safari/537.36"
149.202.86.56 - - [25/Nov/2024:03:35:20 -0300] "GET /espanol/noticias.php?pageNum_rsNoticias=131&totalRows_rsNoticias=2006&rubroID=1 HTTP/1.1" 302 300 "-" "Mozilla/5.0 (compatible; MJ12bot/v1.4.8; http://mj12bot.com/)"
149.202.86.56 - - [25/Nov/2024:03:36:14 -0300] "GET /espanol/noticias.php?pageNum_rsNoticias=131&totalRows_rsNoticias=2241&rubroID=1 HTTP/1.1" 302 300 "-" "Mozilla/5.0 (compatible; MJ12bot/v1.4.8; http://mj12bot.com/)"
149.202.86.56 - - [25/Nov/2024:03:36:59 -0300] "GET /espanol/noticias.php?pageNum_rsNoticias=132&totalRows_rsNoticias=2241&rubroID=1 HTTP/1.1" 302 300 "-" "Mozilla/5.0 (compatible; MJ12bot/v1.4.8; http://mj12bot.com/)"
149.202.86.56 - - [25/Nov/2024:03:37:34 -0300] "GET /espanol/noticias.php?pageNum_rsNoticias=136&totalRows_rsNoticias=2006&rubroID=1 HTTP/1.1" 302 300 "-" "Mozilla/5.0 (compatible; MJ12bot/v1.4.8; http://mj12bot.com/)"
69.162.124.231 - - [25/Nov/2024:03:37:46 -0300] "HEAD / HTTP/1.1" 302 - "http://caballoscriollos.com/" "Mozilla/5.0+(compatible; UptimeRobot/2.0; http://www.uptimerobot.com/)"
149.202.86.56 - - [25/Nov/2024:03:37:53 -0300] "GET /espanol/noticias.php?pageNum_rsNoticias=137&totalRows_rsNoticias=2006&rubroID=1 HTTP/1.1" 302 300 "-" "Mozilla/5.0 (compatible; MJ12bot/v1.4.8; http://mj12bot.com/)"
149.202.86.56 - - [25/Nov/2024:03:38:07 -0300] "GET /espanol/noticias.php?pageNum_rsNoticias=138&totalRows_rsNoticias=2006&rubroID=1 HTTP/1.1" 302 300 "-" "Mozilla/5.0 (compatible; MJ12bot/v1.4.8; http://mj12bot.com/)"
149.202.86.56 - - [25/Nov/2024:03:38:21 -0300] "GET /espanol/noticias.php?pageNum_rsNoticias=14&totalRows_rsNoticias=236&rubroID=3 HTTP/1.1" 302 298 "-" "Mozilla/5.0 (compatible; MJ12bot/v1.4.8; http://mj12bot.com/)"
149.202.86.56 - - [25/Nov/2024:03:38:36 -0300] "GET /espanol/noticias.php?pageNum_rsNoticias=141&totalRows_rsNoticias=2054&rubroID=1 HTTP/1.1" 302 300 "-" "Mozilla/5.0 (compatible; MJ12bot/v1.4.8; http://mj12bot.com/)"
149.202.86.56 - - [25/Nov/2024:03:38:54 -0300] "GET /espanol/noticias.php?pageNum_rsNoticias=142&totalRows_rsNoticias=2054&rubroID=1 HTTP/1.1" 302 300 "-" "Mozilla/5.0 (compatible; MJ12bot/v1.4.8; http://mj12bot.com/)"
149.202.86.56 - - [25/Nov/2024:03:39:10 -0300] "GET /espanol/noticias.php?pageNum_rsNoticias=143&totalRows_rsNoticias=2054&rubroID=1 HTTP/1.1" 302 300 "-" "Mozilla/5.0 (compatible; MJ12bot/v1.4.8; http://mj12bot.com/)"
149.202.86.56 - - [25/Nov/2024:03:39:25 -0300] "GET /espanol/noticias.php?pageNum_rsNoticias=148&totalRows_rsNoticias=2054&rubroID=1 HTTP/1.1" 302 300 "-" "Mozilla/5.0 (compatible; MJ12bot/v1.4.8; http://mj12bot.com/)"
149.202.86.56 - - [25/Nov/2024:03:39:42 -0300] "GET /espanol/noticias.php?pageNum_rsNoticias=149&totalRows_rsNoticias=2054&rubroID=1 HTTP/1.1" 302 300 "-" "Mozilla/5.0 (compatible; MJ12bot/v1.4.8; http://mj12bot.com/)"
149.202.86.56 - - [25/Nov/2024:03:40:01 -0300] "GET /espanol/noticias.php?pageNum_rsNoticias=15&totalRows_rsNoticias=236&rubroID=3 HTTP/1.1" 302 298 "-" "Mozilla/5.0 (compatible; MJ12bot/v1.4.8; http://mj12bot.com/)"
149.202.86.56 - - [25/Nov/2024:03:40:21 -0300] "GET /espanol/noticias.php?pageNum_rsNoticias=150&totalRows_rsNoticias=2054&rubroID=1 HTTP/1.1" 302 300 "-" "Mozilla/5.0 (compatible; MJ12bot/v1.4.8; http://mj12bot.com/)"
149.202.86.56 - - [25/Nov/2024:03:40:32 -0300] "GET /espanol/noticias.php?pageNum_rsNoticias=151&totalRows_rsNoticias=2054&rubroID=1 HTTP/1.1" 302 300 "-" "Mozilla/5.0 (compatible; MJ12bot/v1.4.8; http://mj12bot.com/)"
149.202.86.56 - - [25/Nov/2024:03:40:41 -0300] "GET /espanol/noticias.php?pageNum_rsNoticias=16&totalRows_rsNoticias=236&rubroID=3 HTTP/1.1" 302 298 "-" "Mozilla/5.0 (compatible; MJ12bot/v1.4.8; http://mj12bot.com/)"
149.202.86.56 - - [25/Nov/2024:03:41:02 -0300] "GET /espanol/noticias.php?pageNum_rsNoticias=165&totalRows_rsNoticias=2241&rubroID=1 HTTP/1.1" 302 300 "-" "Mozilla/5.0 (compatible; MJ12bot/v1.4.8; http://mj12bot.com/)"
149.202.86.56 - - [25/Nov/2024:03:41:23 -0300] "GET /espanol/noticias.php?pageNum_rsNoticias=166&totalRows_rsNoticias=2241&rubroID=1 HTTP/1.1" 302 300 "-" "Mozilla/5.0 (compatible; MJ12bot/v1.4.8; http://mj12bot.com/)"
149.202.86.56 - - [25/Nov/2024:03:41:50 -0300] "GET /espanol/noticias.php?pageNum_rsNoticias=167&totalRows_rsNoticias=2241&rubroID=1 HTTP/1.1" 302 300 "-" "Mozilla/5.0 (compatible; MJ12bot/v1.4.8; http://mj12bot.com/)"
149.202.86.56 - - [25/Nov/2024:03:42:27 -0300] "GET /espanol/noticias.php?pageNum_rsNoticias=172&totalRows_rsNoticias=2228&rubroID=1 HTTP/1.1" 302 300 "-" "Mozilla/5.0 (compatible; MJ12bot/v1.4.8; http://mj12bot.com/)"
69.162.124.231 - - [25/Nov/2024:03:42:46 -0300] "HEAD / HTTP/1.1" 302 - "http://caballoscriollos.com/" "Mozilla/5.0+(compatible; UptimeRobot/2.0; http://www.uptimerobot.com/)"
149.202.86.56 - - [25/Nov/2024:03:42:51 -0300] "GET /espanol/noticias.php?pageNum_rsNoticias=172&totalRows_rsNoticias=2241&rubroID=1 HTTP/1.1" 302 300 "-" "Mozilla/5.0 (compatible; MJ12bot/v1.4.8; http://mj12bot.com/)"
149.202.86.56 - - [25/Nov/2024:03:43:21 -0300] "GET /espanol/noticias.php?pageNum_rsNoticias=173&totalRows_rsNoticias=2054&rubroID=1 HTTP/1.1" 302 300 "-" "Mozilla/5.0 (compatible; MJ12bot/v1.4.8; http://mj12bot.com/)"
149.202.86.56 - - [25/Nov/2024:03:43:29 -0300] "GET /espanol/noticias.php?pageNum_rsNoticias=173&totalRows_rsNoticias=2228&rubroID=1 HTTP/1.1" 302 300 "-" "Mozilla/5.0 (compatible; MJ12bot/v1.4.8; http://mj12bot.com/)"
149.202.86.56 - - [25/Nov/2024:03:43:43 -0300] "GET /espanol/noticias.php?pageNum_rsNoticias=173&totalRows_rsNoticias=2241&rubroID=1 HTTP/1.1" 302 300 "-" "Mozilla/5.0 (compatible; MJ12bot/v1.4.8; http://mj12bot.com/)"
44.213.72.255 - - [25/Nov/2024:03:43:54 -0300] "GET / HTTP/1.1" 302 213 "-" "Mozilla/5.0 (iPhone; CPU iPhone OS 17_0_3 like Mac OS X) AppleWebKit/605.1.15 (KHTML, like Gecko) Version/17.0 Mobile/15E148 Safari/604.1 OPX/2.2.0"
149.202.86.56 - - [25/Nov/2024:03:44:02 -0300] "GET /espanol/noticias.php?pageNum_rsNoticias=174&totalRows_rsNoticias=2054&rubroID=1 HTTP/1.1" 302 300 "-" "Mozilla/5.0 (compatible; MJ12bot/v1.4.8; http://mj12bot.com/)"
149.202.86.56 - - [25/Nov/2024:03:44:10 -0300] "GET /espanol/noticias.php?pageNum_rsNoticias=174&totalRows_rsNoticias=2228&rubroID=1 HTTP/1.1" 302 300 "-" "Mozilla/5.0 (compatible; MJ12bot/v1.4.8; http://mj12bot.com/)"
149.202.86.56 - - [25/Nov/2024:03:44:21 -0300] "GET /espanol/noticias.php?pageNum_rsNoticias=174&totalRows_rsNoticias=2241&rubroID=1 HTTP/1.1" 302 300 "-" "Mozilla/5.0 (compatible; MJ12bot/v1.4.8; http://mj12bot.com/)"
149.202.86.56 - - [25/Nov/2024:03:44:34 -0300] "GET /espanol/noticias.php?pageNum_rsNoticias=175&totalRows_rsNoticias=2054&rubroID=1 HTTP/1.1" 302 300 "-" "Mozilla/5.0 (compatible; MJ12bot/v1.4.8; http://mj12bot.com/)"
149.202.86.56 - - [25/Nov/2024:03:44:42 -0300] "GET /espanol/noticias.php?pageNum_rsNoticias=175&totalRows_rsNoticias=2241&rubroID=1 HTTP/1.1" 302 300 "-" "Mozilla/5.0 (compatible; MJ12bot/v1.4.8; http://mj12bot.com/)"
149.202.86.56 - - [25/Nov/2024:03:44:56 -0300] "GET /espanol/noticias.php?pageNum_rsNoticias=176&totalRows_rsNoticias=2054&rubroID=1 HTTP/1.1" 302 300 "-" "Mozilla/5.0 (compatible; MJ12bot/v1.4.8; http://mj12bot.com/)"
149.202.86.56 - - [25/Nov/2024:03:45:06 -0300] "GET /espanol/noticias.php?pageNum_rsNoticias=176&totalRows_rsNoticias=2232&rubroID=1 HTTP/1.1" 302 300 "-" "Mozilla/5.0 (compatible; MJ12bot/v1.4.8; http://mj12bot.com/)"
149.202.86.56 - - [25/Nov/2024:03:45:28 -0300] "GET /espanol/noticias.php?pageNum_rsNoticias=176&totalRows_rsNoticias=2263&rubroID=1 HTTP/1.1" 302 300 "-" "Mozilla/5.0 (compatible; MJ12bot/v1.4.8; http://mj12bot.com/)"
149.202.86.56 - - [25/Nov/2024:03:46:21 -0300] "GET /espanol/noticias.php?pageNum_rsNoticias=177&totalRows_rsNoticias=2054&rubroID=1 HTTP/1.1" 302 300 "-" "Mozilla/5.0 (compatible; MJ12bot/v1.4.8; http://mj12bot.com/)"
149.202.86.56 - - [25/Nov/2024:03:46:46 -0300] "GET /espanol/noticias.php?pageNum_rsNoticias=177&totalRows_rsNoticias=2232&rubroID=1 HTTP/1.1" 302 300 "-" "Mozilla/5.0 (compatible; MJ12bot/v1.4.8; http://mj12bot.com/)"
149.202.86.56 - - [25/Nov/2024:03:47:04 -0300] "GET /espanol/noticias.php?pageNum_rsNoticias=177&totalRows_rsNoticias=2263&rubroID=1 HTTP/1.1" 302 300 "-" "Mozilla/5.0 (compatible; MJ12bot/v1.4.8; http://mj12bot.com/)"
149.202.86.56 - - [25/Nov/2024:03:47:20 -0300] "GET /espanol/noticias.php?pageNum_rsNoticias=178&totalRows_rsNoticias=2054&rubroID=1 HTTP/1.1" 302 300 "-" "Mozilla/5.0 (compatible; MJ12bot/v1.4.8; http://mj12bot.com/)"
149.202.86.56 - - [25/Nov/2024:03:47:28 -0300] "GET /espanol/noticias.php?pageNum_rsNoticias=178&totalRows_rsNoticias=2232&rubroID=1 HTTP/1.1" 302 300 "-" "Mozilla/5.0 (compatible; MJ12bot/v1.4.8; http://mj12bot.com/)"
149.202.86.56 - - [25/Nov/2024:03:47:42 -0300] "GET /espanol/noticias.php?pageNum_rsNoticias=178&totalRows_rsNoticias=2263&rubroID=1 HTTP/1.1" 302 300 "-" "Mozilla/5.0 (compatible; MJ12bot/v1.4.8; http://mj12bot.com/)"
69.162.124.231 - - [25/Nov/2024:03:47:46 -0300] "HEAD / HTTP/1.1" 302 - "http://caballoscriollos.com/" "Mozilla/5.0+(compatible; UptimeRobot/2.0; http://www.uptimerobot.com/)"
149.202.86.56 - - [25/Nov/2024:03:48:04 -0300] "GET /espanol/noticias.php?pageNum_rsNoticias=179&totalRows_rsNoticias=2054&rubroID=1 HTTP/1.1" 302 300 "-" "Mozilla/5.0 (compatible; MJ12bot/v1.4.8; http://mj12bot.com/)"
149.202.86.56 - - [25/Nov/2024:03:48:12 -0300] "GET /espanol/noticias.php?pageNum_rsNoticias=179&totalRows_rsNoticias=2228&rubroID=1 HTTP/1.1" 302 300 "-" "Mozilla/5.0 (compatible; MJ12bot/v1.4.8; http://mj12bot.com/)"
149.202.86.56 - - [25/Nov/2024:03:48:25 -0300] "GET /espanol/noticias.php?pageNum_rsNoticias=179&totalRows_rsNoticias=2241&rubroID=1 HTTP/1.1" 302 300 "-" "Mozilla/5.0 (compatible; MJ12bot/v1.4.8; http://mj12bot.com/)"
149.202.86.56 - - [25/Nov/2024:03:48:39 -0300] "GET /espanol/noticias.php?pageNum_rsNoticias=179&totalRows_rsNoticias=2263&rubroID=1 HTTP/1.1" 302 300 "-" "Mozilla/5.0 (compatible; MJ12bot/v1.4.8; http://mj12bot.com/)"
149.202.86.56 - - [25/Nov/2024:03:48:59 -0300] "GET /espanol/noticias.php?pageNum_rsNoticias=18&totalRows_rsNoticias=1020&rubroID=1 HTTP/1.1" 302 299 "-" "Mozilla/5.0 (compatible; MJ12bot/v1.4.8; http://mj12bot.com/)"
149.202.86.56 - - [25/Nov/2024:03:49:14 -0300] "GET /espanol/noticias.php?pageNum_rsNoticias=18&totalRows_rsNoticias=2263&rubroID=1 HTTP/1.1" 302 299 "-" "Mozilla/5.0 (compatible; MJ12bot/v1.4.8; http://mj12bot.com/)"
149.202.86.56 - - [25/Nov/2024:03:49:28 -0300] "GET /espanol/noticias.php?pageNum_rsNoticias=18&totalRows_rsNoticias=234&rubroID=3 HTTP/1.1" 302 298 "-" "Mozilla/5.0 (compatible; MJ12bot/v1.4.8; http://mj12bot.com/)"
149.202.86.56 - - [25/Nov/2024:03:49:37 -0300] "GET /espanol/noticias.php?pageNum_rsNoticias=18&totalRows_rsNoticias=236&rubroID=3 HTTP/1.1" 302 298 "-" "Mozilla/5.0 (compatible; MJ12bot/v1.4.8; http://mj12bot.com/)"
149.202.86.56 - - [25/Nov/2024:03:49:53 -0300] "GET /espanol/noticias.php?pageNum_rsNoticias=18&totalRows_rsNoticias=237&rubroID=3 HTTP/1.1" 302 298 "-" "Mozilla/5.0 (compatible; MJ12bot/v1.4.8; http://mj12bot.com/)"
149.202.86.56 - - [25/Nov/2024:03:50:07 -0300] "GET /espanol/noticias.php?pageNum_rsNoticias=18&totalRows_rsNoticias=2918&rubroID=1 HTTP/1.1" 302 299 "-" "Mozilla/5.0 (compatible; MJ12bot/v1.4.8; http://mj12bot.com/)"
149.202.86.56 - - [25/Nov/2024:03:50:22 -0300] "GET /espanol/noticias.php?pageNum_rsNoticias=18&totalRows_rsNoticias=3073&rubroID=1 HTTP/1.1" 302 299 "-" "Mozilla/5.0 (compatible; MJ12bot/v1.4.8; http://mj12bot.com/)"
149.202.86.56 - - [25/Nov/2024:03:50:47 -0300] "GET /espanol/noticias.php?pageNum_rsNoticias=18&totalRows_rsNoticias=3131&rubroID=1 HTTP/1.1" 302 299 "-" "Mozilla/5.0 (compatible; MJ12bot/v1.4.8; http://mj12bot.com/)"
