149.202.86.56 - - [25/Nov/2024:03:51:06 -0300] "GET /espanol/noticias.php?pageNum_rsNoticias=180&totalRows_rsNoticias=2228&rubroID=1 HTTP/1.1" 302 300 "-" "Mozilla/5.0 (compatible; MJ12bot/v1.4.8; http://mj12bot.com/)"
149.202.86.56 - - [25/Nov/2024:03:51:22 -0300] "GET /espanol/noticias.php?pageNum_rsNoticias=180&totalRows_rsNoticias=2241&rubroID=1 HTTP/1.1" 302 300 "-" "Mozilla/5.0 (compatible; MJ12bot/v1.4.8; http://mj12bot.com/)"
149.202.86.56 - - [25/Nov/2024:03:51:37 -0300] "GET /espanol/noticias.php?pageNum_rsNoticias=180&totalRows_rsNoticias=2263&rubroID=1 HTTP/1.1" 302 300 "-" "Mozilla/5.0 (compatible; MJ12bot/v1.4.8; http://mj12bot.com/)"
149.202.86.56 - - [25/Nov/2024:03:51:59 -0300] "GET /espanol/noticias.php?pageNum_rsNoticias=181&totalRows_rsNoticias=2228&rubroID=1 HTTP/1.1" 302 300 "-" "Mozilla/5.0 (compatible; MJ12bot/v1.4.8; http://mj12bot.com/)"
149.202.86.56 - - [25/Nov/2024:03:52:12 -0300] "GET /espanol/noticias.php?pageNum_rsNoticias=181&totalRows_rsNoticias=2241&rubroID=1 HTTP/1.1" 302 300 "-" "Mozilla/5.0 (compatible; MJ12bot/v1.4.8; http://mj12bot.com/)"
149.202.86.56 - - [25/Nov/2024:03:52:26 -0300] "GET /espanol/noticias.php?pageNum_rsNoticias=181&totalRows_rsNoticias=2263&rubroID=1 HTTP/1.1" 302 300 "-" "Mozilla/5.0 (compatible; MJ12bot/v1.4.8; http://mj12bot.com/)"
149.202.86.56 - - [25/Nov/2024:03:52:39 -0300] "GET /espanol/noticias.php?pageNum_rsNoticias=182&totalRows_rsNoticias=2228&rubroID=1 HTTP/1.1" 302 300 "-" "Mozilla/5.0 (compatible; MJ12bot/v1.4.8; http://mj12bot.com/)"
69.162.124.231 - - [25/Nov/2024:03:52:46 -0300] "HEAD / HTTP/1.1" 302 - "http://caballoscriollos.com/" "Mozilla/5.0+(compatible; UptimeRobot/2.0; http://www.uptimerobot.com/)"
149.202.86.56 - - [25/Nov/2024:03:52:54 -0300] "GET /espanol/noticias.php?pageNum_rsNoticias=182&totalRows_rsNoticias=2241&rubroID=1 HTTP/1.1" 302 300 "-" "Mozilla/5.0 (compatible; MJ12bot/v1.4.8; http://mj12bot.com/)"
149.202.86.56 - - [25/Nov/2024:03:53:08 -0300] "GET /espanol/noticias.php?pageNum_rsNoticias=183&totalRows_rsNoticias=2232&rubroID=1 HTTP/1.1" 302 300 "-" "Mozilla/5.0 (compatible; MJ12bot/v1.4.8; http://mj12bot.com/)"
149.202.86.56 - - [25/Nov/2024:03:53:24 -0300] "GET /espanol/noticias.php?pageNum_rsNoticias=183&totalRows_rsNoticias=2241&rubroID=1 HTTP/1.1" 302 300 "-" "Mozilla/5.0 (compatible; MJ12bot/v1.4.8; http://mj12bot.com/)"
149.202.86.56 - - [25/Nov/2024:03:53:39 -0300] "GET /espanol/noticias.php?pageNum_rsNoticias=184&totalRows_rsNoticias=2232&rubroID=1 HTTP/1.1" 302 300 "-" "Mozilla/5.0 (compatible; MJ12bot/v1.4.8; http://mj12bot.com/)"
149.202.86.56 - - [25/Nov/2024:03:53:55 -0300] "GET /espanol/noticias.php?pageNum_rsNoticias=184&totalRows_rsNoticias=2241&rubroID=1 HTTP/1.1" 302 300 "-" "Mozilla/5.0 (compatible; MJ12bot/v1.4.8; http://mj12bot.com/)"
149.202.86.56 - - [25/Nov/2024:03:54:11 -0300] "GET /espanol/noticias.php?pageNum_rsNoticias=185&totalRows_rsNoticias=2232&rubroID=1 HTTP/1.1" 302 300 "-" "Mozilla/5.0 (compatible; MJ12bot/v1.4.8; http://mj12bot.com/)"
149.202.86.56 - - [25/Nov/2024:03:54:28 -0300] "GET /espanol/noticias.php?pageNum_rsNoticias=185&totalRows_rsNoticias=2241&rubroID=1 HTTP/1.1" 302 300 "-" "Mozilla/5.0 (compatible; MJ12bot/v1.4.8; http://mj12bot.com/)"
149.202.86.56 - - [25/Nov/2024:03:54:55 -0300] "GET /espanol/noticias.php?pageNum_rsNoticias=186&totalRows_rsNoticias=2228&rubroID=1 HTTP/1.1" 302 300 "-" "Mozilla/5.0 (compatible; MJ12bot/v1.4.8; http://mj12bot.com/)"
149.202.86.56 - - [25/Nov/2024:03:55:07 -0300] "GET /espanol/noticias.php?pageNum_rsNoticias=186&totalRows_rsNoticias=2232&rubroID=1 HTTP/1.1" 302 300 "-" "Mozilla/5.0 (compatible; MJ12bot/v1.4.8; http://mj12bot.com/)"
149.202.86.56 - - [25/Nov/2024:03:55:22 -0300] "GET /espanol/noticias.php?pageNum_rsNoticias=186&totalRows_rsNoticias=2241&rubroID=1 HTTP/1.1" 302 300 "-" "Mozilla/5.0 (compatible; MJ12bot/v1.4.8; http://mj12bot.com/)"
149.202.86.56 - - [25/Nov/2024:03:55:46 -0300] "GET /espanol/noticias.php?pageNum_rsNoticias=187&totalRows_rsNoticias=2228&rubroID=1 HTTP/1.1" 302 300 "-" "Mozilla/5.0 (compatible; MJ12bot/v1.4.8; http://mj12bot.com/)"
149.202.86.56 - - [25/Nov/2024:03:55:59 -0300] "GET /espanol/noticias.php?pageNum_rsNoticias=187&totalRows_rsNoticias=2241&rubroID=1 HTTP/1.1" 302 300 "-" "Mozilla/5.0 (compatible; MJ12bot/v1.4.8; http://mj12bot.com/)"
149.202.86.56 - - [25/Nov/2024:03:56:14 -0300] "GET /espanol/noticias.php?pageNum_rsNoticias=188&totalRows_rsNoticias=2228&rubroID=1 HTTP/1.1" 302 300 "-" "Mozilla/5.0 (compatible; MJ12bot/v1.4.8; http://mj12bot.com/)"
149.202.86.56 - - [25/Nov/2024:03:56:27 -0300] "GET /espanol/noticias.php?pageNum_rsNoticias=188&totalRows_rsNoticias=2241&rubroID=1 HTTP/1.1" 302 300 "-" "Mozilla/5.0 (compatible; MJ12bot/v1.4.8; http://mj12bot.com/)"
149.202.86.56 - - [25/Nov/2024:03:56:49 -0300] "GET /espanol/noticias.php?pageNum_rsNoticias=189&totalRows_rsNoticias=2228&rubroID=1 HTTP/1.1" 302 300 "-" "Mozilla/5.0 (compatible; MJ12bot/v1.4.8; http://mj12bot.com/)"
149.202.86.56 - - [25/Nov/2024:03:57:03 -0300] "GET /espanol/noticias.php?pageNum_rsNoticias=189&totalRows_rsNoticias=2241&rubroID=1 HTTP/1.1" 302 300 "-" "Mozilla/5.0 (compatible; MJ12bot/v1.4.8; http://mj12bot.com/)"
149.202.86.56 - - [25/Nov/2024:03:57:19 -0300] "GET /espanol/noticias.php?pageNum_rsNoticias=189&totalRows_rsNoticias=2263&rubroID=1 HTTP/1.1" 302 300 "-" "Mozilla/5.0 (compatible; MJ12bot/v1.4.8; http://mj12bot.com/)"
149.202.86.56 - - [25/Nov/2024:03:57:41 -0300] "GET /espanol/noticias.php?pageNum_rsNoticias=19&totalRows_rsNoticias=1020&rubroID=1 HTTP/1.1" 302 299 "-" "Mozilla/5.0 (compatible; MJ12bot/v1.4.8; http://mj12bot.com/)"
69.162.124.231 - - [25/Nov/2024:03:57:46 -0300] "HEAD / HTTP/1.1" 302 - "http://caballoscriollos.com/" "Mozilla/5.0+(compatible; UptimeRobot/2.0; http://www.uptimerobot.com/)"
149.202.86.56 - - [25/Nov/2024:03:57:55 -0300] "GET /espanol/noticias.php?pageNum_rsNoticias=19&totalRows_rsNoticias=2222&rubroID=1 HTTP/1.1" 302 299 "-" "Mozilla/5.0 (compatible; MJ12bot/v1.4.8; http://mj12bot.com/)"
149.202.86.56 - - [25/Nov/2024:03:58:11 -0300] "GET /espanol/noticias.php?pageNum_rsNoticias=19&totalRows_rsNoticias=234&rubroID=3 HTTP/1.1" 302 298 "-" "Mozilla/5.0 (compatible; MJ12bot/v1.4.8; http://mj12bot.com/)"
149.202.86.56 - - [25/Nov/2024:03:58:20 -0300] "GET /espanol/noticias.php?pageNum_rsNoticias=19&totalRows_rsNoticias=236&rubroID=3 HTTP/1.1" 302 298 "-" "Mozilla/5.0 (compatible; MJ12bot/v1.4.8; http://mj12bot.com/)"
149.202.86.56 - - [25/Nov/2024:03:58:29 -0300] "GET /espanol/noticias.php?pageNum_rsNoticias=19&totalRows_rsNoticias=237&rubroID=3 HTTP/1.1" 302 298 "-" "Mozilla/5.0 (compatible; MJ12bot/v1.4.8; http://mj12bot.com/)"
149.202.86.56 - - [25/Nov/2024:03:58:38 -0300] "GET /espanol/noticias.php?pageNum_rsNoticias=19&totalRows_rsNoticias=2918&rubroID=1 HTTP/1.1" 302 299 "-" "Mozilla/5.0 (compatible; MJ12bot/v1.4.8; http://mj12bot.com/)"
149.202.86.56 - - [25/Nov/2024:03:58:56 -0300] "GET /espanol/noticias.php?pageNum_rsNoticias=19&totalRows_rsNoticias=3073&rubroID=1 HTTP/1.1" 302 299 "-" "Mozilla/5.0 (compatible; MJ12bot/v1.4.8; http://mj12bot.com/)"
149.202.86.56 - - [25/Nov/2024:03:59:13 -0300] "GET /espanol/noticias.php?pageNum_rsNoticias=19&totalRows_rsNoticias=3131&rubroID=1 HTTP/1.1" 302 299 "-" "Mozilla/5.0 (compatible; MJ12bot/v1.4.8; http://mj12bot.com/)"
149.202.86.56 - - [25/Nov/2024:03:59:30 -0300] "GET /espanol/noticias.php?pageNum_rsNoticias=190&totalRows_rsNoticias=2228&rubroID=1 HTTP/1.1" 302 300 "-" "Mozilla/5.0 (compatible; MJ12bot/v1.4.8; http://mj12bot.com/)"
69.162.124.231 - - [25/Nov/2024:04:02:46 -0300] "HEAD / HTTP/1.1" 302 - "http://caballoscriollos.com/" "Mozilla/5.0+(compatible; UptimeRobot/2.0; http://www.uptimerobot.com/)"
121.229.156.59 - - [25/Nov/2024:04:07:10 -0300] "GET /robots.txt HTTP/1.1" 302 223 "-" "Sogou web spider/4.0(+http://www.sogou.com/docs/help/webmasters.htm#07)"
69.162.124.231 - - [25/Nov/2024:04:07:46 -0300] "HEAD / HTTP/1.1" 302 - "http://caballoscriollos.com/" "Mozilla/5.0+(compatible; UptimeRobot/2.0; http://www.uptimerobot.com/)"
69.162.124.231 - - [25/Nov/2024:04:12:46 -0300] "HEAD / HTTP/1.1" 302 - "http://caballoscriollos.com/" "Mozilla/5.0+(compatible; UptimeRobot/2.0; http://www.uptimerobot.com/)"
20.171.207.7 - - [25/Nov/2024:04:13:20 -0300] "GET /robots.txt HTTP/1.1" 302 223 "-" "Mozilla/5.0 AppleWebKit/537.36 (KHTML, like Gecko; compatible; GPTBot/1.2; +https://openai.com/gptbot)"
69.162.124.231 - - [25/Nov/2024:04:17:46 -0300] "HEAD / HTTP/1.1" 302 - "http://caballoscriollos.com/" "Mozilla/5.0+(compatible; UptimeRobot/2.0; http://www.uptimerobot.com/)"
69.162.124.231 - - [25/Nov/2024:04:22:46 -0300] "HEAD / HTTP/1.1" 302 - "http://caballoscriollos.com/" "Mozilla/5.0+(compatible; UptimeRobot/2.0; http://www.uptimerobot.com/)"
69.162.124.231 - - [25/Nov/2024:04:27:46 -0300] "HEAD / HTTP/1.1" 302 - "http://caballoscriollos.com/" "Mozilla/5.0+(compatible; UptimeRobot/2.0; http://www.uptimerobot.com/)"
156.59.198.135 - - [25/Nov/2024:04:29:14 -0300] "GET /_recursos/noticias/thumb/2285_20100824105600.jpg HTTP/1.0" 302 261 "-" "Mozilla/5.0 (Linux; Android 5.0) AppleWebKit/537.36 (KHTML, like Gecko) Mobile Safari/537.36 (compatible; Bytespider; spider-feedback@bytedance.com)"
66.249.68.38 - - [25/Nov/2024:04:30:08 -0300] "GET / HTTP/1.1" 302 213 "-" "Mozilla/5.0 (Linux; Android 6.0.1; Nexus 5X Build/MMB29P) AppleWebKit/537.36 (KHTML, like Gecko) Chrome/131.0.6778.69 Mobile Safari/537.36 (compatible; Googlebot/2.1; +http://www.google.com/bot.html)"
69.162.124.231 - - [25/Nov/2024:04:32:46 -0300] "HEAD / HTTP/1.1" 302 - "http://caballoscriollos.com/" "Mozilla/5.0+(compatible; UptimeRobot/2.0; http://www.uptimerobot.com/)"
66.249.68.32 - - [25/Nov/2024:04:34:15 -0300] "GET /espanol/calendario_portada_pdf.php?calendarioID=593 HTTP/1.1" 302 264 "-" "Mozilla/5.0 (Linux; Android 6.0.1; Nexus 5X Build/MMB29P) AppleWebKit/537.36 (KHTML, like Gecko) Chrome/131.0.6778.69 Mobile Safari/537.36 (compatible; Googlebot/2.1; +http://www.google.com/bot.html)"
69.162.124.231 - - [25/Nov/2024:04:37:46 -0300] "HEAD / HTTP/1.1" 302 - "http://caballoscriollos.com/" "Mozilla/5.0+(compatible; UptimeRobot/2.0; http://www.uptimerobot.com/)"
216.244.66.198 - - [25/Nov/2024:04:38:31 -0300] "GET /robots.txt HTTP/1.1" 302 223 "-" "Mozilla/5.0 (compatible; DotBot/1.2; +https://opensiteexplorer.org/dotbot; help@moz.com)"
216.244.66.198 - - [25/Nov/2024:04:38:31 -0300] "GET /robots.txt HTTP/1.1" 302 223 "-" "Mozilla/5.0 (compatible; DotBot/1.2; +https://opensiteexplorer.org/dotbot; help@moz.com)"
51.222.253.16 - - [25/Nov/2024:04:41:24 -0300] "GET /espanol/boletin_electronico_detalle.php?newsletterID=78 HTTP/1.1" 302 268 "-" "Mozilla/5.0 (compatible; AhrefsBot/7.0; +http://ahrefs.com/robot/)"
69.162.124.231 - - [25/Nov/2024:04:42:46 -0300] "HEAD / HTTP/1.1" 302 - "http://caballoscriollos.com/" "Mozilla/5.0+(compatible; UptimeRobot/2.0; http://www.uptimerobot.com/)"
69.162.124.231 - - [25/Nov/2024:04:47:46 -0300] "HEAD / HTTP/1.1" 302 - "http://caballoscriollos.com/" "Mozilla/5.0+(compatible; UptimeRobot/2.0; http://www.uptimerobot.com/)"
69.162.124.231 - - [25/Nov/2024:04:52:46 -0300] "HEAD / HTTP/1.1" 302 - "http://caballoscriollos.com/" "Mozilla/5.0+(compatible; UptimeRobot/2.0; http://www.uptimerobot.com/)"
69.162.124.231 - - [25/Nov/2024:04:57:46 -0300] "HEAD / HTTP/1.1" 302 - "http://caballoscriollos.com/" "Mozilla/5.0+(compatible; UptimeRobot/2.0; http://www.uptimerobot.com/)"
159.89.239.139 - - [25/Nov/2024:04:58:59 -0300] "GET / HTTP/1.1" 302 213 "-" "Mozilla/5.0 (X11; Linux x86_64) AppleWebKit/537.36 (KHTML, like Gecko) Chrome/129.0.0.0 Safari/537.36"
69.162.124.231 - - [25/Nov/2024:05:02:46 -0300] "HEAD / HTTP/1.1" 302 - "http://caballoscriollos.com/" "Mozilla/5.0+(compatible; UptimeRobot/2.0; http://www.uptimerobot.com/)"
69.162.124.231 - - [25/Nov/2024:05:07:46 -0300] "HEAD / HTTP/1.1" 302 - "http://caballoscriollos.com/" "Mozilla/5.0+(compatible; UptimeRobot/2.0; http://www.uptimerobot.com/)"
180.102.110.176 - - [25/Nov/2024:05:08:14 -0300] "GET / HTTP/1.1" 302 213 "-" "Sogou web spider/4.0(+http://www.sogou.com/docs/help/webmasters.htm#07)"
47.128.21.194 - - [25/Nov/2024:05:10:19 -0300] "GET /cgi-sys/suspendedpage.cgi?noticiasID=687 HTTP/1.1" 200 7634 "-" "Mozilla/5.0 (Linux; Android 5.0) AppleWebKit/537.36 (KHTML, like Gecko) Mobile Safari/537.36 (compatible; Bytespider; spider-feedback@bytedance.com)"
69.162.124.231 - - [25/Nov/2024:05:12:46 -0300] "HEAD / HTTP/1.1" 302 - "http://caballoscriollos.com/" "Mozilla/5.0+(compatible; UptimeRobot/2.0; http://www.uptimerobot.com/)"
51.222.253.19 - - [25/Nov/2024:05:15:11 -0300] "GET /espanol/noticias_detalle.php?noticiasID=1935 HTTP/1.1" 302 257 "-" "Mozilla/5.0 (compatible; AhrefsBot/7.0; +http://ahrefs.com/robot/)"
69.162.124.231 - - [25/Nov/2024:05:17:46 -0300] "HEAD / HTTP/1.1" 302 - "http://caballoscriollos.com/" "Mozilla/5.0+(compatible; UptimeRobot/2.0; http://www.uptimerobot.com/)"
69.162.124.231 - - [25/Nov/2024:05:22:46 -0300] "HEAD / HTTP/1.1" 302 - "http://caballoscriollos.com/" "Mozilla/5.0+(compatible; UptimeRobot/2.0; http://www.uptimerobot.com/)"
51.222.253.2 - - [25/Nov/2024:05:26:59 -0300] "GET /espanol/boletin_electronico_detalle.php?newsletterID=196 HTTP/1.1" 302 269 "-" "Mozilla/5.0 (compatible; AhrefsBot/7.0; +http://ahrefs.com/robot/)"
69.162.124.231 - - [25/Nov/2024:05:27:46 -0300] "HEAD / HTTP/1.1" 302 - "http://caballoscriollos.com/" "Mozilla/5.0+(compatible; UptimeRobot/2.0; http://www.uptimerobot.com/)"
69.162.124.231 - - [25/Nov/2024:05:32:46 -0300] "HEAD / HTTP/1.1" 302 - "http://caballoscriollos.com/" "Mozilla/5.0+(compatible; UptimeRobot/2.0; http://www.uptimerobot.com/)"
66.249.79.238 - - [25/Nov/2024:05:36:16 -0300] "GET /espanol/noticias_detalle.php?noticiasID=3158 HTTP/1.1" 302 257 "-" "Mozilla/5.0 (Linux; Android 6.0.1; Nexus 5X Build/MMB29P) AppleWebKit/537.36 (KHTML, like Gecko) Chrome/131.0.6778.69 Mobile Safari/537.36 (compatible; Googlebot/2.1; +http://www.google.com/bot.html)"
40.77.167.38 - - [25/Nov/2024:05:36:53 -0300] "GET /espanol/images/paso2_down.jpg HTTP/1.1" 302 242 "-" "Mozilla/5.0 AppleWebKit/537.36 (KHTML, like Gecko; compatible; bingbot/2.0; +http://www.bing.com/bingbot.htm) Chrome/116.0.1938.76 Safari/537.36"
69.162.124.231 - - [25/Nov/2024:05:37:46 -0300] "HEAD / HTTP/1.1" 302 - "http://caballoscriollos.com/" "Mozilla/5.0+(compatible; UptimeRobot/2.0; http://www.uptimerobot.com/)"
216.244.66.198 - - [25/Nov/2024:05:41:05 -0300] "GET /robots.txt HTTP/1.1" 302 223 "-" "Mozilla/5.0 (compatible; DotBot/1.2; +https://opensiteexplorer.org/dotbot; help@moz.com)"
216.244.66.198 - - [25/Nov/2024:05:41:05 -0300] "GET /robots.txt HTTP/1.1" 302 223 "-" "Mozilla/5.0 (compatible; DotBot/1.2; +https://opensiteexplorer.org/dotbot; help@moz.com)"
69.162.124.231 - - [25/Nov/2024:05:42:46 -0300] "HEAD / HTTP/1.1" 302 - "http://caballoscriollos.com/" "Mozilla/5.0+(compatible; UptimeRobot/2.0; http://www.uptimerobot.com/)"
85.208.98.23 - - [25/Nov/2024:05:46:58 -0300] "GET /robots.txt HTTP/1.1" 302 223 "-" "Mozilla/5.0 (compatible; SemrushBot-BA; +http://www.semrush.com/bot.html)"
69.162.124.231 - - [25/Nov/2024:05:47:46 -0300] "HEAD / HTTP/1.1" 302 - "http://caballoscriollos.com/" "Mozilla/5.0+(compatible; UptimeRobot/2.0; http://www.uptimerobot.com/)"
44.213.72.255 - - [25/Nov/2024:05:50:48 -0300] "GET / HTTP/1.1" 302 213 "-" "Mozilla/5.0 (iPhone; CPU iPhone OS 17_0 like Mac OS X) AppleWebKit/605.1.15 (KHTML, like Gecko) Version/17.0 Mobile/15E148 Safari/604.1 OPT/4.2.3"
69.162.124.231 - - [25/Nov/2024:05:52:46 -0300] "HEAD / HTTP/1.1" 302 - "http://caballoscriollos.com/" "Mozilla/5.0+(compatible; UptimeRobot/2.0; http://www.uptimerobot.com/)"
69.162.124.231 - - [25/Nov/2024:05:57:46 -0300] "HEAD / HTTP/1.1" 302 - "http://caballoscriollos.com/" "Mozilla/5.0+(compatible; UptimeRobot/2.0; http://www.uptimerobot.com/)"
85.208.98.23 - - [25/Nov/2024:06:02:35 -0300] "GET /robots.txt HTTP/1.1" 302 223 "-" "Mozilla/5.0 (compatible; SemrushBot-BA; +http://www.semrush.com/bot.html)"
69.162.124.231 - - [25/Nov/2024:06:02:46 -0300] "HEAD / HTTP/1.1" 302 - "http://caballoscriollos.com/" "Mozilla/5.0+(compatible; UptimeRobot/2.0; http://www.uptimerobot.com/)"
69.162.124.231 - - [25/Nov/2024:06:07:46 -0300] "HEAD / HTTP/1.1" 302 - "http://caballoscriollos.com/" "Mozilla/5.0+(compatible; UptimeRobot/2.0; http://www.uptimerobot.com/)"
66.249.79.225 - - [25/Nov/2024:06:09:19 -0300] "GET /web/ HTTP/1.1" 301 - "-" "Mozilla/5.0 (Linux; Android 6.0.1; Nexus 5X Build/MMB29P) AppleWebKit/537.36 (KHTML, like Gecko) Chrome/131.0.6778.69 Mobile Safari/537.36 (compatible; Googlebot/2.1; +http://www.google.com/bot.html)"
77.75.77.95 - - [25/Nov/2024:06:09:53 -0300] "GET /robots.txt HTTP/1.1" 302 223 "-" "Mozilla/5.0 (compatible; SeznamBot/4.0; +http://napoveda.seznam.cz/seznambot-intro/)"
77.75.77.95 - - [25/Nov/2024:06:09:53 -0300] "GET /espanol/home.php HTTP/1.1" 302 229 "-" "Mozilla/5.0 (compatible; SeznamBot/4.0; +http://napoveda.seznam.cz/seznambot-intro/)"
69.162.124.231 - - [25/Nov/2024:06:12:46 -0300] "HEAD / HTTP/1.1" 302 - "http://caballoscriollos.com/" "Mozilla/5.0+(compatible; UptimeRobot/2.0; http://www.uptimerobot.com/)"
45.177.92.146 - - [25/Nov/2024:06:13:11 -0300] "GET /espanol/home.php HTTP/1.1" 302 229 "-" "Mozilla/5.0 (Macintosh; Intel Mac OS X 10_15_7) AppleWebKit/605.1.15 (KHTML, like Gecko) Version/16.5 Safari/605.1.15"
69.162.124.231 - - [25/Nov/2024:06:17:46 -0300] "HEAD / HTTP/1.1" 302 - "http://caballoscriollos.com/" "Mozilla/5.0+(compatible; UptimeRobot/2.0; http://www.uptimerobot.com/)"
69.162.124.231 - - [25/Nov/2024:06:22:46 -0300] "HEAD / HTTP/1.1" 302 - "http://caballoscriollos.com/" "Mozilla/5.0+(compatible; UptimeRobot/2.0; http://www.uptimerobot.com/)"
69.162.124.231 - - [25/Nov/2024:06:27:46 -0300] "HEAD / HTTP/1.1" 302 - "http://caballoscriollos.com/" "Mozilla/5.0+(compatible; UptimeRobot/2.0; http://www.uptimerobot.com/)"
69.162.124.231 - - [25/Nov/2024:06:32:46 -0300] "HEAD / HTTP/1.1" 302 - "http://caballoscriollos.com/" "Mozilla/5.0+(compatible; UptimeRobot/2.0; http://www.uptimerobot.com/)"
156.59.198.136 - - [25/Nov/2024:06:37:16 -0300] "GET /_recursos/noticias/thumb/5701_20140422094834.jpg HTTP/1.0" 302 261 "-" "Mozilla/5.0 (Linux; Android 5.0) AppleWebKit/537.36 (KHTML, like Gecko) Mobile Safari/537.36 (compatible; Bytespider; spider-feedback@bytedance.com)"
69.162.124.231 - - [25/Nov/2024:06:37:46 -0300] "HEAD / HTTP/1.1" 302 - "http://caballoscriollos.com/" "Mozilla/5.0+(compatible; UptimeRobot/2.0; http://www.uptimerobot.com/)"
45.177.92.146 - - [25/Nov/2024:06:40:33 -0300] "GET /espanol/home.php HTTP/1.1" 302 229 "-" "Mozilla/5.0 (Macintosh; Intel Mac OS X 10_15_7) AppleWebKit/605.1.15 (KHTML, like Gecko) Version/16.5 Safari/605.1.15"
45.177.92.146 - - [25/Nov/2024:06:40:35 -0300] "GET /espanol/home.php HTTP/1.1" 302 229 "-" "Mozilla/5.0 (Macintosh; Intel Mac OS X 10_15_7) AppleWebKit/605.1.15 (KHTML, like Gecko) Version/16.5 Safari/605.1.15"
51.222.253.14 - - [25/Nov/2024:06:42:39 -0300] "GET /robots.txt HTTP/1.1" 302 223 "-" "Mozilla/5.0 (compatible; AhrefsBot/7.0; +http://ahrefs.com/robot/)"
69.162.124.231 - - [25/Nov/2024:06:42:46 -0300] "HEAD / HTTP/1.1" 302 - "http://caballoscriollos.com/" "Mozilla/5.0+(compatible; UptimeRobot/2.0; http://www.uptimerobot.com/)"
52.167.144.222 - - [25/Nov/2024:06:47:21 -0300] "GET /espanol/noticias_detalle.php?noticiasID=434 HTTP/1.1" 302 256 "-" "Mozilla/5.0 AppleWebKit/537.36 (KHTML, like Gecko; compatible; bingbot/2.0; +http://www.bing.com/bingbot.htm) Chrome/116.0.1938.76 Safari/537.36"
69.162.124.231 - - [25/Nov/2024:06:47:46 -0300] "HEAD / HTTP/1.1" 302 - "http://caballoscriollos.com/" "Mozilla/5.0+(compatible; UptimeRobot/2.0; http://www.uptimerobot.com/)"
69.162.124.231 - - [25/Nov/2024:06:52:46 -0300] "HEAD / HTTP/1.1" 302 - "http://caballoscriollos.com/" "Mozilla/5.0+(compatible; UptimeRobot/2.0; http://www.uptimerobot.com/)"
216.244.66.198 - - [25/Nov/2024:06:52:53 -0300] "GET /robots.txt HTTP/1.1" 302 223 "-" "Mozilla/5.0 (compatible; DotBot/1.2; +https://opensiteexplorer.org/dotbot; help@moz.com)"
69.162.124.231 - - [25/Nov/2024:06:57:46 -0300] "HEAD / HTTP/1.1" 302 - "http://caballoscriollos.com/" "Mozilla/5.0+(compatible; UptimeRobot/2.0; http://www.uptimerobot.com/)"
157.55.39.195 - - [25/Nov/2024:06:59:00 -0300] "GET /espanol/images/paso3_down.jpg HTTP/1.1" 302 242 "-" "Mozilla/5.0 AppleWebKit/537.36 (KHTML, like Gecko; compatible; bingbot/2.0; +http://www.bing.com/bingbot.htm) Chrome/116.0.1938.76 Safari/537.36"
114.96.103.33 - - [25/Nov/2024:07:01:01 -0300] "GET / HTTP/1.1" 302 213 "-" "Mozilla/5.0 (iPhone; CPU iPhone OS 13_2_3 like Mac OS X) AppleWebKit/605.1.15 (KHTML, like Gecko) Version/13.0.3 Mobile/15E148 Safari/604.1"
173.252.127.1 - - [25/Nov/2024:07:02:24 -0300] "GET /espanol/calendario_detalle_pop.php?calendarioID=1000 HTTP/1.1" 302 265 "-" "facebookexternalhit/1.1 (+http://www.facebook.com/externalhit_uatext.php)"
69.162.124.231 - - [25/Nov/2024:07:02:46 -0300] "HEAD / HTTP/1.1" 302 - "http://caballoscriollos.com/" "Mozilla/5.0+(compatible; UptimeRobot/2.0; http://www.uptimerobot.com/)"
156.59.198.135 - - [25/Nov/2024:07:04:40 -0300] "GET /_recursos/noticias/thumb/2065_20140627111220.jpg HTTP/1.0" 302 261 "-" "Mozilla/5.0 (Linux; Android 5.0) AppleWebKit/537.36 (KHTML, like Gecko) Mobile Safari/537.36 (compatible; Bytespider; spider-feedback@bytedance.com)"
51.222.253.5 - - [25/Nov/2024:07:06:28 -0300] "GET /espanol/noticias_detalle.php?noticiasID=688 HTTP/1.1" 302 256 "-" "Mozilla/5.0 (compatible; AhrefsBot/7.0; +http://ahrefs.com/robot/)"
156.59.198.136 - - [25/Nov/2024:07:07:40 -0300] "GET /_recursos/noticias/thumb/4750_20121030035836.jpg HTTP/1.0" 302 261 "-" "Mozilla/5.0 (Linux; Android 5.0) AppleWebKit/537.36 (KHTML, like Gecko) Mobile Safari/537.36 (compatible; Bytespider; spider-feedback@bytedance.com)"
69.162.124.231 - - [25/Nov/2024:07:07:46 -0300] "HEAD / HTTP/1.1" 302 - "http://caballoscriollos.com/" "Mozilla/5.0+(compatible; UptimeRobot/2.0; http://www.uptimerobot.com/)"
66.249.68.32 - - [25/Nov/2024:07:10:26 -0300] "GET /espanol/calendario_portada_pdf.php?calendarioID=705 HTTP/1.1" 302 264 "-" "Mozilla/5.0 (Linux; Android 6.0.1; Nexus 5X Build/MMB29P) AppleWebKit/537.36 (KHTML, like Gecko) Chrome/131.0.6778.69 Mobile Safari/537.36 (compatible; Googlebot/2.1; +http://www.google.com/bot.html)"
66.249.79.225 - - [25/Nov/2024:07:11:03 -0300] "GET /espanol/calendario_portada_pdf.php?calendarioID=1314 HTTP/1.1" 302 265 "-" "Mozilla/5.0 (Linux; Android 6.0.1; Nexus 5X Build/MMB29P) AppleWebKit/537.36 (KHTML, like Gecko) Chrome/131.0.6778.69 Mobile Safari/537.36 (compatible; Googlebot/2.1; +http://www.google.com/bot.html)"
69.162.124.231 - - [25/Nov/2024:07:12:46 -0300] "HEAD / HTTP/1.1" 302 - "http://caballoscriollos.com/" "Mozilla/5.0+(compatible; UptimeRobot/2.0; http://www.uptimerobot.com/)"
156.59.198.135 - - [25/Nov/2024:07:14:08 -0300] "GET /_recursos/noticias/thumb/9665_20140204080405.jpg HTTP/1.0" 302 261 "-" "Mozilla/5.0 (Linux; Android 5.0) AppleWebKit/537.36 (KHTML, like Gecko) Mobile Safari/537.36 (compatible; Bytespider; spider-feedback@bytedance.com)"
149.202.86.56 - - [25/Nov/2024:07:14:08 -0300] "GET /espanol/noticias.php?pageNum_rsNoticias=190&totalRows_rsNoticias=2228&rubroID=1 HTTP/1.1" 302 300 "-" "Mozilla/5.0 (compatible; MJ12bot/v1.4.8; http://mj12bot.com/)"
149.202.86.56 - - [25/Nov/2024:07:14:24 -0300] "GET /espanol/noticias.php?pageNum_rsNoticias=190&totalRows_rsNoticias=2232&rubroID=1 HTTP/1.1" 302 300 "-" "Mozilla/5.0 (compatible; MJ12bot/v1.4.8; http://mj12bot.com/)"
149.202.86.56 - - [25/Nov/2024:07:14:41 -0300] "GET /espanol/noticias.php?pageNum_rsNoticias=190&totalRows_rsNoticias=2241&rubroID=1 HTTP/1.1" 302 300 "-" "Mozilla/5.0 (compatible; MJ12bot/v1.4.8; http://mj12bot.com/)"
149.202.86.56 - - [25/Nov/2024:07:15:00 -0300] "GET /espanol/noticias.php?pageNum_rsNoticias=190&totalRows_rsNoticias=2263&rubroID=1 HTTP/1.1" 302 300 "-" "Mozilla/5.0 (compatible; MJ12bot/v1.4.8; http://mj12bot.com/)"
149.202.86.56 - - [25/Nov/2024:07:15:16 -0300] "GET /espanol/noticias.php?pageNum_rsNoticias=191&totalRows_rsNoticias=2228&rubroID=1 HTTP/1.1" 302 300 "-" "Mozilla/5.0 (compatible; MJ12bot/v1.4.8; http://mj12bot.com/)"
69.162.124.231 - - [25/Nov/2024:07:17:46 -0300] "HEAD / HTTP/1.1" 302 - "http://caballoscriollos.com/" "Mozilla/5.0+(compatible; UptimeRobot/2.0; http://www.uptimerobot.com/)"
157.55.39.204 - - [25/Nov/2024:07:22:23 -0300] "GET /espanol/cabanias.php HTTP/1.1" 302 233 "-" "Mozilla/5.0 AppleWebKit/537.36 (KHTML, like Gecko; compatible; bingbot/2.0; +http://www.bing.com/bingbot.htm) Chrome/116.0.1938.76 Safari/537.36"
69.162.124.231 - - [25/Nov/2024:07:22:46 -0300] "HEAD / HTTP/1.1" 302 - "http://caballoscriollos.com/" "Mozilla/5.0+(compatible; UptimeRobot/2.0; http://www.uptimerobot.com/)"
51.222.253.15 - - [25/Nov/2024:07:24:23 -0300] "GET /espanol/noticias_detalle.php?noticiasID=900 HTTP/1.1" 302 256 "-" "Mozilla/5.0 (compatible; AhrefsBot/7.0; +http://ahrefs.com/robot/)"
144.76.23.176 - - [25/Nov/2024:07:25:20 -0300] "GET /robots.txt HTTP/1.1" 302 223 "-" "Mozilla/5.0 (Windows NT 10.0; Win64; x64; trendictionbot0.5.0; trendiction search; http://www.trendiction.de/bot; please let us know of any problems; web at trendiction.com) Gecko/20100101 Firefox/125.0"
144.76.23.176 - - [25/Nov/2024:07:25:22 -0300] "GET /web/ HTTP/1.1" 301 - "-" "Mozilla/5.0 (Windows NT 10.0; Win64; x64; trendictionbot0.5.0; trendiction search; http://www.trendiction.de/bot; please let us know of any problems; web at trendiction.com) Gecko/20100101 Firefox/125.0"
69.162.124.231 - - [25/Nov/2024:07:27:46 -0300] "HEAD / HTTP/1.1" 302 - "http://caballoscriollos.com/" "Mozilla/5.0+(compatible; UptimeRobot/2.0; http://www.uptimerobot.com/)"
69.162.124.231 - - [25/Nov/2024:07:32:46 -0300] "HEAD / HTTP/1.1" 302 - "http://caballoscriollos.com/" "Mozilla/5.0+(compatible; UptimeRobot/2.0; http://www.uptimerobot.com/)"
52.167.144.186 - - [25/Nov/2024:07:35:06 -0300] "GET /sitemaps.xml HTTP/1.1" 302 225 "-" "Mozilla/5.0 AppleWebKit/537.36 (KHTML, like Gecko; compatible; bingbot/2.0; +http://www.bing.com/bingbot.htm) Chrome/116.0.1938.76 Safari/537.36"
66.249.68.32 - - [25/Nov/2024:07:35:32 -0300] "GET /espanol/calendario_portada_pdf.php?calendarioID=854 HTTP/1.1" 302 264 "-" "Mozilla/5.0 (Linux; Android 6.0.1; Nexus 5X Build/MMB29P) AppleWebKit/537.36 (KHTML, like Gecko) Chrome/131.0.6778.69 Mobile Safari/537.36 (compatible; Googlebot/2.1; +http://www.google.com/bot.html)"
144.76.23.176 - - [25/Nov/2024:07:37:16 -0300] "GET / HTTP/1.1" 302 213 "-" "Mozilla/5.0 (Windows NT 10.0; Win64; x64; trendictionbot0.5.0; trendiction search; http://www.trendiction.de/bot; please let us know of any problems; web at trendiction.com) Gecko/20100101 Firefox/125.0"
69.162.124.231 - - [25/Nov/2024:07:37:46 -0300] "HEAD / HTTP/1.1" 302 - "http://caballoscriollos.com/" "Mozilla/5.0+(compatible; UptimeRobot/2.0; http://www.uptimerobot.com/)"
157.55.39.50 - - [25/Nov/2024:07:38:13 -0300] "GET /espanol/images/paso1_down.jpg HTTP/1.1" 302 242 "-" "Mozilla/5.0 AppleWebKit/537.36 (KHTML, like Gecko; compatible; bingbot/2.0; +http://www.bing.com/bingbot.htm) Chrome/116.0.1938.76 Safari/537.36"
69.162.124.231 - - [25/Nov/2024:07:42:46 -0300] "HEAD / HTTP/1.1" 302 - "http://caballoscriollos.com/" "Mozilla/5.0+(compatible; UptimeRobot/2.0; http://www.uptimerobot.com/)"
51.222.253.1 - - [25/Nov/2024:07:42:48 -0300] "GET /espanol/noticias_detalle.php?noticiasID=868 HTTP/1.1" 302 256 "-" "Mozilla/5.0 (compatible; AhrefsBot/7.0; +http://ahrefs.com/robot/)"
112.86.225.35 - - [25/Nov/2024:07:44:53 -0300] "GET / HTTP/1.1" 302 213 "-" "Sogou web spider/4.0(+http://www.sogou.com/docs/help/webmasters.htm#07)"
87.120.127.88 - - [25/Nov/2024:07:45:01 -0300] "GET /wp-login.php HTTP/1.1" 302 225 "-" "Mozilla/5.0 (compatible; MSIE 9.0; Windows NT 6.1; Trident/5.0)"
87.120.127.88 - - [25/Nov/2024:07:45:01 -0300] "GET /_recursos/wp-login.php HTTP/1.1" 302 235 "-" "Mozilla/5.0 (compatible; MSIE 9.0; Windows NT 6.1; Trident/5.0)"
69.162.124.231 - - [25/Nov/2024:07:47:46 -0300] "HEAD / HTTP/1.1" 302 - "http://caballoscriollos.com/" "Mozilla/5.0+(compatible; UptimeRobot/2.0; http://www.uptimerobot.com/)"
190.230.204.109 - - [25/Nov/2024:07:51:56 -0300] "GET /espanol/home.php HTTP/1.1" 302 229 "-" "Mozilla/5.0 (Windows NT 10.0; Win64; x64) AppleWebKit/537.36 (KHTML, like Gecko) Chrome/109.0.0.0 Safari/537.36"
69.162.124.231 - - [25/Nov/2024:07:52:46 -0300] "HEAD / HTTP/1.1" 302 - "http://caballoscriollos.com/" "Mozilla/5.0+(compatible; UptimeRobot/2.0; http://www.uptimerobot.com/)"
216.244.66.198 - - [25/Nov/2024:07:55:27 -0300] "GET /robots.txt HTTP/1.1" 302 223 "-" "Mozilla/5.0 (compatible; DotBot/1.2; +https://opensiteexplorer.org/dotbot; help@moz.com)"
216.244.66.198 - - [25/Nov/2024:07:55:27 -0300] "GET /robots.txt HTTP/1.1" 302 223 "-" "Mozilla/5.0 (compatible; DotBot/1.2; +https://opensiteexplorer.org/dotbot; help@moz.com)"
114.119.134.155 - - [25/Nov/2024:07:56:12 -0300] "GET /espanol/library/html_editor/themes/simple/img/?C=S%3BO%3DA HTTP/1.1" 302 271 "http://www.caballoscriollos.com/espanol/library/html_editor/themes/simple/img/?C=D%3BO%3DA" "Mozilla/5.0 (Linux; Android 7.0;) AppleWebKit/537.36 (KHTML, like Gecko) Mobile Safari/537.36 (compatible; PetalBot;+https://webmaster.petalsearch.com/site/petalbot)"
57.141.3.16 - - [25/Nov/2024:07:57:26 -0300] "GET /espanol/noticias_detalle.php?noticiasID=2291 HTTP/1.1" 302 257 "-" "meta-externalagent/1.1 (+https://developers.facebook.com/docs/sharing/webmasters/crawler)"
69.162.124.231 - - [25/Nov/2024:07:57:46 -0300] "HEAD / HTTP/1.1" 302 - "http://caballoscriollos.com/" "Mozilla/5.0+(compatible; UptimeRobot/2.0; http://www.uptimerobot.com/)"
114.119.133.53 - - [25/Nov/2024:08:00:21 -0300] "GET /espanol/library/PHPExcel/Examples/data/?C=D%3BO%3DA HTTP/1.1" 302 264 "http://www.caballoscriollos.com/espanol/library/PHPExcel/Examples/data/?C=N%3BO%3DD" "Mozilla/5.0 (Linux; Android 7.0;) AppleWebKit/537.36 (KHTML, like Gecko) Mobile Safari/537.36 (compatible; PetalBot;+https://webmaster.petalsearch.com/site/petalbot)"
69.162.124.231 - - [25/Nov/2024:08:02:46 -0300] "HEAD / HTTP/1.1" 302 - "http://caballoscriollos.com/" "Mozilla/5.0+(compatible; UptimeRobot/2.0; http://www.uptimerobot.com/)"
114.119.134.155 - - [25/Nov/2024:08:04:30 -0300] "GET /espanol/library/html_editor/plugins/searchreplace?C=N%3BO%3DD HTTP/1.1" 302 274 "http://www.caballoscriollos.com/espanol/library/html_editor/plugins/searchreplace?C=S%3BO%3DA" "Mozilla/5.0 (Linux; Android 7.0;) AppleWebKit/537.36 (KHTML, like Gecko) Mobile Safari/537.36 (compatible; PetalBot;+https://webmaster.petalsearch.com/site/petalbot)"
51.222.253.18 - - [25/Nov/2024:08:06:40 -0300] "GET /espanol/boletin_electronico_detalle.php?newsletterID=127 HTTP/1.1" 302 269 "-" "Mozilla/5.0 (compatible; AhrefsBot/7.0; +http://ahrefs.com/robot/)"
69.162.124.231 - - [25/Nov/2024:08:07:46 -0300] "HEAD / HTTP/1.1" 302 - "http://caballoscriollos.com/" "Mozilla/5.0+(compatible; UptimeRobot/2.0; http://www.uptimerobot.com/)"
114.119.150.90 - - [25/Nov/2024:08:08:41 -0300] "GET /_recursos/cabanias/thumb/6240_20101022103002.jpg HTTP/1.1" 302 261 "-" "Mozilla/5.0 (Linux; Android 7.0;) AppleWebKit/537.36 (KHTML, like Gecko) Mobile Safari/537.36 (compatible; PetalBot;+https://webmaster.petalsearch.com/site/petalbot)"
178.128.18.104 - - [25/Nov/2024:08:08:55 -0300] "GET /events/wp-login.php HTTP/1.1" 302 232 "-" "Mozilla/5.0 (X11; Ubuntu; Linux x86_64; rv:62.0) Gecko/20100101 Firefox/62.0"
51.222.253.5 - - [25/Nov/2024:08:11:41 -0300] "GET /espanol/noticias_detalle.php?noticiasID=3827 HTTP/1.1" 302 257 "-" "Mozilla/5.0 (compatible; AhrefsBot/7.0; +http://ahrefs.com/robot/)"
69.162.124.231 - - [25/Nov/2024:08:12:46 -0300] "HEAD / HTTP/1.1" 302 - "http://caballoscriollos.com/" "Mozilla/5.0+(compatible; UptimeRobot/2.0; http://www.uptimerobot.com/)"
66.249.79.224 - - [25/Nov/2024:08:17:23 -0300] "GET /robots.txt HTTP/1.1" 302 223 "-" "Mozilla/5.0 (compatible; Googlebot/2.1; +http://www.google.com/bot.html)"
66.249.79.225 - - [25/Nov/2024:08:17:25 -0300] "GET /espanol/pop_ver_foto.php?img=../_recursos/noticias/big/3661_20090803110901.jpg&epi= HTTP/1.1" 302 300 "-" "Mozilla/5.0 (Linux; Android 6.0.1; Nexus 5X Build/MMB29P) AppleWebKit/537.36 (KHTML, like Gecko) Chrome/131.0.6778.69 Mobile Safari/537.36 (compatible; Googlebot/2.1; +http://www.google.com/bot.html)"
69.162.124.231 - - [25/Nov/2024:08:17:46 -0300] "HEAD / HTTP/1.1" 302 - "http://caballoscriollos.com/" "Mozilla/5.0+(compatible; UptimeRobot/2.0; http://www.uptimerobot.com/)"
Mr. DellatioNx196 GaLers xh3LL Backd00r 1.0, Coded By Mr. DellatioNx196 - Bogor BlackHat